--
-- Host: localhost    Database: db_el2016
-- ------------------------------------------------------


--
-- Table structure for table `list_module`
--

CREATE TABLE `list_module` (
  `module_id` int(11) NOT NULL AUTO_INCREMENT,
  `module_titre` varchar(100) NOT NULL DEFAULT '',
  `module_objectifs` text NOT NULL,
  `module_duree` smallint(5) NOT NULL DEFAULT '0',
  `auteur_id` int(11) NOT NULL DEFAULT '0',
  `code` varchar(20) NOT NULL DEFAULT '',
  `domaine_id` int(11) NOT NULL DEFAULT '0',
  `matiere_id` int(11) NOT NULL DEFAULT '0',
  KEY `module_id` (`module_id`)
) ENGINE=MyISAM AUTO_INCREMENT=240 DEFAULT CHARSET=latin1;

--
-- Dumping data for table `list_module`
--

INSERT INTO `list_module` VALUES (30,'Intermediate Verbs and Tenses test','',0,-1,'M30',6,5),(31,'Intermediate Syntax','',0,-1,'M31',6,5),(32,'Vocabulary Library','',0,-1,'M32',6,8),(33,'Elementary Games','',0,-1,'M33',6,9),(34,'Newsletter of the month','',0,-1,'M34',4,1),(35,'Interesting Links','',0,-1,'M35',7,7),(36,'Dictionary and translators','',0,-1,'M36',8,6),(37,'TOEIC','',0,-1,'M37',0,0),(38,'Business Vocabulary','',0,-1,'M38',6,10),(40,'Advanced Games','',0,-1,'M40',6,9),(68,'Dictation for Beginners','',0,-1,'M68',6,9),(42,'Post-Intermediate Games','',0,-1,'M42',6,9),(43,'Pre-Intermediate Games','',0,-1,'M43',6,9),(44,'Beginner Syntax','',0,-1,'M44',6,5),(45,'Elementary Verbs and Tenses','',0,-1,'M45',6,5),(46,'Advanced Syntax','',0,-1,'M46',6,5),(47,'Advanced Verbs and Tenses','',0,-1,'M47',6,5),(48,'Post-Intermediate Syntax (New)','',0,-1,'M48',6,5),(49,'Pre-Intermediate Verbs and tenses','',0,-1,'M49',6,5),(50,'Pre-Intermediate Syntax','',0,-1,'M50',6,5),(51,'Post-Intermediate Verbs and Tenses','',0,-1,'M51',6,5),(52,'Elementary Vocabulary','',0,-1,'M52',6,8),(53,'Pre-Intermediate Vocabulary','',0,-1,'M53',6,8),(54,'General Intermediate Vocabulary','',0,-1,'M54',6,8),(55,'Post-Intermediate Vocabulary','',0,-1,'M55',6,8),(56,'Advance Vocabulary','',0,-1,'M56',6,8),(84,'Sintaxis A1','',0,-1,'M84',6,11),(85,'EL verbo A1','',0,-1,'M85',6,11),(60,'Intermediate Reading','',0,-1,'M60',6,9),(62,'Intermediate Games','',0,-1,'',6,9),(63,'Human Resources','',0,-1,'M63',6,10),(64,'Business Themes','',0,-1,'M64',6,10),(65,'Trends and Figures','',0,-1,'M65',6,10),(86,'Comprensión Auditiva A1','',0,-1,'M86',6,11),(71,'POSTINTERMEDIATE','',0,-1,'M71',6,9),(70,'ADVANCED','',0,-1,'M70',6,9),(73,'PREINTERMEDIATE','',0,-1,'M73',6,9),(74,'ELEMENTARY','',0,-1,'M74',6,9),(192,'FLE AVANCEE','',0,-1,'M192',6,12),(193,'FLE INTERMEDIAIRE','',0,-1,'M193',6,12),(195,'FLE DEBUTANT','',0,-1,'M195',6,12),(79,'Audio y Lectura Intermediario','',0,-1,'M79',6,12),(80,'Andra','',0,-1,'M80',6,13),(82,'Vocabulario A1','',0,-1,'M82',6,11),(83,'Vocabulario A2','',0,-1,'M83',6,11),(88,'El alfabeto y la ortografía A','',0,-1,'M88',6,11),(151,'Herramientas linguisticas','',0,-1,'M151',8,15),(90,'Sintaxis A2','',0,-1,'M90',6,11),(91,'Ortografía A2','',0,-1,'M91',6,11),(92,'El verbo A2','',0,-1,'M92',6,11),(94,'Comprensión Auditiva A2','',0,-1,'M94',6,11),(95,'El verbo B1','',0,-1,'M95',6,11),(96,'El verbo B2','',0,-1,'M96',6,11),(97,'EL verbo C2','',0,-1,'M97',6,11),(98,'Tiempos verbales C1','',0,-1,'M98',6,11),(99,'Comprensión Auditiva B1','',0,-1,'M99',6,11),(100,'Comprensión Auditiva B2','',0,-1,'M100',6,11),(101,'Comprensión Auditiva C1','',0,-1,'M101',6,11),(102,'Comprensión Auditiva C2','',0,-1,'M102',6,11),(139,'Juegos avanzado','',0,-1,'M139',6,11),(108,'Sintaxis B1','',0,-1,'M108',6,11),(109,'Sintaxis B2','',0,-1,'M109',6,11),(110,'El verbo C1','',0,-1,'M110',6,11),(111,'Sintaxis C2','',0,-1,'M111',6,11),(112,'Vocabulario B1','',0,-1,'M112',6,11),(113,'Vocabulario B2','',0,-1,'M113',6,11),(114,'Vocabulario C1','',0,-1,'M114',6,11),(115,'Vocabulario C2','',0,-1,'M115',6,11),(116,'Intereses Generales, Económicos y Personales','',0,-1,'M116',7,15),(117,'Situaciones A1','',0,-1,'M117',6,11),(118,'Revisión y Exámenes A1','',0,-1,'M118',6,11),(119,'Revisión y Exámenes A2','',0,-1,'M119',6,11),(120,'Revisión y Exámenes B1','',0,-1,'M120',6,11),(121,'Revisión y Exámenes B2','',0,-1,'M121',6,11),(122,'Revisión y Exámenes C1','',0,-1,'M122',6,11),(123,'Revisión y Exámenes C2','',0,-1,'M123',6,11),(124,'Juegos de vocabulario A1','',0,-1,'M124',6,11),(125,'La Frase A1','',0,-1,'M125',6,11),(126,'La Frase A2','',0,-1,'M126',6,11),(127,'La Frase B1','',0,-1,'M127',6,11),(128,'La Frase B2','',0,-1,'M128',6,11),(129,'La Frase C1','',0,-1,'M129',6,11),(130,'La Frase C2','',0,-1,'M130',6,11),(131,'Sintaxis C1','',0,-1,'M131',6,11),(132,'Ortografía B1','',0,-1,'M132',6,11),(133,'Situaciones A2-B1','',0,-1,'M133',6,11),(134,'Situaciones B1','',0,-1,'M134',6,11),(136,'Revisión de los verbos del pasado indicativo','',0,-1,'M136',6,11),(137,'Juegos de vocabulario B2','',0,-1,'M137',6,11),(138,'Expresiones idiomáticas y refranes','',0,-1,'M138',6,11),(140,'Juegos de vocabulario A2','',0,-1,'M140',6,11),(141,'Intermediate Listening','',0,-1,'M141',6,9),(144,'Juegos de vocabulario B1','',0,-1,'M144',6,11),(146,'La_noticia_del_mes_2015','',0,-1,'M146',4,16),(152,'Herramientas linguisticas','',0,-1,'M152',4,14),(148,'Herramientas linguisticas','',0,-1,'M148',6,11),(154,'LINGUASKILL','',0,-1,'M154',6,0),(182,'Collectibles','',0,-1,'M182',0,0),(181,'Travelling','',0,-1,'M181',0,0),(180,'Theater','',0,-1,'M180',0,0),(158,'Intensive workshop','Intensive workshop',0,-1,'M158',6,0),(189,'FranÃ§ais Langue EtrangÃ¨re','',0,-1,'M189',0,0),(163,'Interesting News Events','',0,-1,'M163',4,1),(164,'Arts and Culture','',0,-1,'M164',7,7),(165,'Architecture','',0,-1,'M165',7,7),(166,'Cinema / Movies','',0,-1,'M166',7,7),(167,'Science and Technology','',0,-1,'M167',7,7),(168,'Dance','',0,-1,'M168',0,0),(169,'DIY, Home Improvement and Handmade','',0,-1,'M169',7,7),(170,'Family','',0,-1,'M170',0,0),(171,'Beauty and Cosmetics','',0,-1,'M171',7,7),(172,'Fashion, Clothes, Shoes and Jewellery','',0,-1,'M172',7,7),(173,'Gardening','',0,-1,'M173',0,0),(174,'Health and Lifestyle','',0,-1,'M174',7,7),(175,'Comedy, Humour and Funny Stuff','',0,-1,'M175',7,7),(176,'Books and Literature','',0,-1,'M176',7,7),(177,'Music','',0,-1,'M177',0,0),(178,'Sports and Outdoors','',0,-1,'M178',7,7),(179,'Politics','',0,-1,'M179',0,0),(183,'Cooking, Kitchen & Dining','',0,-1,'M183',7,7),(184,'Newsletter -Other Interesting Media','',0,-1,'M184',0,0),(187,'Pronunciation Tools','',0,-1,'M187',8,6),(186,'NEWS GLOSSARIES','',0,-1,'M186',4,1),(188,'What is my level?','',0,-1,'M188',8,6),(207,'Module Light 1-BeginnerTest 1','',0,-1,'M207',6,5),(208,'Module 1 test1 valerie','',0,-1,'M208',6,10),(209,'module 2 test 1 Valerie','',0,-1,'M209',6,10),(211,'Module test','',0,-1,'M211',0,0),(212,'Intermediate Verbs and Tenses','',0,-1,'',0,0),(213,'Intermediate Syntax test Sameera 3','',0,-1,'M213',6,0),(214,'Business Vocabulary','',0,-1,'',0,0),(223,'Intermediate verbs and tenses 1','',0,-1,'M223',6,0),(216,'Sameera verbs and tenses test','',0,-1,'M216',0,0),(217,'Post-Intermediate Verbs and Tenses (New)','',0,-1,'M217',6,0),(218,'Post-Intermediate Syntax (New)','',0,-1,'M218',6,0),(219,'General Post-Intermediate Vocabulary (New)','',0,-1,'M219',6,0),(220,'Post-Intermediate Business Vocabulary (New)','',0,-1,'M220',6,0),(221,'Post-Intermediate Writing & Reading (New)','',0,-1,'M221',6,0),(222,'Post-Intermediate Speaking & Listening (New)','',0,-1,'M222',6,0),(224,'Preposition1','',0,-1,'M224',0,0),(225,'Intermediate Syntax 1 new','',0,-1,'M225',6,0),(226,'Comparative and Superlatives Adjectives new','',0,-1,'M226',0,0),(227,'FOR AND SINCE NEW','',0,-1,'M227',0,0),(228,'Intermediate Business Vocabulary','',0,-1,'M228',6,0),(229,'Intermediate Reading New','',0,-1,'M229',6,0),(230,'Intermediate General Vocabulary New','',0,-1,'M230',6,0),(231,'Advanced Verbs and Tenses (New)','',0,-1,'M231',6,0),(232,'Advanced Syntax (New)','',0,-1,'M232',6,0),(233,'Advanced General Vocabulary (New)','',0,-1,'M233',6,0),(234,'Advanced Business Vocabulary (New)','',0,-1,'M234',6,0),(235,'Advanced Listening and Speaking (New)','',0,-1,'M235',6,0),(236,'Advanced Writing and Speaking (New)','',0,-1,'M236',6,0),(230,'','',0,0,'',6,0),(237,'Beginner Syntax New','',0,-1,'M237',0,0),(238,'Beginner Verbs and Tenses','',0,-1,'M238',0,0);

--
-- Table structure for table `list_parcours`
--

CREATE TABLE `list_parcours` (
  `parcours_id` int(11) NOT NULL AUTO_INCREMENT,
  `parcours_titre` varchar(100) NOT NULL DEFAULT '',
  `parcours_objectifs` text NOT NULL,
  `parcours_duree` smallint(5) NOT NULL DEFAULT '0',
  `parcours_type` varchar(4) NOT NULL DEFAULT '',
  `auteur_id` int(11) NOT NULL DEFAULT '0',
  `code` varchar(20) NOT NULL DEFAULT '',
  `domaine_id` int(11) NOT NULL DEFAULT '0',
  `matiere_id` int(11) NOT NULL DEFAULT '0',
  KEY `module_id` (`parcours_id`)
) ENGINE=MyISAM AUTO_INCREMENT=70 DEFAULT CHARSET=latin1;

--
-- Dumping data for table `list_parcours`
--

INSERT INTO `list_parcours` VALUES (54,'parcours1 test 1 Valerie','',0,'0',-1,'P54',6,10),(13,'Advance Training','les cours avancés',0,'0',-1,'P13',6,0),(14,'Elementary Training','Elementary Level',0,'0',-1,'P14',6,0),(15,'Intermediate Training','Intermediate Training',0,'0',-1,'P15',6,0),(16,'Post Intermediate Training','Post Intermediate Training',0,'0',-1,'P16',6,0),(17,'Pre-Intermediate Training','Pre-Intermediate Training',0,'0',-1,'P17',6,0),(18,'DEBUTANT','',0,'0',-1,'P18',6,12),(20,'Andra','',0,'0',-1,'P20',6,13),(24,'Espagnol A2','',0,'0',-1,'P24',6,11),(23,'Espagnol A1','',0,'0',-1,'P23',6,11),(25,'Espagnol B1','',0,'0',-1,'P25',6,11),(26,'Espagnol B2','',0,'0',-1,'P26',6,11),(27,'Espagnol C1','',0,'0',-1,'P27',6,11),(28,'Espagnol C2','',0,'0',-1,'P28',6,11),(29,'Modele Schandeler','',0,'0',-1,'P29',6,0),(32,'Demo Espagnol','',0,'0',-1,'P32',6,11),(34,'Intermediate Vero','',0,'0',-1,'',0,0),(36,'Personal work -test','demo purposes only',0,'0',-1,'P36',0,0),(37,'LINGUASKILL','LINGUASKILL',0,'0',-1,'LINGUASKILL',6,0),(49,'AVANCEE','',0,'0',-1,'P49',6,12),(48,'INTERMEDIAIRE','',0,'0',-1,'P48',6,12),(45,'Newsletter January 2016','',0,'0',-1,'P45',0,0),(46,'personal links','Parcours avec personal interest',0,'0',-1,'P46',7,7),(47,'Other Interesting News','',0,'0',-1,'P47',4,1),(53,'parcours beginner light- test 1','',0,'0',-1,'P53',6,10),(65,'Intermediate (New)','',0,'0',-1,'P65',6,0),(66,'Intermediate Syntax 1','',0,'0',-1,'P66',6,0),(62,'Post-Intermediate (New)','',0,'0',-1,'P62',6,0),(67,'Advanced Training (New)','',0,'0',-1,'P67',6,0),(68,'Beginner Level New','',0,'0',-1,'P68',6,0),(69,'EN','',0,'0',-1,'P69',8,0);

--
-- Table structure for table `list_sequence`
--

CREATE TABLE `list_sequence` (
  `sequence_id` int(11) NOT NULL AUTO_INCREMENT,
  `sequence_titre` varchar(100) NOT NULL DEFAULT '',
  `sequence_objectifs` text NOT NULL,
  `sequence_duree` varchar(20) NOT NULL DEFAULT '0',
  `repertoire` varchar(254) NOT NULL DEFAULT '',
  `auteur_id` int(11) NOT NULL DEFAULT '0',
  `code` varchar(20) NOT NULL DEFAULT '',
  `domaine_id` int(11) NOT NULL DEFAULT '0',
  `matiere_id` int(11) NOT NULL DEFAULT '0',
  KEY `sequence_id` (`sequence_id`)
) ENGINE=MyISAM AUTO_INCREMENT=10155 DEFAULT CHARSET=latin1;

--
-- Dumping data for table `list_sequence`
--

INSERT INTO `list_sequence` VALUES (7,'Archive des lettres d\'information','','0','',-1,'S07',0,0),(6,'Newsletter of the month','','0','',-1,'S06',4,0),(8,'Energy Edition Newsletter Archive','','0','',-1,'S08',0,0),(10,'Linguistic Tools','These  web-based tools are a must in situations with written english. Use them to accelerate your leaning of new syntax structures and vocabulary you\'re interested in.\r\n\r\nYou\'ll also find them useful with the reading section.','0','',-1,'S10',8,0),(11,'Outils linguistiques','Les nouvelles technologies au service de l\'apprentissage des langues.\r\n\r\nCes outils basés web sont inestimables en situation de communication écrite. Utilisez-les \r\npour accélerer votre apprentissage des syntaxes et des champs lexicaux qui vous intéressent.\r\n\r\nIls vous seront également utiles dans la section lecture.','0','',-1,'S11',8,6),(12,'General Events','','0','',-1,'S12',0,0),(13,'Business and Industry News','','0','',-1,'S13',7,7),(14,'Sports','','0','',-1,'S14',7,7),(15,'Women\'s Interest Magazine','','0','',-1,'S15',7,7),(16,'Lifestyle','','0','',-1,'S16',7,7),(17,'Musique','','0','',-1,'S17',0,0),(18,'Sport','','0','',-1,'S18',0,0),(19,'Presse écrite','','0','',-1,'S19',0,0),(20,'Cuisine et gastronomie','','0','',-1,'S20',0,0),(21,'Activities about elementary vocabulary','','0','',-1,'S21',0,0),(22,'Beginner reading exercises','Selected online reading exercices','0','',-1,'S22',0,0),(23,'Beginner listening exercises','Download RealPlayer from the \'Support\' link if needed.','0','',-1,'S23',0,0),(24,'Beginner Games, crossword and puzzles','Interesting games and fun exercises for beginners','0','',-1,'S24',0,0),(25,'Intermediate Reading','','0','',-1,'S25',0,0),(26,'Intermediate Listening','Download and install RealPlayer if needed by following the \'support\' link.','0','',-1,'S26',0,0),(27,'Intermediate Vocabulary','','0','',-1,'S27',0,0),(28,'Intermediate Games','Selection of funny exercises','0','',-1,'S28',0,0),(29,'Advanced Reading','Selected online articles and reading exercices','0','',-1,'S29',0,0),(30,'Advanced Listening','Selected online listening exercices\r\n\r\nDownload and install Realplayer if needed by following the \'support\' link on the left.','0','',-1,'S30',0,0),(31,'Advanced Vocabulary','Enhance your vocabulary','0','',-1,'S31',0,0),(32,'Advanced Games','Selection of funny exercises','0','',-1,'S32',0,0),(74,'Simple Present vs Present Continuous (Post-Intermediate)','','0','',-1,'S74',6,0),(73,'Regular & Irregular verbs','','0','',-1,'S73',0,0),(76,'Questions words (intermediate)','','0','',-1,'S76',0,0),(75,'Used to','','0','',-1,'S75',0,0),(78,'For / since / ago (intermediate)','','0','',-1,'S78',0,0),(77,'Present perfect simple & continuous','','0','',-1,'S77',0,0),(39,'Past Newsletters','','0','',-1,'S39',4,1),(194,'Collocations','','0','',-1,'S194',0,0),(40,'To be','','0','',-1,'S40',0,0),(41,'Does / is / has','','0','',-1,'S41',0,0),(42,'Present Simple','','0','',-1,'S42',0,0),(43,'Present Continuous','','0','',-1,'S43',0,0),(44,'Present Continuous / Present Simple (Beginner)','','0','',-1,'S44',0,0),(45,'Simple past (Beginners)','','0','',-1,'S45',0,0),(46,'Past tenses','','0','',-1,'S46',0,0),(47,'Reported Speech','','0','',-1,'S47',0,0),(48,'Future','','0','',-1,'S48',0,0),(49,'Irregular verbs','','0','',-1,'S49',0,0),(50,'Past Continuous (Beginner)','','0','',-1,'S50',0,0),(51,'Revision + Imperative','','0','',-1,'S51',0,0),(52,'Determiners (A, an, the, some, any, no)','','0','',-1,'S52',0,0),(53,'A / an / some /any','','0','',-1,'S53',0,0),(54,'An / The','','0','',-1,'S54',0,0),(10091,'Todo List','','0','',-1,'S10080',0,0),(56,'This / That / These / Those','','0','',-1,'S56',0,0),(57,'Plurals','','0','',-1,'S57',0,0),(58,'Questions','','0','',-1,'S58',0,0),(59,'Adjectives','','0','',-1,'S59',0,0),(60,'Adverbs','','0','',-1,'S60',0,0),(61,'Adjectives / Adverbs','','0','',-1,'S61',0,0),(62,'Comparative / Superlative (Beginner)','','0','',-1,'S62',0,0),(63,'Possessive','','0','',-1,'S63',0,0),(64,'Pronouns','','0','',-1,'S64',0,0),(66,'Comparative / Superlative','','0','',-1,'S66',0,0),(67,'Determiners','(articles, possessive pronouns, many…)','0','',-1,'S67',0,0),(68,'Prepositions','','0','',-1,'S68',0,0),(69,'For / since / ago','','0','',-1,'S69',0,0),(71,'Countable / uncountable','','0','',-1,'S71',0,0),(72,'Tag questions','','0','',-1,'S72',0,0),(79,'Articles','','0','',-1,'S79',0,0),(80,'Plurals / mass & count nouns','','0','',-1,'S80',0,0),(81,'Frequency Adverbs','','0','',-1,'S81',0,0),(82,'Adverb Clauses','','0','',-1,'S82',0,0),(83,'Adjectives - Adjective clauses (Which, that, who...)','','0','',-1,'S83',0,0),(84,'Prepositions (Intermediate)','','0','',-1,'S84',0,0),(85,'Prepositional phrases','','0','',-1,'S85',0,0),(87,'Past Continuous (Intermediate)','','0','',-1,'S87',0,0),(88,'Pronouns (Intermediate)','','0','',-1,'S88',0,0),(89,'Comparative and superlative adjectives','','0','',-1,'S89',0,0),(90,'Past simple & Present perfect (Intermediate)','','0','',-1,'S90',0,0),(91,'Future / Present Continuous','','0','',-1,'S91',0,0),(186,'Marketing','','0','',-1,'S186',0,0),(187,'Logistics','','0','',-1,'S187',0,0),(156,'Beginner Vocabulary (+ audio)','','0','',-1,'S156',0,0),(94,'Conditional','','0','',-1,'S94',0,0),(95,'Modals','Express necessity, advice, permission, possibility and prohibition.','0','',-1,'S95',0,0),(96,'Phrasal verbs','','0','',-1,'S96',0,0),(97,'Past perfect','','0','',-1,'S97',0,0),(98,'Passive Voice','','0','',-1,'S98',0,0),(100,'Do / Make / Take','','0','',-1,'S100',0,0),(101,'Say / Tell','','0','',-1,'S101',0,0),(102,'Infinitive / Gerund (Intermediate)','','0','',-1,'S102',0,0),(103,'Conjunction','','0','',-1,'S103',0,0),(104,'Still / Yet / Already','','0','',-1,'S104',0,0),(106,'Vocabulary (Intermediate Grammar v2)','','0','',-1,'S106',0,0),(107,'Numbers & Maths','','0','',-1,'S107',7,7),(108,'Telling the time and date','','0','',-1,'S108',0,0),(109,'Dollars & Cents','','0','',-1,'S109',0,0),(110,'Days of the week','','0','',-1,'S110',0,0),(158,'Confusing words','','0','',-1,'S158',0,0),(113,'Proverbs','','0','',-1,'S113',0,0),(115,'Mixed tenses (2)','','0','',-1,'S115',0,0),(116,'General Tests','','0','',-1,'S116',0,0),(117,'Themes','Oral communication','0','',-1,'S117',0,0),(10081,'My database documents','','0','',-1,'S10081',0,0),(10082,'My documents signed','','0','',-1,'S10082',0,0),(119,'Advanced Syntax','(ex)=Exercise\r\n(q)=Questions\r\n(g)=Game','0','',-1,'S119',0,0),(125,'This / That / These / Those','','0','',-1,'S125',0,0),(126,'Web sites for you','Presentation HS','0','',-1,'S126',7,7),(127,'Glossaire en ligne KPMG','Cet outil contient plus de 89.000 termes et expressions usuelles et moins usuelles, utilisables dans des contextes professionnels précis.\r\n\r\nIl est enrichi en permanence grâce à l\'analyse des documents que vous nous faites parvenir.','0','',-1,'S127',0,0),(128,'Cooking','','0','',-1,'S128',7,7),(129,'DIY','','0','',-1,'S129',7,7),(130,'Music','','0','',-1,'S130',7,7),(131,'Arts','','0','',-1,'S131',7,7),(132,'Gardening','','0','',-1,'S132',7,7),(133,'Sports','','0','',-1,'S133',7,7),(134,'Science','','0','',-1,'S134',7,7),(135,'Computer Science','','0','',-1,'S135',7,7),(136,'Travelling','','0','',-1,'S136',7,7),(137,'Health / Medicine','','0','',-1,'S137',7,7),(10078,'Teste boris','','0','',-1,'S10078',0,0),(139,'Cinema / Movies','','0','',-1,'S139',7,7),(140,'Nature','','0','',-1,'S140',7,7),(141,'Pronunciation','','0','',-1,'S141',0,0),(142,'Theater','','0','',-1,'S142',7,7),(143,'Dance','','0','',-1,'S143',7,7),(144,'Glossaire en ligne','','0','',-1,'S144',0,0),(146,'Linguistic tools (HR)','','0','',-1,'S146',0,0),(147,'Stamp collecting','','0','',-1,'S147',7,7),(148,'Politics','','0','',-1,'S148',7,7),(149,'Top 10 hottest links','','0','',-1,'S149',0,0),(151,'Glossary','','0','',-1,'S151',0,0),(152,'Business Idioms','','0','',-1,'S152',0,0),(153,'Vocabulary Library','','0','',-1,'S153',0,0),(154,'Test yourself 2','','0','',-1,'S154',8,6),(155,'General Idioms','','0','',-1,'S155',0,0),(157,'Speak / Talk','','0','',-1,'S157',0,0),(159,'Telephone Tips','','0','',-1,'S159',0,0),(160,'News articles','','0','',-1,'S160',7,7),(161,'Pre-intermediate Reading','','0','',-1,'S161',0,0),(162,'Gerund','','0','',-1,'S162',0,0),(163,'Human Resources','','0','',-1,'S163',0,0),(164,'Presentation tips','','0','',-1,'S164',0,0),(165,'Test yourself 1','','0','',-1,'S165',8,6),(166,'TOEIC preparation','','0','',-1,'S166',0,0),(167,'TOEFL Preparation','','0','',-1,'S167',0,0),(168,'Dictation','','0','',-1,'S168',0,0),(169,'Job application','','0','',-1,'S169',0,0),(170,'Business Letters and Email','','0','',-1,'S170',0,0),(172,'Law Vocabulary','','0','',-1,'S172',0,0),(173,'Accounting','','0','',7554,'S173',0,0),(174,'U.S. States','','0','',-1,'S174',7,7),(175,'Glossaire en ligne Unibail','','0','',-1,'S175',0,0),(177,'Booking Tips','','0','',-1,'S177',0,0),(178,'Linking Words','','0','',-1,'S178',0,0),(179,'Christmas and New Year\'s traditions','vocabulary about Christmas and New Year\'s day, songs, jokes, recipes, games and exercises','0','',-1,'S179',7,7),(180,'Finance Vocabulary','','0','',-1,'S180',7,7),(181,'Translation Tips','','0','',-1,'S181',0,0),(182,'US elections','','0','',-1,'S182',7,7),(183,'Subject-Verb Agreement','','0','',-1,'S183',0,0),(184,'Graphs and Charts','','0','',-1,'S184',0,0),(185,'Fishing','','0','',-1,'S185',7,7),(188,'Writing Reports Tips','','0','',-1,'S188',0,0),(189,'Negotiating tips','','0','',-1,'S189',7,7),(190,'Glossaire espagnol','','0','',-1,'Espagnol',6,11),(191,'Secretaries/ P.A.s','','0','',-1,'S191',0,0),(192,'Business Meetings','','0','',-1,'S192',0,0),(193,'Relative Clauses','','0','',-1,'S193',0,0),(195,'English for kids','','0','',-1,'S195',0,0),(196,'Contractions','','0','',-1,'S196',0,0),(197,'Humour','','0','',-1,'S197',7,7),(198,'Role Plays','','0','',-1,'S198',0,0),(199,'Discussions','','0','',-1,'S199',0,0),(200,'Compound Noun','','0','',-1,'S200',0,0),(201,'Fashion Design','','0','',-1,'S201',7,7),(202,'Conjugation','','0','',-1,'S202',0,0),(386,'Dictées','','0','',-1,'S386',0,0),(315,'Articles (FranÃ§ais)','','0','',-1,'S315',0,0),(316,'Comparaison (inter)','','0','',-1,'S316',0,0),(306,'Adjectifs','','0','',-1,'S306',6,12),(256,'Insurance Vocabulary','','0','',-1,'S256',0,0),(257,'Basics for Absolute Beginners','','0','',-1,'S257',0,0),(388,'Famille','','0','',-1,'S388',0,0),(389,'Plus-que-parfait','','0','',-1,'S389',0,0),(319,'Jeux (déb.)','','0','',-1,'S319',0,0),(317,'Comparaison (déb.)','','0','',-1,'S317',0,0),(387,'Temps (déb.)','','0','',-1,'S387',0,0),(314,'Adverbes','','0','',-1,'S314',6,12),(390,'Conditionnel','','0','',-1,'S390',0,0),(320,'Jeu (inter)','','0','',-1,'S320',0,0),(460,'Pre-intermediate listening','','0','',-1,'S460',0,0),(324,'Présent de l\'Indicatif','','0','',-1,'S324',0,0),(453,'Impératif','','0','',-1,'S453',0,0),(335,'Compréhension (déb.)','','0','',-1,'S335',0,0),(338,'Futur','','0','',-1,'S338',0,0),(339,'Imparfait','','0','',-1,'S339',0,0),(340,'Passé Simple','','0','',-1,'S340',0,0),(341,'Passé Composé','','0','',-1,'S341',0,0),(391,'Audio','','0','',-1,'S391',0,0),(456,'BULATS','Business Language Testing Service','0','',-1,'S456',0,0),(408,'Business Trips','','0','',-1,'S408',7,7),(501,'Subjonctif','','0','',-1,'S501',0,0),(426,'jca est','','0','',-1,'S426',0,0),(428,'Architecture','','0','',-1,'S428',7,7),(429,'Cosmetics vocabulary','','0','',-1,'S429',7,7),(430,'Real Estate Vocabulary','','0','',-1,'S430',7,7),(461,'TOEIC listening sessions','','0','',-1,'S461',0,0),(462,'TOEIC reading skills','','0','',-1,'S462',0,0),(463,'TOEIC vocabulary','','0','',-1,'S463',0,0),(467,'Jobs & Careers','','0','',-1,'S467',0,0),(469,'Prononciation (Fr)','','0','',-1,'S469',6,12),(470,'Engineering','','0','',-1,'S470',7,7),(478,'In a Shop','','0','',-1,'S478',7,7),(479,'Complementary booklets - Elementary','','0','',-1,'S479',0,0),(480,'Complementary booklets - Pre-intermediate','','0','',-1,'S480',0,0),(482,'Project Management','','0','',-1,'S482',0,0),(486,'Vocabulaire (déb)','','0','',-1,'S486',0,0),(487,'Renforcement','','0','',-1,'S487',0,0),(488,'Leçons de grammmaire','','0','',-1,'S488',0,0),(489,'Les accords grammaticaux','','0','',-1,'S489',0,0),(490,'Ponctuation','','0','',-1,'S490',0,0),(491,'Mots croisés','','0','',-1,'S491',0,0),(492,'jeux de conjugaison','','0','',-1,'S492',0,0),(493,'Révision générale','','0','',-1,'S493',0,0),(494,'Vérificateurs','','0','',-1,'S494',0,0),(495,'Communication écrite','','0','',-1,'S495',0,0),(496,'Jeux et tests','','0','',-1,'S496',0,0),(497,'Leçons d\'orthographe','','0','',-1,'S497',0,0),(498,'Tests','','0','',-1,'S498',0,0),(499,'Dictées','','0','',-1,'S499',0,0),(500,'Références','','0','',-1,'S500',0,0),(504,'Complementary booklets - Intermediate','','0','',-1,'S504',0,0),(505,'Complementary booklets - Post-intermediate','','0','',-1,'S505',0,0),(507,'Complementary booklets -Advanced','','0','',-1,'S507',0,0),(508,'Pronoms compléments','','0','',-1,'S508',0,0),(1,'EtherPad','','0','',-1,'S01',0,0),(509,'Alphalire','','0','',-1,'S509',0,0),(510,'Le Passif','','0','',-1,'S510',0,0),(511,'teste jc','','0','',-1,'S511',0,0),(514,'Actividades Situaciones','','0','',-1,'S514',6,12),(515,'Glossary Andra','','0','',-1,'S515',6,0),(516,'Tourism for professionals -Intermediate','','0','',-1,'S516',7,7),(517,'Tourism for professionals -Beginners','','0','',-1,'S517',7,7),(518,'Tourism for professionals - Pre-Intermediate','','0','',-1,'S518',7,7),(255,'Haber y Estar','','0','',-1,'S255',6,11),(206,'Prensa General','','0','',-1,'S206',6,11),(254,'Audio A3','','0','',-1,'S254',6,11),(211,'Diccionarios y Traductores','','0','',-1,'S211',6,11),(213,'Partículas Interrogativas','','0','',-1,'S213',6,11),(215,'Verbo Gustar','','0','',-1,'S215',6,11),(307,'Verbos Reflexivos B','','0','',-1,'S307',6,11),(216,'Pretérito Indefinido / Imperfecto B','','0','',-1,'S216',6,11),(217,'Futuro principiante','','0','',-1,'S217',6,11),(218,'Presente de Subjuntivo B2','','0','',-1,'S218',6,11),(219,'Frases condicionales C','','0','',-1,'S219',6,11),(220,'Preposiciones A2','','0','',-1,'S220',6,11),(250,'Condicional','','0','',-1,'S250',6,11),(222,'Gerundio A2','','0','',-1,'S222',6,11),(224,'Pretérito Indefinido','','0','',-1,'S224',6,11),(226,'Ser y Estar A2','','0','',-1,'S226',6,11),(228,'Pronombres Personales Sujeto','','0','',-1,'S228',6,11),(229,'Posesivos A1','','0','',-1,'S229',6,11),(231,'Artículos Definidos e Indefinidos','','0','',-1,'S231',6,11),(385,'Situaciones','','0','',-1,'S385',6,11),(312,'Pedir o Preguntar principiante','','0','',-1,'S312',6,11),(237,'Pronombres COD/COI A2','','0','',-1,'S237',6,11),(238,'Discurso Indirecto nivel avanzado','','0','',-1,'S238',6,11),(443,'Oraciones Temporales','','0','',-1,'S443',6,11),(240,'Pretérito Perfecto Principiante','','0','',-1,'S240',6,11),(241,'La Apócope','','0','',-1,'S241',6,11),(242,'Faux amis','','0','',-1,'S242',6,11),(243,'Por y Para Principiante','','0','',-1,'S243',6,11),(244,'Verbos Reflexivos A1','','0','',-1,'S244',6,11),(449,'Lectura y Comprensión avanzado','','0','',-1,'S449',6,11),(368,'Futuro B','','0','',-1,'S368',6,11),(246,'Pretérito Imperfecto de Subjuntivo','','0','',-1,'S246',6,11),(251,'Adverbios A1','','0','',-1,'S251',6,11),(258,'Comparativos y Superlativos','','0','',-1,'S258',6,11),(260,'El Sustantivo A1','','0','',-1,'S260',6,11),(261,'Pretérito Imperfecto','','0','',-1,'S261',6,11),(420,'Pronombres Indefinidos A2-B1','','0','',-1,'S420',6,11),(264,'Conectores','','0','',-1,'S264',6,11),(265,'Verbos de Cambio','','0','',-1,'S265',6,11),(266,'Verbos de Obligación','','0','',-1,'S266',6,11),(267,'¿Cómo traducir DONT? Intermediario','','0','',-1,'S267',6,11),(268,'Encore et Toujours','','0','',-1,'S268',6,11),(395,'Extrañar y Faltar','','0','',-1,'S395',6,11),(358,'Tests Principiantes','','0','',-1,'S358',6,11),(271,'La Hipótesis','','0','',-1,'S271',6,11),(272,'Imperativo Intermediario','','0','',-1,'S272',6,11),(273,'¿Cómo traducir MAIS?','','0','',-1,'S273',6,11),(274,'Mientras','','0','',-1,'S274',6,11),(275,'Muy y Mucho','','0','',-1,'S275',6,11),(276,'¿Cómo traducir \'On\'?','','0','',-1,'S276',6,11),(278,'Lectura y Comprensión inicial','','0','',-1,'S278',6,11),(572,'Examenes A1','','0','',-1,'S572',6,11),(281,'Imperativo avanzado','','0','',-1,'S281',6,11),(283,'Juegos Principiante A1','','0','',-1,'S283',6,11),(284,'La Cocina Española','','0','',-1,'S284',6,11),(287,'Presente de Indicativo A2','','0','',-1,'S287',6,11),(288,'Vocabulario Intermedio','','0','',-1,'S288',6,11),(289,'Demostrativos','','0','',-1,'S289',6,11),(375,'Léxico de Transporte turístico','','0','',-1,'S375',6,11),(355,'Otras Páginas Web','','0','',-1,'S355',6,11),(290,'Adjetivos A1','','0','',-1,'S290',6,11),(300,'Por y Para intermediario','','0','',-1,'S300',6,11),(302,'Lectura y Comprensión intermediario','','0','',-1,'S302',6,11),(308,'Pretérito Perfecto B1','','0','',-1,'S308',6,11),(309,'Pretérito Perfecto de Subjuntivo','','0','',-1,'S309',6,11),(310,'Alfabeto: pronunciación de vocales y consonantes','','0','',-1,'S310',6,11),(323,'Preposiciones Intermediario','','0','',-1,'S323',6,11),(448,'Negocios Avanzado','','0','',-1,'S448',6,11),(327,'Juegos intermediario','','0','',-1,'S327',6,11),(328,'Ortografía Avanzado','','0','',-1,'S328',6,11),(329,'Imperativo A2','','0','',-1,'S329',6,11),(415,'Practica los Tiempos Verbales','','0','',-1,'S415',6,11),(454,'Negocios Principiante','','0','',-1,'S454',6,11),(359,'Actividades Situaciones A2-B1','','0','',-1,'S359',6,11),(336,'Comparacion intermediario','','0','',-1,'S336',6,11),(342,'Los Números','','0','',-1,'S342',6,11),(343,'La Hora','','0','',-1,'S343',6,11),(344,'El Cuerpo Humano','','0','',-1,'S344',6,11),(345,'Los Colores','','0','',-1,'S345',6,11),(346,'La Ropa','','0','',-1,'S346',6,11),(347,'Profesiones','','0','',-1,'S347',6,11),(348,'Paises y Nacionalidades','','0','',-1,'S348',6,11),(349,'La Familia','','0','',-1,'S349',6,11),(350,'Los Alimentos','','0','',-1,'S350',6,11),(351,'La Oficina','','0','',-1,'S351',6,11),(352,'El Tiempo','','0','',-1,'S352',6,11),(353,'La Casa','','0','',-1,'S353',6,11),(354,'El Ocio','','0','',-1,'S354',6,11),(360,'Negocios y Economia','','0','',-1,'S360',6,11),(361,'La Noticia del Mes','','0','',-1,'S361',6,11),(362,'Deportes','','0','',-1,'S362',6,11),(366,'Tests avanzado','','0','',-1,'S366',6,11),(367,'Tests intermediario','','0','',-1,'S367',6,11),(374,'Conjugador de Verbos','','0','',-1,'S374',6,11),(376,'Negocios2','','0','',-1,'S376',6,11),(378,'Television y Radio','','0','',-1,'S378',6,11),(379,'Animales','','0','',-1,'S379',6,11),(380,'Deportes Vocabulario','','0','',-1,'S380',6,11),(381,'La Ciudad, Tiendas y Transportes','','0','',-1,'S381',6,11),(382,'les caractères espagnols sur le clavier','','0','',-1,'S382',6,11),(396,'A ver o Haber','','0','',-1,'S396',6,11),(432,'lo+adj+que','','0','',-1,'S432',6,11),(588,'Por qué - Por que - Porqué - Porque','','0','',-1,'S588',6,11),(399,'Expresiones Idiomáticas (Avanzado)','','0','',-1,'S399',6,11),(434,'Los acentos','','0','',-1,'S434',6,11),(402,'Perífrasis Verbales','','0','',-1,'S402',6,11),(441,'La Negación (avanzado)','','0','',-1,'S441',6,11),(406,'Indefinido/Imperfecto Principiante','','0','',-1,'S406',6,11),(411,'Finanzas','','0','',-1,'S411',6,11),(412,'Expresiones Exclamativas','','0','',-1,'S412',6,11),(413,'Prefijos y Sufijos','','0','',-1,'S413',6,11),(414,'Profesiones intermediario','','0','',-1,'S414',6,11),(422,'Conjunciones y locuciones B','','0','',-1,'S422',6,11),(423,'Adverbios de Posición','','0','',-1,'S423',6,11),(424,'Futbol','','0','',-1,'S424',6,11),(452,'Vídeo articulación fonemas','','0','',-1,'S452',6,11),(436,'Concordancia de tiempos verbales en las frases subordinadas (avanzado)','','0','',-1,'S436',6,11),(438,'Preposiciones (avanzado)','','0','',-1,'S438',6,11),(440,'Por y Para (avanzado)','','0','',-1,'S440',6,11),(444,'Palabras Parónimas','','0','',-1,'S444',6,11),(445,'Juegos Avanzado','','0','',-1,'S445',6,11),(573,'Juegos de vocabulario B2','','0','',-1,'S573',6,11),(450,'Lecturas Ciencia y energía','','0','',-1,'S450',6,11),(455,'Pedir o Preguntar Intermediario','','0','',-1,'S455',6,11),(468,'Dictados','','0','',-1,'S468',6,11),(474,'Lectura Medio Ambiente','','0','',-1,'S474',6,11),(476,'Ausencia y presencia de la preposición DE','','0','',-1,'S476',6,11),(477,'Exámenes A2','','0','',-1,'S477',6,11),(481,'Uso de \'como\' (avanzado)','','0','',-1,'S481',6,11),(520,'También / Tampoco','','0','',-1,'S520',6,11),(521,'Presente Indicativo A1','','0','',-1,'S521',6,11),(522,'Ser y Estar A1','','0','',-1,'S522',6,11),(523,'Futuro próximo','','0','',-1,'S523',6,11),(525,'Audio A1','','0','',-1,'S525',6,11),(526,'Pronombres COD/COI','','0','',-1,'S526',6,11),(527,'Pronombres Relativos A1','','0','',-1,'S527',6,11),(528,'Pronombres relativos intermediario','','0','',-1,'S528',6,11),(529,'Preposiciones A1','','0','',-1,'S529',6,11),(530,'Frases A1','','0','',-1,'S530',6,11),(531,'Audio A2','','0','',-1,'S531',6,11),(532,'Revisión A1','','0','',-1,'S532',6,11),(534,'Revisión A2','','0','',-1,'S534',6,11),(535,'Preposiciones C1','','0','',-1,'S535',6,11),(536,'Preposiciones B2','','0','',-1,'S536',6,11),(537,'Preposiciones B1','','0','',-1,'S537',6,11),(562,'Adjetivos B1','','0','',-1,'S562',6,11),(541,'Mucho/a/os/as','','0','',-1,'S541',6,11),(542,'Demostrativos A2','','0','',-1,'S542',6,11),(543,'Posesivos A2','','0','',-1,'S543',6,11),(544,'El sustantivo A2','','0','',-1,'S544',6,11),(545,'Los artículos C1','','0','',-1,'S545',6,11),(546,'Los artículos A2','','0','',-1,'S546',6,11),(547,'El sustantivo B2','','0','',-1,'S547',6,11),(548,'El sustantivo B1','','0','',-1,'S548',6,11),(563,'Revisión B1','','0','',-1,'S563',6,11),(550,'Adverbios de cantidad A2','','0','',-1,'S550',6,11),(551,'Lecturas A2','','0','',-1,'S551',6,11),(589,'Vocabulario B2','','0','',-1,'S589',6,11),(553,'Ortografía B','','0','',-1,'S553',6,11),(555,'Tener que + infinitivo','','0','',-1,'S555',6,11),(556,'Ser y estar B1/B2','','0','',-1,'S556',6,11),(557,'Pret.Perfecto/Indefinido B','','0','',-1,'S557',6,11),(559,'Pretérito pluscuamperfecto B','','0','',-1,'S559',6,11),(560,'Presente de subjuntivo B1','','0','',-1,'S560',6,11),(567,'Audio B1','','0','',-1,'S567',6,11),(564,'Partículas interrogativas B1','','0','',-1,'S564',6,11),(566,'La casa B1','','0','',-1,'S566',6,11),(568,'Frases exclamativas B','','0','',-1,'S568',6,11),(569,'Actividades Situaciones A1','','0','',-1,'S569',6,11),(570,'Juegos B1','','0','',-1,'S570',6,11),(574,'Canciones B2','','0','',-1,'S574',6,11),(578,'Examen B1','','0','',-1,'S578',6,11),(579,'El subjuntivo II - C','','0','',-1,'S579',6,11),(603,'Refranes y expresiones','','0','',-1,'S603',6,11),(581,'Posesivos B','','0','',-1,'S581',6,11),(582,'Frases A2','','0','',-1,'S582',6,11),(583,'Frases Condicionales B2','','0','',-1,'S583',6,11),(584,'La Apócope B','','0','',-1,'S584',6,11),(585,'Conjunciones y locuciones C','','0','',-1,'S585',6,11),(586,'Frases Pasivas B','','0','',-1,'S586',6,11),(587,'Frases Pasivas C','','0','',-1,'S587',6,11),(590,'Pronombres indefinidos B2','','0','',-1,'S590',6,11),(591,'Tan/tanto/a/os/as - B2','','0','',-1,'S591',6,11),(592,'Artículos det/ind B2','','0','',-1,'S592',6,11),(593,'Adjetivos B2','','0','',-1,'S593',6,11),(594,'COD/COI B2','','0','',-1,'S594',6,11),(595,'Audio B2','','0','',-1,'S595',6,11),(596,'Audio C','','0','',-1,'S596',6,11),(629,'Extranjerismos/anglicismos','','0','',-1,'S629',6,11),(598,'Discurso indirecto B2','','0','',-1,'S598',6,11),(599,'Saber o conocer','','0','',-1,'S599',6,11),(600,'Creer/Crear/Criar','','0','',-1,'S600',6,11),(601,'Revisión B2','','0','',-1,'S601',6,11),(606,'Adverbios C1','','0','',-1,'S606',6,11),(607,'Frases subordinadas','','0','',-1,'S607',6,11),(610,'Frases comparativas C','','0','',-1,'S610',6,11),(609,'El subjuntivo I - C','','0','',-1,'S609',6,11),(611,'Audios de los tiempos del pasado','','0','',-1,'S611',6,11),(612,'Frases concesivas','','0','',-1,'S612',6,11),(613,'espagnol','','0','',-1,'S613',6,11),(616,'Juegos A2','','0','',-1,'S616',6,11),(617,'Adjetivos C1','','0','',-1,'S617',6,11),(618,'Adverbios en -mente','','0','',-1,'S618',6,11),(619,'Adverbios de negación A2','','0','',-1,'S619',6,11),(620,'Frases negativas A2','','0','',-1,'S620',6,11),(621,'\'La gente\'','','0','',-1,'S621',6,11),(622,'Más y menos','','0','',-1,'S622',6,11),(623,'Frases comparativas A2','','0','',-1,'S623',6,11),(624,'Interrogativas indirectas','','0','',-1,'S624',6,11),(625,'Frases interrogativas A2','','0','',-1,'S625',6,11),(626,'Verbos reflexivos A2','','0','',-1,'S626',6,11),(627,'Discurso indirecto B1','','0','',-1,'S627',6,11),(628,'Frases impersonales B','','0','',-1,'S628',6,11),(630,'Palabras compuestas B','','0','',-1,'S630',6,11),(631,'HOLA','','0','',-1,'S631',0,0),(632,'futuroooooo','','0','',-1,'S632',6,11),(633,'Tests on line','','0','',-1,'S633',6,11),(634,'La_noticia_del_mes_2015','','0','',-1,'S634',6,11),(636,'52 fichas nivel B','','0','',-1,'S636',6,11),(637,'BULATS GRAMMAR','','0','',-1,'S637',0,0),(639,'BULATS VOCABULARY','','0','',-1,'S639',0,0),(644,'Monday 1','','0','',-1,'S644',6,10),(645,'Tuesday 1','','0','',-1,'S645',6,10),(646,'Wednesday 1','','0','',-1,'S646',6,10),(647,'Thursday 1','','0','',-1,'S647',6,10),(649,'Tuesday 2','','0','',-1,'S649',6,10),(650,'Wednesday 2','','0','',-1,'S650',6,10),(651,'Thursday 2','','0','',-1,'S651',6,10),(652,'Friday 2','','0','',-1,'S652',6,10),(653,'Monday 3','','0','',-1,'S653',6,10),(654,'Monday 4','','0','',-1,'S654',6,10),(655,'Monday 5','','0','',-1,'S655',6,10),(656,'Tuesday 3','','0','',-1,'S656',6,10),(657,'Tuesday 4','','0','',-1,'S657',0,0),(658,'Tuesday 5','','0','',-1,'S658',6,10),(659,'Wednesday 3','','0','',-1,'S659',6,10),(660,'Wednesday 4','','0','',-1,'S660',6,10),(661,'Wednesday 5','','0','',-1,'S661',6,10),(662,'Thursday 3','','0','',-1,'S662',6,10),(663,'Thursday 4','','0','',-1,'S663',6,10),(664,'Thursday 5','','0','',-1,'S664',6,10),(665,'Friday 3','','0','',-1,'S665',6,10),(666,'Friday 4','','0','',-1,'S666',6,10),(667,'Friday 5','','0','',-1,'S667',6,10),(668,'Monday 2','','0','',-1,'S668',6,10),(669,'BULATS- Your personal access','','0','',-1,'S669',0,0),(9999,'Database Documents','','0','',-1,'S9999',0,0),(10001,'News in France','','0','',-1,'S10001',4,1),(10002,'World News','','0','',-1,'S10002',4,1),(10003,'Sports News','','0','',-1,'S10003',4,1),(10004,'Business/Tech News','','0','',-1,'S10004',4,1),(10005,'Science News','','0','',-1,'S10005',4,1),(10006,'Politics News','','0','',-1,'S10006',4,1),(10007,'Health News','','0','',-1,'S10007',7,7),(10008,'Fruits','','0','',-1,'S10008',7,7),(10009,'Action Movies','','0','',-1,'S10009',7,7),(10010,'Horror Movies','','0','',-1,'S10010',7,7),(10011,'Comedy Movies','','0','',-1,'S10011',7,7),(10012,'Drama Movies','','0','',-1,'S10012',7,7),(10013,'Science Fiction','','0','',-1,'S10013',7,7),(10014,'Historical Drama Movies','','0','',-1,'S10014',7,7),(10015,'Documentaries','','0','',-1,'S10015',7,7),(10017,'Olympic Games','','0','',-1,'S10017',7,7),(10018,'Rooms, Furniture and Objects in the House','','0','',-1,'S10018',7,7),(10019,'Family - for beginners','','0','',-1,'S10019',7,7),(10020,'School and Education','','0','',-1,'S10020',7,7),(10021,'Welcoming A New Baby','','0','',-1,'S10021',7,7),(10022,'TOEIC conseils a lire','','0','',-1,'S10022',0,0),(10077,'Teste','','0','',-1,'S10077',0,0),(10024,'Brexit News','','0','',-1,'S10024',4,1),(10025,'2017 France Election','','0','',-1,'S10025',4,1),(10026,'BREXIT','','0','',-1,'S10026',4,1),(10027,'Phonetics','','0','',-1,'S10027',8,6),(10028,'Test  Yourself','','0','',-1,'S10028',8,6),(10029,'Comparaison (dÃ©b.)','','0','',-1,'S10029',0,0),(10030,'ComprÃ©hension (dÃ©b.)','','0','',-1,'S10030',0,0),(10031,'ComprÃ©hension orale','','0','',-1,'S10031',0,0),(10032,'Conjugaison (dÃ©b.)','','0','',-1,'S10032',0,0),(10035,'DictÃ©es','','0','',-1,'S10035',0,0),(10050,'PrÃ©sent de l Indicatif','','0','',-1,'S10050',0,0),(10036,'Jeux (dÃ©b.)','','0','',-1,'S10036',0,0),(10037,'Outils linguistiques','','0','',-1,'S10037',0,0),(10038,'PassÃ© ComposÃ©','','0','',-1,'S10038',0,0),(10039,'PassÃ© Simple','','0','',-1,'S10039',0,0),(10040,'Presse Ã©crite','','0','',-1,'S10040',0,0),(10041,'Pronoms complÃ©ments','','0','',-1,'S10041',0,0),(10042,'Pronoms relatifs','','0','',-1,'S10042',0,0),(10043,'Quotidien (dÃ©b.)','','0','',-1,'S10043',0,0),(10044,'Vocabulaire (dÃ©b)','','0','',-1,'S10044',0,0),(10045,'Grammaire (dÃ©b.)','','0','',-1,'S10045',0,0),(10046,'Adjectifs','','0','',-1,'S10046',0,0),(10047,'Adverbes','','0','',-1,'S10047',0,0),(10051,'Audio (FLE)','','0','',-1,'S10051',0,0),(10052,'DictÃ©es (FLE)','','0','',-1,'S10052',0,0),(10053,'ImpÃ©ratif','','0','',-1,'S10053',0,0),(10054,'Eating Out','Contains Eating out vocabulary for social situations:\r\n1)Restaurants\r\n2)Fastfoods\r\n3)Cafes\r\n4)Drinks\r\n5)Party','0','',-1,'S10054',7,7),(10060,'Tutoriels','','0','',-1,'S10060',0,0),(10056,'Politics','','0','',-1,'S10056',7,7),(10058,'test infini infini','','0','',-1,'S10058',0,0),(10064,'Marketing','','0','',-1,'S10064',0,0),(10065,'Banking','','0','',-1,'S10065',7,7),(10066,'Diplomatic Language / polite interruptions','','0','',-1,'S10066',0,0),(10067,'Erq','','0','',-1,'S10067',6,9),(10069,'IDIOMS & PHRASES','','0','',-1,'S10069',0,0),(10070,'IDIOMS & PHRASES','','0','',-1,'S10070',0,0),(10071,'BUSINESS IDIOMS','','0','',-1,'S10071',0,0),(10072,'LEGAL TERMS','','0','',-1,'S10072',0,0),(10073,'Human Resource Management','','0','',-1,'S10073',0,0),(10074,'Business English in general','','0','',-1,'S10074',0,0),(10075,'Presentation','','0','',-1,'S10075',0,0),(10079,'Newsletter 2020','','0','',-1,'S10079',0,0),(10083,'My Training Objectives','','0','',-1,'S10083',0,0),(10084,'Liste audio','','0','',-1,'S10084',0,0),(10085,'My Glossary','','0','',-1,'S10085',0,0),(10086,'Newsletter','','0','',-1,'S10086',0,0),(10087,'Pedagogical Training','','0','',-1,'S10087',0,0),(10088,'Personal Interest','','0','',-1,'S10088',0,0),(10090,'Recherche','','0','',-1,'S10090',0,0),(10092,'My expressions','','0','',-1,'S10092',0,0),(10093,'Consultation des statistiques de connexion','','0','',-1,'S10093',0,0),(10094,'Glossaire Covid','','0','',-1,'S10094',0,0),(10095,'SEQUENCE TEST','','0','',-1,'S10095',0,0),(10098,'PRESENT TEST','','0','',-1,'S10098',0,0),(10099,'Preposition','','0','',-1,'S10099',0,0),(10100,'Business idioms','','0','',-1,'S10100',0,0),(10101,'Meeting','','0','',-1,'S10101',0,0),(10102,'TELEPHONING','','0','',-1,'S10102',0,0),(10103,'Past simple vs Present perfect (Post-Intermediate)','','0','',-1,'S10103',6,0),(10104,'Past Continuous vs Past Simple (Post- Intermediate)','','0','',-1,'S10104',6,0),(10105,'Future (Post-Intermediate)','','0','',-1,'S10105',6,0),(10106,'Conditional (Post-Intermediate)','','0','',-1,'S10106',6,0),(10107,'Present simple and Present continuous','','0','',-1,'S10107',0,0),(10108,'Past Simple1','','0','',-1,'S10108',0,0),(10109,'Past Continuous 1','','0','',-1,'S10109',0,0),(10110,'Present Perfect 1','','0','',-1,'S10110',0,0),(10111,'Past Perfect 1','','0','',-1,'S10111',0,0),(10112,'Present Perfect Continuous','','0','',-1,'S10112',0,0),(10113,'Past Perfect Continuous 1','','0','',-1,'S10113',0,0),(10114,'Future Simple1','','0','',-1,'S10114',0,0),(10115,'Future Continuous1','','0','',-1,'S10115',0,0),(10116,'Future Perfect Continuous1','','0','',-1,'S10116',0,0),(10117,'Preposition','','0','',-1,'S10117',0,0),(10118,'Prepositional Phrases 1','','0','',-1,'S10118',0,0),(10119,'Comparative and Superlatives Adjectives 1','','0','',-1,'S10119',0,0),(10120,'Comparative and Superlatives Adjectives new','','0','',-1,'S10120',0,0),(10121,'FOR AND SINCE NEW','','0','',-1,'S10121',0,0),(10122,'GERUND NEW','','0','',-1,'S10122',0,0),(10123,'Linking Words new','','0','',-1,'S10123',0,0),(10124,'Subject verb Agreement  new','','0','',-1,'S10124',0,0),(10125,'Modals New','','0','',-1,'S10125',0,0),(10126,'Phrasal Verbs New','','0','',-1,'S10126',0,0),(10127,'Relative Clauses  New','','0','',-1,'S10127',0,0),(10128,'Business Idioms New','','0','',-1,'S10128',0,0),(10129,'Business Meeting New','','0','',-1,'S10129',0,0),(10130,'Business Telephoning New','','0','',-1,'S10130',0,0),(10131,'Business Letters and Emails New','','0','',-1,'S10131',0,0),(10132,'Business Presentation New','','0','',-1,'S10132',0,0),(10133,'Business Report Writing New','','0','',-1,'S10133',0,0),(10134,'Business Trips New','','0','',-1,'S10134',0,0),(10135,'Business Booking Tips New','','0','',-1,'S10135',0,0),(10136,'Business Charts and Graphs New','','0','',-1,'S10136',0,0),(10137,'Business Reading New','','0','',-1,'S10137',0,0),(10138,'Business Reading Articles new','','0','',-1,'S10138',0,0),(10139,'Intermediate Listening new','','0','',-1,'S10139',0,0),(10140,'General Idioms New','','0','',-1,'S10140',0,0),(10141,'Intermediate Vocabs New','','0','',-1,'S10141',0,0),(10142,'Determiners','','0','',-1,'S10142',0,0),(10143,'Demonstratives New','','0','',-1,'S10143',0,0),(10144,'There is /There are /It is New','','0','',-1,'S10144',0,0),(10145,'Plurals Beginner Level New','','0','',-1,'S10145',0,0),(10146,'Question Words Beginner Level New','','0','',-1,'S10146',0,0),(10147,'Adjectives / Adverbs Beginner Level New','','0','',-1,'S10147',0,0),(10148,'Comparative /Superlative Beginner Level New','','0','',-1,'S10148',0,0),(10149,'Possesives Beginner Level New','','0','',-1,'S10149',0,0),(10150,'Pronouns Beginner Level New','','0','',-1,'S10150',0,0),(10151,'Preposition Beginner Level New','','0','',-1,'S10151',0,0),(10152,'Countable and Uncountable  Beginner Level New','','0','',-1,'S10152',0,0),(10153,'Tag Questions for Beginner Level New','','0','',-1,'S10153',0,0),(10154,'To be new','','0','',-1,'S10154',0,0);

--
-- Table structure for table `module`
--

CREATE TABLE `module` (
  `module_id` int(11) NOT NULL DEFAULT '0',
  `ordre` int(11) NOT NULL DEFAULT '0',
  `sequence_id` int(11) NOT NULL DEFAULT '0',
  `type` int(11) NOT NULL DEFAULT '0',
  `loc` smallint(4) NOT NULL DEFAULT '0'
) ENGINE=MyISAM DEFAULT CHARSET=latin1;

--
-- Dumping data for table `module`
--

INSERT INTO `module` VALUES (4,1,3,0,1),(4,2,9,0,1),(4,4,8,0,1),(4,5,7,0,1),(4,6,5,0,1),(4,3,6,0,1),(9,3,119,0,1),(4,9,13,0,1),(18,1,10,0,1),(4,8,11,0,1),(4,7,10,0,1),(4,12,18,0,1),(4,13,17,0,1),(4,14,22,0,1),(4,15,20,0,1),(4,16,19,0,1),(4,17,16,0,1),(4,18,21,0,1),(4,19,15,0,1),(6,1,23,0,1),(6,2,26,0,1),(6,3,29,0,1),(6,4,24,0,1),(6,6,28,0,1),(6,7,30,0,1),(6,10,116,0,1),(6,8,32,0,1),(6,9,33,0,1),(6,11,117,0,1),(223,9,10115,0,1),(224,2,10099,0,1),(224,1,10118,0,1),(223,10,10116,0,1),(35,3,428,0,1),(35,11,429,0,1),(223,8,10114,0,1),(35,2,13,0,1),(35,1,131,0,1),(35,4,139,0,1),(35,7,143,0,1),(35,8,129,0,1),(35,5,135,0,1),(35,9,195,0,1),(35,6,128,0,1),(35,10,470,0,1),(55,2,27,0,1),(33,1,24,0,1),(42,1,28,0,1),(56,1,31,0,1),(68,1,168,0,1),(35,12,201,0,1),(35,13,185,0,1),(31,6,178,0,1),(31,7,183,0,1),(31,8,193,0,1),(31,1,84,0,1),(54,2,155,0,1),(54,3,27,0,1),(31,5,162,0,1),(35,15,12,0,1),(55,1,155,0,1),(223,7,10113,0,1),(54,4,106,0,1),(31,2,85,0,1),(31,3,89,0,1),(223,6,10112,0,1),(31,4,78,0,1),(223,5,10111,0,1),(35,14,132,0,1),(35,16,137,0,1),(35,17,197,0,1),(39,1,9,0,1),(45,6,45,0,1),(45,2,41,0,1),(44,5,57,0,1),(45,3,42,0,1),(45,4,43,0,1),(45,5,44,0,1),(45,9,50,0,1),(45,8,48,0,1),(45,7,47,0,1),(45,1,40,0,1),(44,4,56,0,1),(44,1,52,0,1),(44,7,61,0,1),(44,3,125,0,1),(44,6,58,0,1),(44,8,62,0,1),(44,9,63,0,1),(45,11,196,0,1),(32,1,149,0,1),(32,2,504,0,1),(49,1,74,0,1),(49,2,91,0,1),(49,3,45,0,1),(49,4,87,0,1),(49,5,90,0,1),(49,6,95,0,1),(49,7,96,0,1),(49,8,202,0,1),(49,9,49,0,1),(50,1,84,0,1),(50,2,85,0,1),(50,3,89,0,1),(50,4,78,0,1),(50,5,162,0,1),(50,6,178,0,1),(50,7,183,0,1),(50,8,193,0,1),(53,1,155,0,1),(53,2,27,0,1),(223,4,10110,0,1),(53,3,106,0,1),(216,1,10098,0,1),(223,1,10107,0,1),(43,1,28,0,1),(60,2,160,0,1),(60,3,504,0,1),(54,1,26,0,1),(62,1,28,0,1),(44,11,68,0,1),(44,10,64,0,1),(45,10,51,0,1),(44,13,71,0,1),(44,14,72,0,1),(45,12,202,0,1),(223,3,10109,0,1),(221,1,29,0,1),(220,7,164,0,1),(219,6,107,0,1),(219,5,107,0,1),(219,4,10066,0,1),(219,3,158,0,1),(219,2,155,0,1),(219,1,152,0,1),(218,6,69,0,1),(218,5,75,0,1),(218,4,66,0,1),(218,3,104,0,1),(218,2,72,0,1),(218,1,58,0,1),(217,5,10106,0,1),(217,4,10105,0,1),(217,3,10104,0,1),(217,2,10103,0,1),(217,1,74,0,1),(223,2,10108,0,1),(222,5,141,0,1),(220,8,159,0,1),(222,4,168,0,1),(46,1,119,0,1),(222,3,12,0,1),(222,2,30,0,1),(222,1,199,0,1),(221,4,32,0,1),(221,3,505,0,1),(221,2,160,0,1),(220,6,170,0,1),(220,5,184,0,1),(220,4,192,0,1),(220,3,408,0,1),(220,2,188,0,1),(46,2,194,0,1),(52,1,156,0,1),(52,2,21,0,1),(35,18,478,0,1),(35,19,16,0,1),(35,21,130,0,1),(35,22,140,0,1),(35,23,148,0,1),(35,24,134,0,1),(35,25,133,0,1),(35,26,147,0,1),(35,27,142,0,1),(35,28,136,0,1),(35,29,126,0,1),(36,1,10,0,1),(63,2,169,0,1),(63,3,467,0,1),(52,3,257,0,1),(52,4,110,0,1),(63,4,146,0,1),(64,1,173,0,1),(64,2,470,0,1),(64,3,180,0,1),(64,4,172,0,1),(64,5,256,0,1),(64,6,187,0,1),(64,7,137,0,1),(64,8,189,0,1),(64,9,482,0,1),(64,10,186,0,1),(64,11,191,0,1),(65,1,184,0,1),(65,2,107,0,1),(40,1,32,0,1),(37,4,463,0,1),(37,3,462,0,1),(37,2,166,0,1),(37,1,461,0,1),(55,3,106,0,1),(34,1,39,0,1),(60,1,25,0,1),(70,1,29,0,1),(70,2,30,0,1),(213,1,192,0,1),(71,1,505,0,1),(73,1,149,0,1),(73,2,165,0,1),(73,3,480,0,1),(74,1,23,0,1),(74,2,22,0,1),(74,3,257,0,1),(74,4,479,0,1),(34,2,6,0,1),(193,10,10035,0,1),(193,9,390,0,1),(193,7,316,0,1),(193,8,18,0,1),(193,6,17,0,1),(193,5,20,0,1),(193,4,10051,0,1),(193,3,315,0,1),(193,1,10047,0,1),(193,2,10046,0,1),(193,12,339,0,1),(193,11,338,0,1),(193,15,10037,0,1),(193,14,510,0,1),(193,13,320,0,1),(79,3,514,0,1),(80,1,515,0,1),(151,2,374,0,1),(151,1,211,0,1),(82,1,342,0,1),(82,2,345,0,1),(82,3,349,0,1),(82,4,343,0,1),(82,5,346,0,1),(82,6,350,0,1),(82,7,353,0,1),(84,3,290,0,1),(84,1,231,0,1),(84,4,289,0,1),(88,1,310,0,1),(84,8,275,0,1),(84,2,260,0,1),(84,5,229,0,1),(85,1,522,0,1),(84,6,251,0,1),(118,1,532,0,1),(85,3,523,0,1),(95,7,216,0,1),(84,7,213,0,1),(85,4,215,0,1),(85,5,244,0,1),(86,1,525,0,1),(84,9,520,0,1),(83,2,379,0,1),(90,4,241,0,1),(82,9,348,0,1),(83,6,380,0,1),(83,7,344,0,1),(83,8,354,0,1),(82,8,352,0,1),(83,10,242,0,1),(83,3,381,0,1),(83,4,351,0,1),(82,11,242,0,1),(83,5,347,0,1),(124,1,283,0,1),(90,1,237,0,1),(90,3,273,0,1),(90,8,423,0,1),(90,14,243,0,1),(90,15,420,0,1),(113,2,589,0,1),(92,9,222,0,1),(84,10,526,0,1),(84,11,527,0,1),(90,2,258,0,1),(90,13,220,0,1),(84,12,529,0,1),(84,13,228,0,1),(125,1,530,0,1),(92,4,240,0,1),(92,5,261,0,1),(92,6,224,0,1),(92,7,217,0,1),(92,3,287,0,1),(92,1,226,0,1),(94,1,531,0,1),(85,2,521,0,1),(94,3,254,0,1),(95,9,307,0,1),(95,6,557,0,1),(95,2,308,0,1),(95,5,224,0,1),(95,3,261,0,1),(95,10,402,0,1),(95,11,312,0,1),(95,12,556,0,1),(108,3,537,0,1),(95,8,368,0,1),(95,4,559,0,1),(110,1,265,0,1),(109,2,267,0,1),(131,1,267,0,1),(109,3,528,0,1),(84,15,541,0,1),(90,16,542,0,1),(90,17,543,0,1),(90,7,544,0,1),(90,5,546,0,1),(108,1,548,0,1),(90,9,550,0,1),(92,11,329,0,1),(85,7,555,0,1),(95,13,560,0,1),(108,2,420,0,1),(108,4,562,0,1),(108,5,564,0,1),(120,2,563,0,1),(120,1,633,0,1),(112,2,288,0,1),(99,1,567,0,1),(117,1,385,0,1),(112,3,242,0,1),(112,1,342,0,1),(117,2,569,0,1),(133,1,385,0,1),(133,2,359,0,1),(134,1,385,0,1),(134,2,359,0,1),(119,1,534,0,1),(91,1,310,0,1),(119,2,477,0,1),(121,3,477,0,1),(122,1,477,0,1),(118,2,572,0,1),(100,1,574,0,1),(96,2,250,0,1),(96,4,329,0,1),(96,5,272,0,1),(113,1,444,0,1),(96,11,455,0,1),(120,3,578,0,1),(108,7,336,0,1),(108,6,258,0,1),(96,1,368,0,1),(92,10,555,0,1),(108,8,581,0,1),(108,9,584,0,1),(131,2,585,0,1),(111,2,585,0,1),(109,6,422,0,1),(127,3,586,0,1),(128,1,586,0,1),(130,1,587,0,1),(129,2,587,0,1),(95,15,272,0,1),(95,14,329,0,1),(109,7,588,0,1),(109,4,536,0,1),(108,10,520,0,1),(96,7,218,0,1),(96,6,307,0,1),(136,1,224,0,1),(136,2,261,0,1),(136,3,216,0,1),(136,4,308,0,1),(136,5,557,0,1),(136,6,559,0,1),(109,1,547,0,1),(109,8,591,0,1),(109,9,592,0,1),(109,10,593,0,1),(109,12,594,0,1),(109,11,237,0,1),(100,2,595,0,1),(137,1,573,0,1),(96,8,309,0,1),(96,9,246,0,1),(128,2,583,0,1),(128,3,598,0,1),(95,16,599,0,1),(96,12,600,0,1),(121,2,601,0,1),(138,1,399,0,1),(138,2,603,0,1),(109,5,300,0,1),(129,3,219,0,1),(109,13,413,0,1),(131,3,413,0,1),(131,4,606,0,1),(110,2,609,0,1),(131,5,264,0,1),(110,5,402,0,1),(129,4,610,0,1),(131,6,432,0,1),(95,17,611,0,1),(128,5,612,0,1),(129,5,612,0,1),(110,3,579,0,1),(92,8,255,0,1),(101,1,596,0,1),(139,1,445,0,1),(140,1,616,0,1),(131,7,617,0,1),(90,10,619,0,1),(126,2,620,0,1),(126,3,621,0,1),(126,4,622,0,1),(126,5,623,0,1),(126,6,624,0,1),(126,1,625,0,1),(92,2,626,0,1),(127,2,624,0,1),(127,4,627,0,1),(127,1,628,0,1),(127,5,568,0,1),(141,1,26,0,1),(116,6,362,0,1),(116,4,450,0,1),(116,3,360,0,1),(116,2,206,0,1),(116,1,378,0,1),(144,1,570,0,1),(83,1,342,0,1),(121,1,636,0,1),(146,1,634,0,1),(148,1,211,0,1),(148,2,374,0,1),(152,1,211,0,1),(152,2,374,0,1),(154,1,637,0,1),(154,2,639,0,1),(181,2,181,0,1),(181,1,136,0,1),(180,1,142,0,1),(158,1,126,0,1),(189,3,306,0,1),(189,2,314,0,1),(189,1,10029,0,1),(154,3,669,0,1),(163,1,160,0,1),(163,2,12,0,1),(164,1,131,0,1),(165,1,428,0,1),(166,1,139,0,1),(167,1,135,0,1),(168,1,143,0,1),(169,1,129,0,1),(170,1,195,0,1),(170,2,388,0,1),(170,3,179,0,1),(171,1,429,0,1),(172,1,185,0,1),(173,1,132,0,1),(174,1,16,0,1),(174,2,137,0,1),(175,1,197,0,1),(177,1,130,0,1),(178,1,140,0,1),(178,2,18,0,1),(178,3,14,0,1),(178,4,133,0,1),(179,1,182,0,1),(179,2,148,0,1),(167,2,134,0,1),(181,3,478,0,1),(181,4,177,0,1),(181,5,408,0,1),(181,6,518,0,1),(181,7,517,0,1),(181,8,516,0,1),(182,1,147,0,1),(183,1,128,0,1),(183,3,10054,0,1),(184,1,79,0,1),(184,2,315,0,1),(184,3,12,0,1),(184,4,15,0,1),(184,5,13,0,1),(184,6,8,0,1),(184,7,182,0,1),(181,9,174,0,1),(163,3,10004,0,1),(163,4,10007,0,1),(163,5,10001,0,1),(163,6,39,0,1),(163,7,10006,0,1),(163,8,10005,0,1),(163,9,10003,0,1),(183,2,10008,0,1),(166,2,10009,0,1),(166,4,10011,0,1),(166,5,10015,0,1),(166,6,10012,0,1),(166,7,10014,0,1),(166,8,10010,0,1),(166,9,10013,0,1),(170,4,10019,0,1),(170,5,10020,0,1),(37,5,10022,0,1),(163,10,10024,0,1),(163,11,10025,0,1),(186,1,10026,0,1),(187,1,141,0,1),(187,2,181,0,1),(188,2,165,0,1),(188,3,154,0,1),(188,1,10028,0,1),(189,4,10030,0,1),(189,5,10031,0,1),(189,6,10032,0,1),(193,16,10038,0,1),(193,17,10039,0,1),(193,18,389,0,1),(193,19,10050,0,1),(193,20,10040,0,1),(193,21,10041,0,1),(193,22,10042,0,1),(193,23,501,0,1),(192,1,10046,0,1),(192,2,10047,0,1),(192,3,79,0,1),(192,4,20,0,1),(192,5,17,0,1),(192,6,18,0,1),(192,7,390,0,1),(192,8,10052,0,1),(192,9,338,0,1),(192,10,339,0,1),(192,11,320,0,1),(192,12,510,0,1),(192,13,10037,0,1),(192,14,10038,0,1),(192,15,10039,0,1),(192,16,389,0,1),(192,17,10050,0,1),(192,18,10040,0,1),(192,19,10041,0,1),(192,20,10042,0,1),(192,21,501,0,1),(195,1,10046,0,1),(195,2,10047,0,1),(195,3,79,0,1),(195,4,10051,0,1),(195,5,20,0,1),(195,6,17,0,1),(195,7,18,0,1),(195,8,10029,0,1),(195,9,10030,0,1),(195,10,10031,0,1),(195,11,10052,0,1),(195,12,388,0,1),(195,13,338,0,1),(195,14,10053,0,1),(195,15,10036,0,1),(195,16,10037,0,1),(195,17,10038,0,1),(195,18,10050,0,1),(195,19,10040,0,1),(195,20,10041,0,1),(195,21,469,0,1),(195,22,10043,0,1),(195,23,10044,0,1),(207,1,257,0,1),(207,2,24,0,1),(207,3,23,0,1),(207,4,22,0,1),(208,1,257,0,1),(208,2,13,0,1),(208,3,59,0,1),(208,4,10075,0,1),(209,1,10071,0,1),(209,2,10,0,1),(209,3,85,0,1),(209,4,17,0,1),(209,5,136,0,1),(225,1,10120,0,1),(226,1,10120,0,1),(227,1,10121,0,1),(225,2,10121,0,1),(225,3,10118,0,1),(225,4,10099,0,1),(225,5,10117,0,1),(225,6,85,0,1),(225,7,10122,0,1),(225,8,10123,0,1),(225,9,10124,0,1),(225,10,10125,0,1),(225,11,10126,0,1),(225,12,10127,0,1),(228,1,10128,0,1),(228,2,10129,0,1),(228,3,10130,0,1),(228,4,10131,0,1),(228,5,10132,0,1),(228,6,10133,0,1),(228,7,10134,0,1),(228,8,10135,0,1),(228,9,10136,0,1),(229,1,10137,0,1),(229,2,10138,0,1),(230,1,10139,0,1),(230,2,10140,0,1),(230,3,10141,0,1),(231,1,102,0,1),(231,2,10111,0,1),(231,3,10113,0,1),(231,4,98,0,1),(231,5,96,0,1),(231,6,94,0,1),(232,1,119,0,1),(232,2,194,0,1),(232,3,75,0,1),(232,4,67,0,1),(232,5,103,0,1),(232,6,82,0,1),(233,1,31,0,1),(233,2,152,0,1),(233,3,10066,0,1),(233,4,10136,0,1),(234,1,164,0,1),(234,2,188,0,1),(234,3,408,0,1),(234,4,192,0,1),(234,5,170,0,1),(235,1,199,0,1),(236,1,32,0,1),(236,2,29,0,1),(236,3,10024,0,1),(236,4,160,0,1),(237,1,10142,0,1),(237,2,10143,0,1),(237,3,10144,0,1),(237,4,10145,0,1),(237,5,10146,0,1),(237,6,10147,0,1),(237,7,10148,0,1),(237,8,10149,0,1),(237,9,10150,0,1),(237,10,10151,0,1),(237,11,10152,0,1),(237,12,10153,0,1),(238,1,10154,0,1);

--
-- Table structure for table `sequence`
--

CREATE TABLE `sequence` (
  `id_sequence` int(11) NOT NULL DEFAULT '0',
  `titre` varchar(80) NOT NULL DEFAULT '',
  `numero` int(11) NOT NULL DEFAULT '0',
  `link` varchar(254) NOT NULL DEFAULT '',
  `norme` int(11) NOT NULL DEFAULT '0',
  `type` int(11) NOT NULL DEFAULT '0',
  `id_scorm` varchar(20) NOT NULL DEFAULT '',
  `mastery` varchar(100) NOT NULL DEFAULT '0',
  `max_time` varchar(8) NOT NULL DEFAULT '',
  `description` varchar(255) NOT NULL DEFAULT '',
  `keyword` varchar(255) NOT NULL DEFAULT '',
  `prerequis` varchar(20) NOT NULL DEFAULT '',
  `niveau` int(3) NOT NULL DEFAULT '0',
  `launch` text,
  `regroupe` varchar(20) NOT NULL DEFAULT '',
  `status` tinyint(4) NOT NULL DEFAULT '1',
  `date_create` varchar(50) NOT NULL,
  `thumbnail_file` varchar(50) DEFAULT NULL,
  `ifrmaccess` int(11) NOT NULL DEFAULT '0',
  `final_url` varchar(250) DEFAULT NULL,
  `status_url` int(11) NOT NULL DEFAULT '1',
  `new` int(11) NOT NULL DEFAULT '0'
) ENGINE=MyISAM DEFAULT CHARSET=latin1;

--
-- Dumping data for table `sequence`
--




