-- Table structure for table `suffixe`
--

CREATE TABLE `suffixe` (
  `id_suffixe` int(55) NOT NULL AUTO_INCREMENT,
  `libelle_suffixe` varchar(255) CHARACTER SET utf8 COLLATE utf8_bin NOT NULL,
  `millesime` varchar(255) COLLATE utf8_unicode_ci NOT NULL,
  PRIMARY KEY (`id_suffixe`)
) ENGINE=InnoDB AUTO_INCREMENT=1662 DEFAULT CHARSET=utf8 COLLATE=utf8_unicode_ci;

--
-- Dumping data for table `suffixe`
--

INSERT INTO `suffixe` VALUES (1,'Design et Innovation','2017'),(2,'Comptabilité et Finance','2017'),(3,'Commercial','2017'),(4,'Responsable Approvisionnement','2017'),(5,'Responsable Achats','2017'),(6,'Directeur','2017'),(7,'Chef de Produit','2017'),(8,'Directeur de Vente','2017'),(9,'Management','2017'),(10,'RH','2017'),(11,'Service Technique','2017'),(12,'Directeur',''),(13,'Responsable Clientèle et Qualité','2017'),(14,'Agent Logistique','2017'),(15,'Chef de Département','2017'),(16,'Assurance','2017'),(17,'Médical','2017'),(18,'Communication','2017'),(19,'Marketing','2017'),(20,'Chef de Projet','2017'),(21,'Responsable Grands Comptes','2017'),(22,'Ingénieur système','2017'),(23,'Directeur CSR','2017'),(24,'Directeur de Production','2017'),(25,'Architecte','2016'),(26,'RH','2016'),(27,'Conseiller Médical','2016'),(28,'Agent Aéronautique','2016'),(29,'Agent d\'Exploitation','2016'),(30,'Assistante','2016'),(31,'Commercial','2016'),(32,'Directeur Logistique','2016'),(33,'Gestion de projet','2016'),(34,'Responsable Grands Comptes','2016'),(35,'Responsable QSE','2016'),(36,'Comptabilité et Finance','2016'),(37,'Chef de projet IT','2016'),(38,'Management','2016'),(39,'Assistant Microbiologie','2016'),(40,'Responsable Secteur','2016'),(41,'Agent de Transit','2016'),(42,'Export & Commercial','2016'),(43,'Responsable Clientèle','2016'),(44,'Chef de Projet','2016'),(45,'Directeur','2016'),(46,'Controle de Gestion','2016'),(47,'Graphiste','2016'),(48,'Technicien','2016'),(49,'Pharmacien','2016'),(50,'Chef de projet','2016'),(51,'Directeur Financier','2016'),(52,'Juridique','2016'),(53,'Assurance','2016'),(54,'Directeur Sinistres','2016'),(55,'Actuaire',''),(56,'Directeur clientèle',''),(57,'Opération et developpement','2016'),(58,'Responsable clientèle','2016'),(59,'Transport et Logistique','2016'),(60,'Médical','2016'),(61,'PDG','2016'),(62,'Développeur','2016'),(63,'Responsable Formation','2016'),(64,'Consultant','2016'),(65,'Ingénieur commercial','2016'),(66,'Resppnsable Clientèle','2016'),(67,'Chargé d\'Affaires','2016'),(68,'Responsable d\'Acitité','2016'),(69,'Directeur Régionale','2016'),(70,'Comptabilite et Finance','2016'),(71,'Directeur média','2016'),(72,'Marketing','2016'),(73,'Communication','2016'),(74,'Logiciels','2016'),(75,'Agent Logistique','2016'),(76,'Opération et Développement','2016'),(77,'Assistante Commerciale','2016'),(78,'Ingénieur','2016'),(79,'CRA','2016'),(80,'Opération et Developpement','2016'),(81,'Directeur d\'Achats','2016'),(82,'Chef d\'Exploitation','2016'),(83,'Sécurité Environnement','2016'),(84,'Ingénieur d\'Etude','2016'),(85,'Responsable Médias','2016'),(86,'Assistante DRH','2016'),(87,'Gestion des Produits','2017'),(88,'Administration Hospitalière','2017'),(89,'Directeur Général','2017'),(90,'Contrôle de Gestion','2017'),(91,'Consulting','2017'),(92,'Gestion de Comptes','2017'),(93,'Directeur de Marché','2017'),(94,'Clientèle et Qualité','2017'),(95,'Informatique','2017'),(96,'Gestion de Projet','2017'),(97,'Architecte d\'Entreprise','2017'),(98,'Gestion de Projet EDI','2017'),(99,'Finance','2017'),(100,'Gestion de Paie','2017'),(101,'Directeur Artistique','2017'),(102,'Community Manager','2017'),(103,'Gestion d’équipe','2017'),(104,'Chef de Quai','2017'),(105,'Opérations et Développement','2017'),(106,'Juridique','2017'),(107,'Développeur','2017'),(108,'Directeur de Projets','2017'),(109,'Directeur Innovation','2017'),(110,'Avocat','2018'),(111,'Directeur Développement','2017'),(112,'',''),(113,'Média','2017'),(114,'RH','2018'),(115,'MSL','2018'),(116,'Gestion de Projet','2018'),(117,'Directeur Commercial','2018'),(118,' Gestion de Projets','2018'),(119,'Opération Digitale','2018'),(120,'Informatique','2018'),(121,'Gestion Clientèle','2018'),(122,'Clientèle et Qualité','2018'),(123,'Clientèle et Qualité','2019'),(124,'Clientèle et Qualité','2020'),(125,'Clientèle et Qualité','2021'),(126,'Clientèle et Qualité','2022'),(127,'Clientèle et Qualité','2023'),(128,'Clientèle et Qualité','2024'),(129,'Clientèle et Qualité','2025'),(130,'Clientèle et Qualité','2026'),(131,'Clientèle et Qualité','2027'),(132,'Clientèle et Qualité','2028'),(133,'Clientèle et Qualité','2029'),(134,'Clientèle et Qualité','2030'),(135,'Clientèle et Qualité','2031'),(136,'Clientèle et Qualité','2032'),(137,'Clientèle et Qualité','2033'),(138,'Clientèle et Qualité','2034'),(139,'Clientèle et Qualité','2035'),(140,'Clientèle et Qualité','2036'),(141,'Clientèle et Qualité','2037'),(142,'Clientèle et Qualité','2038'),(143,'Clientèle et Qualité','2039'),(144,'Clientèle et Qualité','2040'),(145,'Clientèle et Qualité','2041'),(146,'Clientèle et Qualité','2042'),(147,'Clientèle et Qualité','2043'),(148,'Clientèle et Qualité','2044'),(149,'Clientèle et Qualité','2045'),(150,'Clientèle et Qualité','2046'),(151,'Clientèle et Qualité','2047'),(152,'Clientèle et Qualité','2048'),(153,'Clientèle et Qualité','2049'),(154,'Clientèle et Qualité','2050'),(155,'Clientèle et Qualité','2051'),(156,'Clientèle et Qualité','2052'),(157,'Clientèle et Qualité','2053'),(158,'Clientèle et Qualité','2054'),(159,'Clientèle et Qualité','2055'),(160,'Clientèle et Qualité','2056'),(161,'Clientèle et Qualité','2057'),(162,'Clientèle et Qualité','2058'),(163,'Clientèle et Qualité','2059'),(164,'Clientèle et Qualité','2060'),(165,'Clientèle et Qualité','2061'),(166,'Clientèle et Qualité','2062'),(167,'Clientèle et Qualité','2063'),(168,'Clientèle et Qualité','2064'),(169,'Clientèle et Qualité','2065'),(170,'Clientèle et Qualité','2066'),(171,'Clientèle et Qualité','2067'),(172,'Clientèle et Qualité','2068'),(173,'Clientèle et Qualité','2069'),(174,'Clientèle et Qualité','2070'),(175,'Clientèle et Qualité','2071'),(176,'Clientèle et Qualité','2072'),(177,'Clientèle et Qualité','2073'),(178,'Clientèle et Qualité','2074'),(179,'Clientèle et Qualité','2075'),(180,'Clientèle et Qualité','2076'),(181,'Clientèle et Qualité','2077'),(182,'Clientèle et Qualité','2078'),(183,'Clientèle et Qualité','2079'),(184,'Clientèle et Qualité','2080'),(185,'Clientèle et Qualité','2081'),(186,'Clientèle et Qualité','2082'),(187,'Clientèle et Qualité','2083'),(188,'Clientèle et Qualité','2084'),(189,'Clientèle et Qualité','2085'),(190,'Clientèle et Qualité','2086'),(191,'Clientèle et Qualité','2087'),(192,'Clientèle et Qualité','2088'),(193,'Clientèle et Qualité','2089'),(194,'Clientèle et Qualité','2090'),(195,'Clientèle et Qualité','2091'),(196,'Clientèle et Qualité','2092'),(197,'Clientèle et Qualité','2093'),(198,'Clientèle et Qualité','2094'),(199,'Clientèle et Qualité','2095'),(200,'Clientèle et Qualité','2096'),(201,'Clientèle et Qualité','2097'),(202,'Clientèle et Qualité','2098'),(203,'Clientèle et Qualité','2099'),(204,'Clientèle et Qualité','2100'),(205,'Clientèle et Qualité','2101'),(206,'Clientèle et Qualité','2102'),(207,'Clientèle et Qualité','2103'),(208,'Clientèle et Qualité','2104'),(209,'Clientèle et Qualité','2105'),(210,'Clientèle et Qualité','2106'),(211,'Clientèle et Qualité','2107'),(212,'Clientèle et Qualité','2108'),(213,'Clientèle et Qualité','2109'),(214,'Clientèle et Qualité','2110'),(215,'Clientèle et Qualité','2111'),(216,'Clientèle et Qualité','2112'),(217,'Clientèle et Qualité','2113'),(218,'Clientèle et Qualité','2114'),(219,'Clientèle et Qualité','2115'),(220,'Clientèle et Qualité','2116'),(221,'Clientèle et Qualité','2117'),(222,'Clientèle et Qualité','2118'),(223,'Clientèle et Qualité','2119'),(224,'Clientèle et Qualité','2120'),(225,'Clientèle et Qualité','2121'),(226,'Clientèle et Qualité','2122'),(227,'Clientèle et Qualité','2123'),(228,'Clientèle et Qualité','2124'),(229,'Clientèle et Qualité','2125'),(230,'Clientèle et Qualité','2126'),(231,'Clientèle et Qualité','2127'),(232,'Clientèle et Qualité','2128'),(233,'Clientèle et Qualité','2129'),(234,'Clientèle et Qualité','2130'),(235,'Clientèle et Qualité','2131'),(236,'Clientèle et Qualité','2132'),(237,'Clientèle et Qualité','2133'),(238,'Clientèle et Qualité','2134'),(239,'Clientèle et Qualité','2135'),(240,'Clientèle et Qualité','2136'),(241,'Clientèle et Qualité','2137'),(242,'Clientèle et Qualité','2138'),(243,'Clientèle et Qualité','2139'),(244,'Clientèle et Qualité','2140'),(245,'Clientèle et Qualité','2141'),(246,'Clientèle et Qualité','2142'),(247,'Clientèle et Qualité','2143'),(248,'Clientèle et Qualité','2144'),(249,'Clientèle et Qualité','2145'),(250,'Clientèle et Qualité','2146'),(251,'Clientèle et Qualité','2147'),(252,'Clientèle et Qualité','2148'),(253,'Clientèle et Qualité','2149'),(254,'Clientèle et Qualité','2150'),(255,'Clientèle et Qualité','2151'),(256,'Clientèle et Qualité','2152'),(257,'Clientèle et Qualité','2153'),(258,'Clientèle et Qualité','2154'),(259,'Clientèle et Qualité','2155'),(260,'Clientèle et Qualité','2156'),(261,'Clientèle et Qualité','2157'),(262,'Clientèle et Qualité','2158'),(263,'Clientèle et Qualité','2159'),(264,'Clientèle et Qualité','2160'),(265,'Clientèle et Qualité','2161'),(266,'Clientèle et Qualité','2162'),(267,'Clientèle et Qualité','2163'),(268,'Clientèle et Qualité','2164'),(269,'Clientèle et Qualité','2165'),(270,'Clientèle et Qualité','2166'),(271,'Clientèle et Qualité','2167'),(272,'Clientèle et Qualité','2168'),(273,'Clientèle et Qualité','2169'),(274,'Clientèle et Qualité','2170'),(275,'Clientèle et Qualité','2171'),(276,'Clientèle et Qualité','2172'),(277,'Clientèle et Qualité','2173'),(278,'Clientèle et Qualité','2174'),(279,'Clientèle et Qualité','2175'),(280,'Clientèle et Qualité','2176'),(281,'Clientèle et Qualité','2177'),(282,'Clientèle et Qualité','2178'),(283,'Clientèle et Qualité','2179'),(284,'Clientèle et Qualité','2180'),(285,'Clientèle et Qualité','2181'),(286,'Clientèle et Qualité','2182'),(287,'Clientèle et Qualité','2183'),(288,'Clientèle et Qualité','2184'),(289,'Clientèle et Qualité','2185'),(290,'Clientèle et Qualité','2186'),(291,'Clientèle et Qualité','2187'),(292,'Clientèle et Qualité','2188'),(293,'Clientèle et Qualité','2189'),(294,'Clientèle et Qualité','2190'),(295,'Clientèle et Qualité','2191'),(296,'Clientèle et Qualité','2192'),(297,'Clientèle et Qualité','2193'),(298,'Clientèle et Qualité','2194'),(299,'Clientèle et Qualité','2195'),(300,'Clientèle et Qualité','2196'),(301,'Clientèle et Qualité','2197'),(302,'Clientèle et Qualité','2198'),(303,'Clientèle et Qualité','2199'),(304,'Clientèle et Qualité','2200'),(305,'Clientèle et Qualité','2201'),(306,'Clientèle et Qualité','2202'),(307,'Clientèle et Qualité','2203'),(308,'Clientèle et Qualité','2204'),(309,'Clientèle et Qualité','2205'),(310,'Clientèle et Qualité','2206'),(311,'Clientèle et Qualité','2207'),(312,'Clientèle et Qualité','2208'),(313,'Clientèle et Qualité','2209'),(314,'Clientèle et Qualité','2210'),(315,'Clientèle et Qualité','2211'),(316,'Clientèle et Qualité','2212'),(317,'Clientèle et Qualité','2213'),(318,'Clientèle et Qualité','2214'),(319,'Clientèle et Qualité','2215'),(320,'Clientèle et Qualité','2216'),(321,'Clientèle et Qualité','2217'),(322,'Clientèle et Qualité','2218'),(323,'Clientèle et Qualité','2219'),(324,'Clientèle et Qualité','2220'),(325,'Clientèle et Qualité','2221'),(326,'Clientèle et Qualité','2222'),(327,'Clientèle et Qualité','2223'),(328,'Clientèle et Qualité','2224'),(329,'Clientèle et Qualité','2225'),(330,'Clientèle et Qualité','2226'),(331,'Clientèle et Qualité','2227'),(332,'Clientèle et Qualité','2228'),(333,'Clientèle et Qualité','2229'),(334,'Clientèle et Qualité','2230'),(335,'Clientèle et Qualité','2231'),(336,'Clientèle et Qualité','2232'),(337,'Clientèle et Qualité','2233'),(338,'Clientèle et Qualité','2234'),(339,'Clientèle et Qualité','2235'),(340,'Clientèle et Qualité','2236'),(341,'Clientèle et Qualité','2237'),(342,'Clientèle et Qualité','2238'),(343,'Clientèle et Qualité','2239'),(344,'Clientèle et Qualité','2240'),(345,'Clientèle et Qualité','2241'),(346,'Clientèle et Qualité','2242'),(347,'Clientèle et Qualité','2243'),(348,'Clientèle et Qualité','2244'),(349,'Clientèle et Qualité','2245'),(350,'Clientèle et Qualité','2246'),(351,'Clientèle et Qualité','2247'),(352,'Clientèle et Qualité','2248'),(353,'Clientèle et Qualité','2249'),(354,'Clientèle et Qualité','2250'),(355,'Clientèle et Qualité','2251'),(356,'Clientèle et Qualité','2252'),(357,'Clientèle et Qualité','2253'),(358,'Clientèle et Qualité','2254'),(359,'Clientèle et Qualité','2255'),(360,'Clientèle et Qualité','2256'),(361,'Clientèle et Qualité','2257'),(362,'Clientèle et Qualité','2258'),(363,'Clientèle et Qualité','2259'),(364,'Clientèle et Qualité','2260'),(365,'Clientèle et Qualité','2261'),(366,'Clientèle et Qualité','2262'),(367,'Clientèle et Qualité','2263'),(368,'Clientèle et Qualité','2264'),(369,'Clientèle et Qualité','2265'),(370,'Clientèle et Qualité','2266'),(371,'Clientèle et Qualité','2267'),(372,'Clientèle et Qualité','2268'),(373,'Clientèle et Qualité','2269'),(374,'Clientèle et Qualité','2270'),(375,'Clientèle et Qualité','2271'),(376,'Clientèle et Qualité','2272'),(377,'Clientèle et Qualité','2273'),(378,'Clientèle et Qualité','2274'),(379,'Clientèle et Qualité','2275'),(380,'Clientèle et Qualité','2276'),(381,'Clientèle et Qualité','2277'),(382,'Clientèle et Qualité','2278'),(383,'Clientèle et Qualité','2279'),(384,'Clientèle et Qualité','2280'),(385,'Clientèle et Qualité','2281'),(386,'Clientèle et Qualité','2282'),(387,'Clientèle et Qualité','2283'),(388,'Clientèle et Qualité','2284'),(389,'Clientèle et Qualité','2285'),(390,'Clientèle et Qualité','2286'),(391,'Clientèle et Qualité','2287'),(392,'Clientèle et Qualité','2288'),(393,'Clientèle et Qualité','2289'),(394,'Clientèle et Qualité','2290'),(395,'Clientèle et Qualité','2291'),(396,'Clientèle et Qualité','2292'),(397,'Clientèle et Qualité','2293'),(398,'Clientèle et Qualité','2294'),(399,'Clientèle et Qualité','2295'),(400,'Clientèle et Qualité','2296'),(401,'Clientèle et Qualité','2297'),(402,'Clientèle et Qualité','2298'),(403,'Clientèle et Qualité','2299'),(404,'Clientèle et Qualité','2300'),(405,'Clientèle et Qualité','2301'),(406,'Clientèle et Qualité','2302'),(407,'Clientèle et Qualité','2303'),(408,'Clientèle et Qualité','2304'),(409,'Clientèle et Qualité','2305'),(410,'Clientèle et Qualité','2306'),(411,'Clientèle et Qualité','2307'),(412,'Clientèle et Qualité','2308'),(413,'Clientèle et Qualité','2309'),(414,'Clientèle et Qualité','2310'),(415,'Clientèle et Qualité','2311'),(416,'Clientèle et Qualité','2312'),(417,'Clientèle et Qualité','2313'),(418,'Clientèle et Qualité','2314'),(419,'Clientèle et Qualité','2315'),(420,'Clientèle et Qualité','2316'),(421,'Clientèle et Qualité','2317'),(422,'Clientèle et Qualité','2318'),(423,'Clientèle et Qualité','2319'),(424,'Clientèle et Qualité','2320'),(425,'Clientèle et Qualité','2321'),(426,'Clientèle et Qualité','2322'),(427,'Clientèle et Qualité','2323'),(428,'Clientèle et Qualité','2324'),(429,'Clientèle et Qualité','2325'),(430,'Clientèle et Qualité','2326'),(431,'Clientèle et Qualité','2327'),(432,'Clientèle et Qualité','2328'),(433,'Clientèle et Qualité','2329'),(434,'Clientèle et Qualité','2330'),(435,'Clientèle et Qualité','2331'),(436,'Clientèle et Qualité','2332'),(437,'Clientèle et Qualité','2333'),(438,'Clientèle et Qualité','2334'),(439,'Clientèle et Qualité','2335'),(440,'Clientèle et Qualité','2336'),(441,'Clientèle et Qualité','2337'),(442,'Clientèle et Qualité','2338'),(443,'Clientèle et Qualité','2339'),(444,'Clientèle et Qualité','2340'),(445,'Clientèle et Qualité','2341'),(446,'Clientèle et Qualité','2342'),(447,'Clientèle et Qualité','2343'),(448,'Clientèle et Qualité','2344'),(449,'Clientèle et Qualité','2345'),(450,'Clientèle et Qualité','2346'),(451,'Clientèle et Qualité','2347'),(452,'Clientèle et Qualité','2348'),(453,'Clientèle et Qualité','2349'),(454,'Clientèle et Qualité','2350'),(455,'Clientèle et Qualité','2351'),(456,'Clientèle et Qualité','2352'),(457,'Clientèle et Qualité','2353'),(458,'Clientèle et Qualité','2354'),(459,'Clientèle et Qualité','2355'),(460,'Clientèle et Qualité','2356'),(461,'Clientèle et Qualité','2357'),(462,'Clientèle et Qualité','2358'),(463,'Clientèle et Qualité','2359'),(464,'Clientèle et Qualité','2360'),(465,'Clientèle et Qualité','2361'),(466,'Clientèle et Qualité','2362'),(467,'Clientèle et Qualité','2363'),(468,'Clientèle et Qualité','2364'),(469,'Clientèle et Qualité','2365'),(470,'Clientèle et Qualité','2366'),(471,'Clientèle et Qualité','2367'),(472,'Clientèle et Qualité','2368'),(473,'Clientèle et Qualité','2369'),(474,'Clientèle et Qualité','2370'),(475,'Clientèle et Qualité','2371'),(476,'Clientèle et Qualité','2372'),(477,'Clientèle et Qualité','2373'),(478,'Clientèle et Qualité','2374'),(479,'Clientèle et Qualité','2375'),(480,'Clientèle et Qualité','2376'),(481,'Clientèle et Qualité','2377'),(482,'Clientèle et Qualité','2378'),(483,'Clientèle et Qualité','2379'),(484,'Clientèle et Qualité','2380'),(485,'Clientèle et Qualité','2381'),(486,'Clientèle et Qualité','2382'),(487,'Clientèle et Qualité','2383'),(488,'Clientèle et Qualité','2384'),(489,'Clientèle et Qualité','2385'),(490,'Clientèle et Qualité','2386'),(491,'Clientèle et Qualité','2387'),(492,'Clientèle et Qualité','2388'),(493,'Clientèle et Qualité','2389'),(494,'Clientèle et Qualité','2390'),(495,'Clientèle et Qualité','2391'),(496,'Clientèle et Qualité','2392'),(497,'Clientèle et Qualité','2393'),(498,'Clientèle et Qualité','2394'),(499,'Clientèle et Qualité','2395'),(500,'Clientèle et Qualité','2396'),(501,'Clientèle et Qualité','2397'),(502,'Clientèle et Qualité','2398'),(503,'Clientèle et Qualité','2399'),(504,'Clientèle et Qualité','2400'),(505,'Clientèle et Qualité','2401'),(506,'Clientèle et Qualité','2402'),(507,'Clientèle et Qualité','2403'),(508,'Clientèle et Qualité','2404'),(509,'Clientèle et Qualité','2405'),(510,'Clientèle et Qualité','2406'),(511,'Clientèle et Qualité','2407'),(512,'Clientèle et Qualité','2408'),(513,'Clientèle et Qualité','2409'),(514,'Clientèle et Qualité','2410'),(515,'Clientèle et Qualité','2411'),(516,'Clientèle et Qualité','2412'),(517,'Clientèle et Qualité','2413'),(518,'Clientèle et Qualité','2414'),(519,'Clientèle et Qualité','2415'),(520,'Clientèle et Qualité','2416'),(521,'Clientèle et Qualité','2417'),(522,'Clientèle et Qualité','2418'),(523,'Clientèle et Qualité','2419'),(524,'Clientèle et Qualité','2420'),(525,'Clientèle et Qualité','2421'),(526,'Clientèle et Qualité','2422'),(527,'Clientèle et Qualité','2423'),(528,'Clientèle et Qualité','2424'),(529,'Clientèle et Qualité','2425'),(530,'Clientèle et Qualité','2426'),(531,'Clientèle et Qualité','2427'),(532,'Clientèle et Qualité','2428'),(533,'Clientèle et Qualité','2429'),(534,'Clientèle et Qualité','2430'),(535,'Clientèle et Qualité','2431'),(536,'Clientèle et Qualité','2432'),(537,'Clientèle et Qualité','2433'),(538,'Clientèle et Qualité','2434'),(539,'Directeur de Services','2018'),(540,'Commercial','2018'),(541,'Gestion de Comptes','2018'),(542,'Finance','2018'),(543,'Finance','2019'),(544,'Finance','2020'),(545,'Finance','2021'),(546,'Finance','2022'),(547,'Finance','2023'),(548,'Finance','2024'),(549,'Finance','2025'),(550,'Finance','2026'),(551,'Finance','2027'),(552,'Finance','2028'),(553,'Finance','2029'),(554,'Finance','2030'),(555,'Finance','2031'),(556,'Finance','2032'),(557,'Finance','2033'),(558,'Finance','2034'),(559,'Finance','2035'),(560,'Finance','2036'),(561,'Finance','2037'),(562,'Finance','2038'),(563,'Finance','2039'),(564,'Finance','2040'),(565,'Finance','2041'),(566,'Finance','2042'),(567,'Finance','2043'),(568,'Finance','2044'),(569,'Finance','2045'),(570,'Finance','2046'),(571,'Finance','2047'),(572,'Finance','2048'),(573,'Finance','2049'),(574,'Finance','2050'),(575,'Finance','2051'),(576,'Finance','2052'),(577,'Finance','2053'),(578,'Finance','2054'),(579,'Finance','2055'),(580,'Finance','2056'),(581,'Finance','2057'),(582,'Finance','2058'),(583,'Finance','2059'),(584,'Finance','2060'),(585,'Finance','2061'),(586,'Finance','2062'),(587,'Finance','2063'),(588,'Finance','2064'),(589,'Finance','2065'),(590,'Finance','2066'),(591,'Finance','2067'),(592,'Finance','2068'),(593,'Finance','2069'),(594,'Finance','2070'),(595,'Finance','2071'),(596,'Finance','2072'),(597,'Finance','2073'),(598,'Finance','2074'),(599,'Finance','2075'),(600,'Finance','2076'),(601,'Finance','2077'),(602,'Finance','2078'),(603,'Finance','2079'),(604,'Finance','2080'),(605,'Finance','2081'),(606,'Finance','2082'),(607,'Finance','2083'),(608,'Finance','2084'),(609,'Finance','2085'),(610,'Finance','2086'),(611,'Finance','2087'),(612,'Finance','2088'),(613,'Finance','2089'),(614,'Finance','2090'),(615,'Finance','2091'),(616,'Finance','2092'),(617,'Finance','2093'),(618,'Finance','2094'),(619,'Finance','2095'),(620,'Finance','2096'),(621,'Finance','2097'),(622,'Finance','2098'),(623,'Finance','2099'),(624,'Finance','2100'),(625,'Finance','2101'),(626,'Finance','2102'),(627,'Finance','2103'),(628,'Finance','2104'),(629,'Finance','2105'),(630,'Finance','2106'),(631,'Finance','2107'),(632,'Finance','2108'),(633,'Finance','2109'),(634,'Finance','2110'),(635,'Finance','2111'),(636,'Finance','2112'),(637,'Finance','2113'),(638,'Finance','2114'),(639,'Finance','2115'),(640,'Finance','2116'),(641,'Finance','2117'),(642,'Finance','2118'),(643,'Finance','2119'),(644,'Finance','2120'),(645,'Finance','2121'),(646,'Finance','2122'),(647,'Finance','2123'),(648,'Finance','2124'),(649,'Finance','2125'),(650,'Finance','2126'),(651,'Finance','2127'),(652,'Finance','2128'),(653,'Finance','2129'),(654,'Finance','2130'),(655,'Finance','2131'),(656,'Finance','2132'),(657,'Finance','2133'),(658,'Finance','2134'),(659,'Finance','2135'),(660,'Finance','2136'),(661,'Finance','2137'),(662,'Finance','2138'),(663,'Finance','2139'),(664,'Finance','2140'),(665,'Finance','2141'),(666,'Finance','2142'),(667,'Finance','2143'),(668,'Finance','2144'),(669,'Finance','2145'),(670,'Finance','2146'),(671,'Finance','2147'),(672,'Finance','2148'),(673,'Finance','2149'),(674,'Finance','2150'),(675,'Finance','2151'),(676,'Finance','2152'),(677,'Finance','2153'),(678,'Finance','2154'),(679,'Finance','2155'),(680,'Finance','2156'),(681,'Finance','2157'),(682,'Finance','2158'),(683,'Finance','2159'),(684,'Finance','2160'),(685,'Finance','2161'),(686,'Finance','2162'),(687,'Finance','2163'),(688,'Finance','2164'),(689,'Finance','2165'),(690,'Finance','2166'),(691,'Finance','2167'),(692,'Finance','2168'),(693,'Finance','2169'),(694,'Finance','2170'),(695,'Finance','2171'),(696,'Finance','2172'),(697,'Finance','2173'),(698,'Finance','2174'),(699,'Finance','2175'),(700,'Finance','2176'),(701,'Finance','2177'),(702,'Finance','2178'),(703,'Finance','2179'),(704,'Finance','2180'),(705,'Finance','2181'),(706,'Finance','2182'),(707,'Finance','2183'),(708,'Finance','2184'),(709,'Finance','2185'),(710,'Finance','2186'),(711,'Finance','2187'),(712,'Finance','2188'),(713,'Finance','2189'),(714,'Finance','2190'),(715,'Finance','2191'),(716,'Finance','2192'),(717,'Finance','2193'),(718,'Finance','2194'),(719,'Finance','2195'),(720,'Finance','2196'),(721,'Finance','2197'),(722,'Finance','2198'),(723,'Finance','2199'),(724,'Finance','2200'),(725,'Finance','2201'),(726,'Finance','2202'),(727,'Finance','2203'),(728,'Finance','2204'),(729,'Finance','2205'),(730,'Finance','2206'),(731,'Finance','2207'),(732,'Finance','2208'),(733,'Finance','2209'),(734,'Finance','2210'),(735,'Finance','2211'),(736,'Finance','2212'),(737,'Finance','2213'),(738,'Finance','2214'),(739,'Finance','2215'),(740,'Finance','2216'),(741,'Finance','2217'),(742,'Finance','2218'),(743,'Finance','2219'),(744,'Finance','2220'),(745,'Finance','2221'),(746,'Finance','2222'),(747,'Finance','2223'),(748,'Finance','2224'),(749,'Finance','2225'),(750,'Finance','2226'),(751,'Finance','2227'),(752,'Finance','2228'),(753,'Finance','2229'),(754,'Finance','2230'),(755,'Finance','2231'),(756,'Finance','2232'),(757,'Finance','2233'),(758,'Finance','2234'),(759,'Finance','2235'),(760,'Finance','2236'),(761,'Finance','2237'),(762,'Finance','2238'),(763,'Finance','2239'),(764,'Finance','2240'),(765,'Finance','2241'),(766,'Finance','2242'),(767,'Finance','2243'),(768,'Finance','2244'),(769,'Finance','2245'),(770,'Finance','2246'),(771,'Finance','2247'),(772,'Finance','2248'),(773,'Finance','2249'),(774,'Finance','2250'),(775,'Finance','2251'),(776,'Finance','2252'),(777,'Finance','2253'),(778,'Finance','2254'),(779,'Finance','2255'),(780,'Finance','2256'),(781,'Finance','2257'),(782,'Finance','2258'),(783,'Finance','2259'),(784,'Finance','2260'),(785,'Finance','2261'),(786,'Finance','2262'),(787,'Finance','2263'),(788,'Finance','2264'),(789,'Finance','2265'),(790,'Finance','2266'),(791,'Finance','2267'),(792,'Finance','2268'),(793,'Finance','2269'),(794,'Finance','2270'),(795,'Finance','2271'),(796,'Finance','2272'),(797,'Finance','2273'),(798,'Finance','2274'),(799,'Finance','2275'),(800,'Finance','2276'),(801,'Finance','2277'),(802,'Finance','2278'),(803,'Finance','2279'),(804,'Finance','2280'),(805,'Finance','2281'),(806,'Finance','2282'),(807,'Finance','2283'),(808,'Finance','2284'),(809,'Finance','2285'),(810,'Finance','2286'),(811,'Finance','2287'),(812,'Finance','2288'),(813,'Finance','2289'),(814,'Finance','2290'),(815,'Finance','2291'),(816,'Finance','2292'),(817,'Finance','2293'),(818,'Finance','2294'),(819,'Finance','2295'),(820,'Finance','2296'),(821,'Finance','2297'),(822,'Finance','2298'),(823,'Finance','2299'),(824,'Finance','2300'),(825,'Finance','2301'),(826,'Finance','2302'),(827,'Finance','2303'),(828,'Finance','2304'),(829,'Finance','2305'),(830,'Finance','2306'),(831,'Finance','2307'),(832,'Finance','2308'),(833,'Finance','2309'),(834,'Finance','2310'),(835,'Finance','2311'),(836,'Finance','2312'),(837,'Finance','2313'),(838,'Finance','2314'),(839,'Finance','2315'),(840,'Finance','2316'),(841,'Finance','2317'),(842,'Finance','2318'),(843,'Finance','2319'),(844,'Finance','2320'),(845,'Finance','2321'),(846,'Finance','2322'),(847,'Finance','2323'),(848,'Finance','2324'),(849,'Finance','2325'),(850,'Finance','2326'),(851,'Finance','2327'),(852,'Finance','2328'),(853,'Finance','2329'),(854,'Finance','2330'),(855,'Finance','2331'),(856,'Finance','2332'),(857,'Finance','2333'),(858,'Finance','2334'),(859,'Finance','2335'),(860,'Finance','2336'),(861,'Finance','2337'),(862,'Finance','2338'),(863,'Finance','2339'),(864,'Finance','2340'),(865,'Finance','2341'),(866,'Finance','2342'),(867,'Finance','2343'),(868,'Finance','2344'),(869,'Finance','2345'),(870,'Finance','2346'),(871,'Finance','2347'),(872,'Finance','2348'),(873,'Finance','2349'),(874,'Finance','2350'),(875,'Finance','2351'),(876,'Finance','2352'),(877,'Finance','2353'),(878,'Finance','2354'),(879,'Finance','2355'),(880,'Finance','2356'),(881,'Finance','2357'),(882,'Finance','2358'),(883,'Finance','2359'),(884,'Finance','2360'),(885,'Finance','2361'),(886,'Finance','2362'),(887,'Finance','2363'),(888,'Finance','2364'),(889,'Finance','2365'),(890,'Finance','2366'),(891,'Finance','2367'),(892,'Finance','2368'),(893,'Finance','2369'),(894,'Finance','2370'),(895,'Finance','2371'),(896,'Finance','2372'),(897,'Finance','2373'),(898,'Finance','2374'),(899,'Finance','2375'),(900,'Finance','2376'),(901,'Finance','2377'),(902,'Finance','2378'),(903,'Finance','2379'),(904,'Finance','2380'),(905,'Finance','2381'),(906,'Finance','2382'),(907,'Finance','2383'),(908,'Finance','2384'),(909,'Finance','2385'),(910,'Finance','2386'),(911,'Finance','2387'),(912,'Finance','2388'),(913,'Finance','2389'),(914,'Finance','2390'),(915,'Finance','2391'),(916,'Finance','2392'),(917,'Finance','2393'),(918,'Finance','2394'),(919,'Finance','2395'),(920,'Finance','2396'),(921,'Finance','2397'),(922,'Finance','2398'),(923,'Finance','2399'),(924,'Finance','2400'),(925,'Finance','2401'),(926,'Finance','2402'),(927,'Finance','2403'),(928,'Finance','2404'),(929,'Finance','2405'),(930,'Finance','2406'),(931,'Finance','2407'),(932,'Finance','2408'),(933,'Finance','2409'),(934,'Finance','2410'),(935,'Finance','2411'),(936,'Finance','2412'),(937,'Finance','2413'),(938,'Finance','2414'),(939,'Finance','2415'),(940,'Finance','2416'),(941,'Finance','2417'),(942,'Finance','2418'),(943,'Finance','2419'),(944,'Finance','2420'),(945,'Finance','2421'),(946,'Finance','2422'),(947,'Finance','2423'),(948,'Finance','2424'),(949,'Finance','2425'),(950,'Finance','2426'),(951,'Finance','2427'),(952,'Finance','2428'),(953,'Finance','2429'),(954,'Finance','2430'),(955,'Finance','2431'),(956,'Finance','2432'),(957,'Finance','2433'),(958,'Finance','2434'),(959,'Finance','2435'),(960,'Finance','2436'),(961,'Finance','2437'),(962,'Finance','2438'),(963,'Finance','2439'),(964,'Finance','2440'),(965,'Finance','2441'),(966,'Finance','2442'),(967,'Finance','2443'),(968,'Finance','2444'),(969,'Finance','2445'),(970,'Finance','2446'),(971,'Finance','2447'),(972,'Finance','2448'),(973,'Finance','2449'),(974,'Finance','2450'),(975,'Finance','2451'),(976,'Finance','2452'),(977,'Finance','2453'),(978,'Finance','2454'),(979,'Finance','2455'),(980,'Finance','2456'),(981,'Finance','2457'),(982,'Finance','2458'),(983,'Finance','2459'),(984,'Finance','2460'),(985,'Finance','2461'),(986,'Finance','2462'),(987,'Finance','2463'),(988,'Finance','2464'),(989,'Finance','2465'),(990,'Finance','2466'),(991,'Finance','2467'),(992,'Finance','2468'),(993,'Finance','2469'),(994,'Finance','2470'),(995,'Finance','2471'),(996,'Finance','2472'),(997,'Finance','2473'),(998,'Finance','2474'),(999,'Finance','2475'),(1000,'Finance','2476'),(1001,'Finance','2477'),(1002,'Finance','2478'),(1003,'Finance','2479'),(1004,'Finance','2480'),(1005,'Finance','2481'),(1006,'Finance','2482'),(1007,'Finance','2483'),(1008,'Chargé de Mission','2018'),(1009,'Gestion de Paie','2018'),(1010,'Chargé Clientèle','2018'),(1011,'Directrice','2018'),(1012,'Gestion de donnée','2018'),(1013,'Directeur','2018'),(1014,'Contrôleur','2018'),(1015,'Juridique','2018'),(1016,'Consultant','2018'),(1017,'septembre','2018'),(1018,'août','2018'),(1019,'semestre 2','2018'),(1020,'Juillet','2018'),(1021,'Octobre','2018'),(1022,'Comptabilité et Finance','2018'),(1023,'Zoely','2018'),(1024,'Decembre','2018'),(1025,'Novembre','2018'),(1026,'Janvier','2019'),(1027,'Vijesh','2018'),(1028,'Vijesh','2019'),(1029,'Finaritra','2018'),(1030,'Finaritra','2019'),(1031,'Miora','2018'),(1032,'juin','2019'),(1033,'Responsable Formation','2019'),(1034,'Marketing','2019'),(1035,'Gestion de paie','2019'),(1036,'Mai','2019'),(1037,'Expression','2019'),(1038,'Juridique','2019'),(1039,'Gestion de comptes','2019'),(1040,'Graphisme','2019'),(1041,'Chargé d’affaires','2019'),(1042,'newsletter','2019'),(1043,'suffixe','millésime'),(1044,'Février','2019'),(1045,'Mars','2019'),(1046,'Avril','2019'),(1047,'juillet','2019'),(1048,'Informatique','2019'),(1049,'Gestion de Projet','2019'),(1050,'Comptabilité','2019'),(1051,'Ingénieur','2019'),(1052,'Etudes et Clientèle','2019'),(1053,'Transport','2019'),(1054,'Responsable Patrimoine','2019'),(1055,'Transport et logistique','2019'),(1056,'Architecte','2019'),(1057,'Chimie','2019'),(1058,'PP','2019'),(1059,'Commercial','2019'),(1060,'Transport et sécurité','2019'),(1061,'Inspecteur','2019'),(1062,'HELENE','2019'),(1063,'RICHARD','2019'),(1064,'Directeur Recherche et Innovation','2019'),(1065,'RH','2019'),(1066,'BTP','2019'),(1067,'Responsable agronomique','2019'),(1068,'Stage','2019'),(1069,'Contrôle de gestion','2019'),(1070,'Administrateur','2019'),(1071,'Administrateur','2437'),(1072,'Administrateur','2438'),(1073,'AOUT','2019'),(1074,'Octobre','2019'),(1075,'Logistique','2019'),(1076,'Service Mécanique','2019'),(1077,'Directeur','2019'),(1078,'Gestion de Projets','2018'),(1079,'Chef de projet','2019'),(1080,'Process','2019'),(1081,'Design','2019'),(1082,'Décor','2019'),(1083,'Gestion de Projet/Contrôle interne','2019'),(1084,'Chargé d\'affaires','2019'),(1085,'Agent de facturation','2019'),(1086,'RH','2020'),(1087,'Contrôleur de gestion','2020'),(1088,'N/A','2020'),(1089,'Service client','2020'),(1090,'F2P','2019'),(1091,'Decembre','2019'),(1092,'JANVIER','2020'),(1093,'Project management','2020'),(1094,'Directeur','2020'),(1095,'Rédacteur en Chef','2020'),(1096,'Legal','2020'),(1097,'FEVRIER','2020'),(1098,'Ressources humaines','2020'),(1099,'Ingénieur','2020'),(1100,'Formation','2020'),(1101,'Logistique','2020'),(1102,'Commercial','2020'),(1103,'MARS','2020'),(1104,'DESIGNER','2020'),(1105,'Marketing','2020'),(1106,'Informatique','2020'),(1107,'Bill Gates','2020'),(1108,'AVRIL','2020'),(1109,'MANAGEMENT','2020'),(1110,'Auditeur','2020'),(1111,'Comptabilité','2020'),(1112,'Construction','2020'),(1113,'19','2020'),(1114,'Convoyeur','2020'),(1115,'MAI','2020'),(1116,'Gestion de projet','2020'),(1117,'Responsable Formation','2020'),(1118,'Relation client','2020'),(1119,'Responsable gestion','2020'),(1120,'Chef de projet Event & Shopper','2020'),(1121,'Directeur opérationnel','2021'),(1122,'Data','2021'),(1123,'Recrutement','2021'),(1124,'Analyse données','2021'),(1125,'Responsable opérationnel','2021'),(1126,'Directeur','2021'),(1127,'Ingénierie','2021'),(1128,'Médical','2020'),(1129,'Informatique','2021'),(1130,'Ingénieur de données','2021'),(1131,'Assistante de direction','2021'),(1132,'Enseignement','2021'),(1133,'Directrice de projet','2021'),(1134,'Ingénieur','2021'),(1135,'Gestion de données informatiques','2021'),(1136,'RRH','2021'),(1137,'Gestion de projet','2021'),(1138,'Gestion de projet, CRM et Comptabilité','2021'),(1139,'Médical','2021'),(1140,'Gestion de projets, Informatique','2021'),(1141,'Comptabilité','2021'),(1142,'Négociation','2021'),(1143,'Formation','2021'),(1144,'Chef d\'équipe','2021'),(1145,'Communication','2021'),(1146,'Marketing','2308'),(1147,'Marketing','2224'),(1148,'Marketing','2225'),(1149,'Marketing','2309'),(1150,'Marketing','2180'),(1151,'Marketing','2145'),(1152,'Marketing','2097'),(1153,'Marketing','2363'),(1154,'Marketing','2152'),(1155,'Marketing','2039'),(1156,'Marketing','2153'),(1157,'Marketing','2037'),(1158,'Marketing','2171'),(1159,'Marketing','2024'),(1160,'Marketing','2071'),(1161,'Marketing','2465'),(1162,'Marketing','2407'),(1163,'Marketing','2408'),(1164,'Marketing','2409'),(1165,'Marketing','2466'),(1166,'Marketing','2364'),(1167,'Marketing','2467'),(1168,'Marketing','2468'),(1169,'Marketing','2195'),(1170,'Marketing','2041'),(1171,'Marketing','2141'),(1172,'Marketing','2365'),(1173,'Marketing','2095'),(1174,'Marketing','2129'),(1175,'Marketing','2131'),(1176,'Marketing','2190'),(1177,'Marketing','2028'),(1178,'Marketing','2155'),(1179,'Marketing','2100'),(1180,'Marketing','2189'),(1181,'Marketing','2226'),(1182,'Marketing','2094'),(1183,'Marketing','2366'),(1184,'Marketing','2367'),(1185,'Marketing','2069'),(1186,'Marketing','2469'),(1187,'Marketing','2470'),(1188,'Marketing','2310'),(1189,'Marketing','2023'),(1190,'Marketing','2068'),(1191,'Marketing','2471'),(1192,'Marketing','2472'),(1193,'Marketing','2473'),(1194,'Marketing','2311'),(1195,'Marketing','2312'),(1196,'Marketing','2474'),(1197,'Marketing','2475'),(1198,'Marketing','2227'),(1199,'Marketing','2313'),(1200,'Marketing','2314'),(1201,'Marketing','2315'),(1202,'Marketing','2228'),(1203,'Marketing','2229'),(1204,'Marketing','2230'),(1205,'Marketing','2316'),(1206,'Marketing','2231'),(1207,'Marketing','2317'),(1208,'Marketing','2318'),(1209,'Marketing','2319'),(1210,'Marketing','2232'),(1211,'Marketing','2233'),(1212,'Marketing','2320'),(1213,'Marketing','2234'),(1214,'Marketing','2235'),(1215,'Marketing','2321'),(1216,'Marketing','2322'),(1217,'Marketing','2323'),(1218,'Marketing','2368'),(1219,'Marketing','2476'),(1220,'Marketing','2139'),(1221,'Marketing','2477'),(1222,'Marketing','2410'),(1223,'Marketing','2478'),(1224,'Marketing','2411'),(1225,'Marketing','2236'),(1226,'Marketing','2237'),(1227,'Marketing','2149'),(1228,'Marketing','2412'),(1229,'Marketing','2126'),(1230,'Marketing','2204'),(1231,'Marketing','2220'),(1232,'Marketing','2093'),(1233,'Marketing','2479'),(1234,'Marketing','2413'),(1235,'Marketing','2238'),(1236,'Marketing','2369'),(1237,'Marketing','2117'),(1238,'Marketing','2168'),(1239,'Marketing','2179'),(1240,'Marketing','2480'),(1241,'Marketing','2414'),(1242,'Marketing','2481'),(1243,'Marketing','2482'),(1244,'Marketing','2415'),(1245,'Marketing','2416'),(1246,'Marketing','2417'),(1247,'Marketing','2418'),(1248,'Marketing','2483'),(1249,'Marketing','2239'),(1250,'Marketing','2240'),(1251,'Marketing','2241'),(1252,'Marketing','2242'),(1253,'Marketing','2070'),(1254,'Marketing','2124'),(1255,'Marketing','2086'),(1256,'Marketing','2185'),(1257,'Marketing','2192'),(1258,'Marketing','2076'),(1259,'Marketing','2077'),(1260,'Marketing','2150'),(1261,'Marketing','2219'),(1262,'Marketing','2040'),(1263,'Marketing','2208'),(1264,'Marketing','2212'),(1265,'Marketing','2181'),(1266,'Marketing','2178'),(1267,'Marketing','2419'),(1268,'Marketing','2420'),(1269,'Marketing','2089'),(1270,'Marketing','2137'),(1271,'Marketing','2118'),(1272,'Marketing','2047'),(1273,'Marketing','2200'),(1274,'Marketing','2370'),(1275,'Marketing','2324'),(1276,'Marketing','2325'),(1277,'Marketing','2326'),(1278,'Marketing','2130'),(1279,'Marketing','2327'),(1280,'Marketing','2087'),(1281,'Marketing','2184'),(1282,'Marketing','2421'),(1283,'Marketing','2127'),(1284,'Marketing','2111'),(1285,'Marketing','2243'),(1286,'Marketing','2217'),(1287,'Marketing','2066'),(1288,'Marketing','2067'),(1289,'Marketing','2371'),(1290,'Marketing','2049'),(1291,'Marketing','2074'),(1292,'Marketing','2051'),(1293,'Marketing','2042'),(1294,'Marketing','2422'),(1295,'Marketing','2144'),(1296,'Marketing','2099'),(1297,'Marketing','2053'),(1298,'Marketing','2423'),(1299,'Marketing','2424'),(1300,'Marketing','2425'),(1301,'Marketing','2426'),(1302,'Marketing','2427'),(1303,'Marketing','2428'),(1304,'Marketing','2429'),(1305,'Marketing','2205'),(1306,'Marketing','2430'),(1307,'Marketing','2431'),(1308,'Marketing','2432'),(1309,'Marketing','2484'),(1310,'Marketing','2105'),(1311,'Marketing','2372'),(1312,'Marketing','2485'),(1313,'Marketing','2046'),(1314,'Marketing','2114'),(1315,'Marketing','2433'),(1316,'Marketing','2055'),(1317,'Marketing','2486'),(1318,'Marketing','2434'),(1319,'Marketing','2373'),(1320,'Marketing','2374'),(1321,'Marketing','2084'),(1322,'Marketing','2435'),(1323,'Marketing','2092'),(1324,'Marketing','2096'),(1325,'Marketing','2215'),(1326,'Marketing','2218'),(1327,'Marketing','2487'),(1328,'Marketing','2488'),(1329,'Marketing','2489'),(1330,'Marketing','2490'),(1331,'Marketing','2491'),(1332,'Marketing','2375'),(1333,'Marketing','2056'),(1334,'Marketing','2436'),(1335,'Marketing','2159'),(1336,'Marketing','2437'),(1337,'Marketing','2438'),(1338,'Marketing','2244'),(1339,'Marketing','2164'),(1340,'Marketing','2163'),(1341,'Marketing','2173'),(1342,'Marketing','2148'),(1343,'Marketing','2035'),(1344,'Marketing','2439'),(1345,'Marketing','2075'),(1346,'Marketing','2079'),(1347,'Marketing','2078'),(1348,'Marketing','2081'),(1349,'Marketing','2169'),(1350,'Marketing','2174'),(1351,'Marketing','2203'),(1352,'Marketing','2085'),(1353,'Marketing','2121'),(1354,'Marketing','2245'),(1355,'Marketing','2246'),(1356,'Marketing','2247'),(1357,'Marketing','2328'),(1358,'Marketing','2248'),(1359,'Marketing','2376'),(1360,'Marketing','2377'),(1361,'Marketing','2378'),(1362,'Marketing','2379'),(1363,'Marketing','2380'),(1364,'Marketing','2381'),(1365,'Marketing','2249'),(1366,'Marketing','2329'),(1367,'Marketing','2250'),(1368,'Marketing','2251'),(1369,'Marketing','2330'),(1370,'Marketing','2252'),(1371,'Marketing','2331'),(1372,'Marketing','2253'),(1373,'Marketing','2332'),(1374,'Marketing','2254'),(1375,'Marketing','2333'),(1376,'Marketing','2255'),(1377,'Marketing','2256'),(1378,'Marketing','2334'),(1379,'Marketing','2335'),(1380,'Marketing','2336'),(1381,'Marketing','2257'),(1382,'Marketing','2258'),(1383,'Marketing','2259'),(1384,'Marketing','2260'),(1385,'Marketing','2337'),(1386,'Marketing','2261'),(1387,'Marketing','2338'),(1388,'Marketing','2339'),(1389,'Marketing','2340'),(1390,'Marketing','2341'),(1391,'Marketing','2342'),(1392,'Marketing','2343'),(1393,'Marketing','2344'),(1394,'Marketing','2262'),(1395,'Marketing','2263'),(1396,'Marketing','2264'),(1397,'Marketing','2345'),(1398,'Marketing','2265'),(1399,'Marketing','2266'),(1400,'Marketing','2267'),(1401,'Marketing','2440'),(1402,'Marketing','2268'),(1403,'Marketing','2269'),(1404,'Marketing','2211'),(1405,'Marketing','2098'),(1406,'Marketing','2441'),(1407,'Marketing','2492'),(1408,'Marketing','2493'),(1409,'Marketing','2494'),(1410,'Marketing','2270'),(1411,'Marketing','2271'),(1412,'Marketing','2442'),(1413,'Marketing','2104'),(1414,'Marketing','2272'),(1415,'Marketing','2495'),(1416,'Marketing','2273'),(1417,'Marketing','2103'),(1418,'Marketing','2196'),(1419,'Marketing','2274'),(1420,'Marketing','2275'),(1421,'Marketing','2276'),(1422,'Marketing','2443'),(1423,'Marketing','2444'),(1424,'Marketing','2277'),(1425,'Marketing','2278'),(1426,'Marketing','2279'),(1427,'Marketing','2280'),(1428,'Marketing','2216'),(1429,'Marketing','2382'),(1430,'Marketing','2138'),(1431,'Marketing','2029'),(1432,'Marketing','2147'),(1433,'Marketing','2199'),(1434,'Marketing','2125'),(1435,'Marketing','2132'),(1436,'Marketing','2133'),(1437,'Marketing','2134'),(1438,'Marketing','2346'),(1439,'Marketing','2080'),(1440,'Marketing','2496'),(1441,'Marketing','2497'),(1442,'Marketing','2136'),(1443,'Marketing','2498'),(1444,'Marketing','2499'),(1445,'Marketing','2108'),(1446,'Marketing','2052'),(1447,'Marketing','2281'),(1448,'Marketing','2282'),(1449,'Marketing','2283'),(1450,'Marketing','2284'),(1451,'Marketing','2347'),(1452,'Marketing','2285'),(1453,'Marketing','2286'),(1454,'Marketing','2348'),(1455,'Marketing','2287'),(1456,'Marketing','2349'),(1457,'Marketing','2350'),(1458,'Marketing','2288'),(1459,'Marketing','2289'),(1460,'Marketing','2500'),(1461,'Marketing','2501'),(1462,'Marketing','2502'),(1463,'Marketing','2290'),(1464,'Marketing','2209'),(1465,'Marketing','2197'),(1466,'Marketing','2201'),(1467,'Marketing','2183'),(1468,'Marketing','2140'),(1469,'Marketing','2187'),(1470,'Marketing','2503'),(1471,'Marketing','2291'),(1472,'Marketing','2351'),(1473,'Marketing','2352'),(1474,'Marketing','2172'),(1475,'Marketing','2383'),(1476,'Marketing','2188'),(1477,'Marketing','2504'),(1478,'Marketing','2044'),(1479,'Marketing','2445'),(1480,'Marketing','2043'),(1481,'Marketing','2176'),(1482,'Marketing','2027'),(1483,'Marketing','2292'),(1484,'Marketing','2293'),(1485,'Marketing','2193'),(1486,'Marketing','2353'),(1487,'Marketing','2354'),(1488,'Marketing','2355'),(1489,'Marketing','2446'),(1490,'Marketing','2115'),(1491,'Marketing','2162'),(1492,'Marketing','2505'),(1493,'Marketing','2146'),(1494,'Marketing','2447'),(1495,'Marketing','2506'),(1496,'Marketing','2507'),(1497,'Marketing','2508'),(1498,'Marketing','2448'),(1499,'Marketing','2165'),(1500,'Marketing','2158'),(1501,'Marketing','2143'),(1502,'Marketing','2142'),(1503,'Marketing','2449'),(1504,'Marketing','2450'),(1505,'Marketing','2113'),(1506,'Marketing','2384'),(1507,'Marketing','2385'),(1508,'Marketing','2386'),(1509,'Marketing','2387'),(1510,'Marketing','2388'),(1511,'Marketing','2389'),(1512,'Marketing','2390'),(1513,'Marketing','2391'),(1514,'Marketing','2392'),(1515,'Marketing','2393'),(1516,'Marketing','2394'),(1517,'Marketing','2451'),(1518,'Marketing','2509'),(1519,'Marketing','2207'),(1520,'Marketing','2452'),(1521,'Marketing','2510'),(1522,'Marketing','2453'),(1523,'Marketing','2177'),(1524,'Marketing','2454'),(1525,'Marketing','2022'),(1526,'Marketing','2511'),(1527,'Marketing','2512'),(1528,'Marketing','2513'),(1529,'Marketing','2455'),(1530,'Marketing','2456'),(1531,'Marketing','2457'),(1532,'Marketing','2514'),(1533,'Marketing','2033'),(1534,'Marketing','2135'),(1535,'Marketing','2222'),(1536,'Marketing','2223'),(1537,'Marketing','2395'),(1538,'Marketing','2396'),(1539,'Marketing','2515'),(1540,'Marketing','2516'),(1541,'Marketing','2517'),(1542,'Marketing','2518'),(1543,'Marketing','2519'),(1544,'Marketing','2356'),(1545,'Marketing','2357'),(1546,'Marketing','2294'),(1547,'Marketing','2295'),(1548,'Marketing','2358'),(1549,'Marketing','2296'),(1550,'Marketing','2297'),(1551,'Marketing','2298'),(1552,'Marketing','2458'),(1553,'Marketing','2154'),(1554,'Marketing','2182'),(1555,'Marketing','2191'),(1556,'Marketing','2032'),(1557,'Marketing','2058'),(1558,'Marketing','2031'),(1559,'Marketing','2061'),(1560,'Marketing','2059'),(1561,'Marketing','2054'),(1562,'Marketing','2063'),(1563,'Marketing','2057'),(1564,'Marketing','2030'),(1565,'Marketing','2123'),(1566,'Marketing','2110'),(1567,'Marketing','2194'),(1568,'Marketing','2520'),(1569,'Marketing','2026'),(1570,'Marketing','2109'),(1571,'Marketing','2299'),(1572,'Marketing','2300'),(1573,'Marketing','2160'),(1574,'Marketing','2065'),(1575,'Marketing','2064'),(1576,'Marketing','2161'),(1577,'Marketing','2206'),(1578,'Marketing','2091'),(1579,'Marketing','2459'),(1580,'Marketing','2073'),(1581,'Marketing','2072'),(1582,'Marketing','2175'),(1583,'Marketing','2151'),(1584,'Marketing','2119'),(1585,'Marketing','2088'),(1586,'Marketing','2397'),(1587,'Marketing','2122'),(1588,'Marketing','2120'),(1589,'Marketing','2050'),(1590,'Marketing','2090'),(1591,'Marketing','2083'),(1592,'Marketing','2107'),(1593,'Marketing','2048'),(1594,'Marketing','2521'),(1595,'Marketing','2460'),(1596,'Marketing','2202'),(1597,'Marketing','2398'),(1598,'Marketing','2399'),(1599,'Marketing','2461'),(1600,'Marketing','2359'),(1601,'Marketing','2170'),(1602,'Marketing','2400'),(1603,'Marketing','2522'),(1604,'Marketing','2462'),(1605,'Marketing','2106'),(1606,'Marketing','2213'),(1607,'Marketing','2102'),(1608,'Marketing','2523'),(1609,'Marketing','2360'),(1610,'Marketing','2301'),(1611,'Marketing','2401'),(1612,'Marketing','2156'),(1613,'Marketing','2128'),(1614,'Marketing','2524'),(1615,'Marketing','2525'),(1616,'Marketing','2025'),(1617,'Marketing','2045'),(1618,'Marketing','2402'),(1619,'Marketing','2403'),(1620,'Marketing','2526'),(1621,'Marketing','2186'),(1622,'Marketing','2112'),(1623,'Marketing','2527'),(1624,'Marketing','2528'),(1625,'Marketing','2529'),(1626,'Marketing','2530'),(1627,'Marketing','2404'),(1628,'Marketing','2405'),(1629,'Marketing','2302'),(1630,'Marketing','2303'),(1631,'Marketing','2463'),(1632,'Marketing','2531'),(1633,'Marketing','2021'),(1634,'Marketing','2038'),(1635,'Marketing','2210'),(1636,'Marketing','2198'),(1637,'Marketing','2221'),(1638,'Marketing','2406'),(1639,'Marketing','2532'),(1640,'Marketing','2036'),(1641,'Marketing','2167'),(1642,'Marketing','2166'),(1643,'Marketing','2157'),(1644,'Marketing','2101'),(1645,'Marketing','2464'),(1646,'Marketing','2533'),(1647,'Marketing','2082'),(1648,'Marketing','2116'),(1649,'Marketing','2062'),(1650,'Marketing','2060'),(1651,'Marketing','2361'),(1652,'Marketing','2362'),(1653,'Marketing','2304'),(1654,'Marketing','2305'),(1655,'Marketing','2306'),(1656,'Marketing','2307'),(1657,'Marketing','2534'),(1658,'Marketing','2535'),(1659,'Marketing','2034'),(1660,'Marketing','2214'),(1661,'Environnement','2021');

--
-- Table structure for table `suffixe_societe`
--

CREATE TABLE `suffixe_societe` (
  `id_suffixe_societe` int(55) NOT NULL AUTO_INCREMENT,
  `id_suffixe` int(11) DEFAULT NULL,
  `id_societe` int(11) DEFAULT NULL,
  PRIMARY KEY (`id_suffixe_societe`),
  KEY `IDX_17BB08E2C7F894CD` (`id_societe`),
  KEY `IDX_17BB08E250999C7E` (`id_suffixe`),
  CONSTRAINT `FK_17BB08E250999C7E` FOREIGN KEY (`id_suffixe`) REFERENCES `suffixe` (`id_suffixe`),
  CONSTRAINT `FK_17BB08E2C7F894CD` FOREIGN KEY (`id_societe`) REFERENCES `societe` (`id_societe`)
) ENGINE=InnoDB AUTO_INCREMENT=1827 DEFAULT CHARSET=utf8 COLLATE=utf8_unicode_ci;

--
-- Dumping data for table `suffixe_societe`
--

INSERT INTO `suffixe_societe` VALUES (1,1,55),(2,2,1490),(3,3,1503),(4,4,187),(5,5,279),(6,2,1522),(7,4,1547),(8,6,1520),(9,7,474),(10,1,1543),(11,8,1551),(12,9,1521),(13,10,1521),(14,11,1521),(15,10,1522),(16,6,1552),(17,12,1552),(18,13,1518),(19,3,1518),(20,14,766),(21,15,1513),(22,16,1555),(23,2,1555),(24,17,1546),(25,17,843),(26,18,1506),(27,2,852),(28,9,1546),(29,19,1549),(30,9,1548),(31,6,1523),(32,20,1478),(33,3,1090),(34,21,1116),(35,22,1525),(36,9,1545),(37,23,1454),(38,9,1364),(39,24,1553),(40,25,1491),(41,26,1503),(42,27,1561),(43,28,168),(44,29,168),(45,30,168),(46,31,168),(47,32,168),(48,33,168),(49,34,168),(50,35,1505),(51,36,215),(52,37,279),(53,38,279),(54,39,303),(55,36,1502),(56,31,1514),(57,31,1550),(58,40,1550),(59,26,1515),(60,41,1497),(61,42,1497),(62,43,1543),(63,26,1543),(64,44,1507),(65,45,1507),(66,46,1518),(67,31,766),(68,47,766),(69,48,766),(70,38,1513),(71,49,1555),(72,38,811),(73,50,1499),(74,51,1506),(75,52,1506),(76,53,89),(77,43,89),(78,26,89),(79,54,89),(80,55,89),(81,56,89),(82,57,168),(83,58,168),(84,26,168),(85,59,168),(86,38,309),(87,60,309),(88,61,309),(89,62,1494),(90,63,1494),(91,64,1492),(92,65,1496),(93,66,1022),(94,67,1516),(95,68,1058),(96,69,1104),(97,26,1104),(98,70,1478),(99,62,1478),(100,71,1478),(101,72,1478),(102,73,1478),(103,26,1478),(104,31,1116),(105,74,1525),(106,63,1240),(107,70,1498),(108,64,1305),(109,75,1328),(110,31,1328),(111,76,1459),(112,77,1510),(113,78,1510),(114,79,785),(115,26,1360),(116,80,1366),(117,81,1380),(118,82,1421),(119,36,1421),(120,83,1421),(121,44,1441),(122,84,1441),(123,43,1441),(124,85,1454),(125,86,1495),(126,87,1570),(127,88,1570),(128,89,1478),(129,90,1478),(130,91,1478),(131,2,854),(132,9,854),(133,92,457),(134,93,457),(135,3,1502),(136,94,1502),(137,95,55),(138,96,55),(139,97,55),(140,19,1518),(141,98,1518),(142,99,1518),(143,9,1572),(144,100,1520),(145,99,1520),(146,101,1520),(147,102,1520),(148,94,1520),(149,6,409),(150,103,409),(151,104,1518),(152,3,303),(153,94,303),(154,3,179),(155,10,1487),(156,105,1487),(157,106,1487),(158,96,1487),(159,64,1487),(160,107,83),(161,2,102),(162,108,83),(163,9,409),(164,109,1487),(165,106,1519),(166,110,1113),(167,96,244),(168,11,1573),(169,111,1574),(170,112,1574),(171,92,1575),(172,113,1576),(173,114,1578),(174,115,1570),(175,116,1576),(176,112,1576),(177,117,1520),(178,118,854),(179,119,854),(180,120,1520),(181,121,1421),(182,122,309),(183,123,309),(184,124,309),(185,125,309),(186,126,309),(187,127,309),(188,128,309),(189,129,309),(190,130,309),(191,131,309),(192,132,309),(193,133,309),(194,134,309),(195,135,309),(196,136,309),(197,137,309),(198,138,309),(199,139,309),(200,140,309),(201,141,309),(202,142,309),(203,143,309),(204,144,309),(205,145,309),(206,146,309),(207,147,309),(208,148,309),(209,149,309),(210,150,309),(211,151,309),(212,152,309),(213,153,309),(214,154,309),(215,155,309),(216,156,309),(217,157,309),(218,158,309),(219,159,309),(220,160,309),(221,161,309),(222,162,309),(223,163,309),(224,164,309),(225,165,309),(226,166,309),(227,167,309),(228,168,309),(229,169,309),(230,170,309),(231,171,309),(232,172,309),(233,173,309),(234,174,309),(235,175,309),(236,176,309),(237,177,309),(238,178,309),(239,179,309),(240,180,309),(241,181,309),(242,182,309),(243,183,309),(244,184,309),(245,185,309),(246,186,309),(247,187,309),(248,188,309),(249,189,309),(250,190,309),(251,191,309),(252,192,309),(253,193,309),(254,194,309),(255,195,309),(256,196,309),(257,197,309),(258,198,309),(259,199,309),(260,200,309),(261,201,309),(262,202,309),(263,203,309),(264,204,309),(265,205,309),(266,206,309),(267,207,309),(268,208,309),(269,209,309),(270,210,309),(271,211,309),(272,212,309),(273,213,309),(274,214,309),(275,215,309),(276,216,309),(277,217,309),(278,218,309),(279,219,309),(280,220,309),(281,221,309),(282,222,309),(283,223,309),(284,224,309),(285,225,309),(286,226,309),(287,227,309),(288,228,309),(289,229,309),(290,230,309),(291,231,309),(292,232,309),(293,233,309),(294,234,309),(295,235,309),(296,236,309),(297,237,309),(298,238,309),(299,239,309),(300,240,309),(301,241,309),(302,242,309),(303,243,309),(304,244,309),(305,245,309),(306,246,309),(307,247,309),(308,248,309),(309,249,309),(310,250,309),(311,251,309),(312,252,309),(313,253,309),(314,254,309),(315,255,309),(316,256,309),(317,257,309),(318,258,309),(319,259,309),(320,260,309),(321,261,309),(322,262,309),(323,263,309),(324,264,309),(325,265,309),(326,266,309),(327,267,309),(328,268,309),(329,269,309),(330,270,309),(331,271,309),(332,272,309),(333,273,309),(334,274,309),(335,275,309),(336,276,309),(337,277,309),(338,278,309),(339,279,309),(340,280,309),(341,281,309),(342,282,309),(343,283,309),(344,284,309),(345,285,309),(346,286,309),(347,287,309),(348,288,309),(349,289,309),(350,290,309),(351,291,309),(352,292,309),(353,293,309),(354,294,309),(355,295,309),(356,296,309),(357,297,309),(358,298,309),(359,299,309),(360,300,309),(361,301,309),(362,302,309),(363,303,309),(364,304,309),(365,305,309),(366,306,309),(367,307,309),(368,308,309),(369,309,309),(370,310,309),(371,311,309),(372,312,309),(373,313,309),(374,314,309),(375,315,309),(376,316,309),(377,317,309),(378,318,309),(379,319,309),(380,320,309),(381,321,309),(382,322,309),(383,323,309),(384,324,309),(385,325,309),(386,326,309),(387,327,309),(388,328,309),(389,329,309),(390,330,309),(391,331,309),(392,332,309),(393,333,309),(394,334,309),(395,335,309),(396,336,309),(397,337,309),(398,338,309),(399,339,309),(400,340,309),(401,341,309),(402,342,309),(403,343,309),(404,344,309),(405,345,309),(406,346,309),(407,347,309),(408,348,309),(409,349,309),(410,350,309),(411,351,309),(412,352,309),(413,353,309),(414,354,309),(415,355,309),(416,356,309),(417,357,309),(418,358,309),(419,359,309),(420,360,309),(421,361,309),(422,362,309),(423,363,309),(424,364,309),(425,365,309),(426,366,309),(427,367,309),(428,368,309),(429,369,309),(430,370,309),(431,371,309),(432,372,309),(433,373,309),(434,374,309),(435,375,309),(436,376,309),(437,377,309),(438,378,309),(439,379,309),(440,380,309),(441,381,309),(442,382,309),(443,383,309),(444,384,309),(445,385,309),(446,386,309),(447,387,309),(448,388,309),(449,389,309),(450,390,309),(451,391,309),(452,392,309),(453,393,309),(454,394,309),(455,395,309),(456,396,309),(457,397,309),(458,398,309),(459,399,309),(460,400,309),(461,401,309),(462,402,309),(463,403,309),(464,404,309),(465,405,309),(466,406,309),(467,407,309),(468,408,309),(469,409,309),(470,410,309),(471,411,309),(472,412,309),(473,413,309),(474,414,309),(475,415,309),(476,416,309),(477,417,309),(478,418,309),(479,419,309),(480,420,309),(481,421,309),(482,422,309),(483,423,309),(484,424,309),(485,425,309),(486,426,309),(487,427,309),(488,428,309),(489,429,309),(490,430,309),(491,431,309),(492,432,309),(493,433,309),(494,434,309),(495,435,309),(496,436,309),(497,437,309),(498,438,309),(499,439,309),(500,440,309),(501,441,309),(502,442,309),(503,443,309),(504,444,309),(505,445,309),(506,446,309),(507,447,309),(508,448,309),(509,449,309),(510,450,309),(511,451,309),(512,452,309),(513,453,309),(514,454,309),(515,455,309),(516,456,309),(517,457,309),(518,458,309),(519,459,309),(520,460,309),(521,461,309),(522,462,309),(523,463,309),(524,464,309),(525,465,309),(526,466,309),(527,467,309),(528,468,309),(529,469,309),(530,470,309),(531,471,309),(532,472,309),(533,473,309),(534,474,309),(535,475,309),(536,476,309),(537,477,309),(538,478,309),(539,479,309),(540,480,309),(541,481,309),(542,482,309),(543,483,309),(544,484,309),(545,485,309),(546,486,309),(547,487,309),(548,488,309),(549,489,309),(550,490,309),(551,491,309),(552,492,309),(553,493,309),(554,494,309),(555,495,309),(556,496,309),(557,497,309),(558,498,309),(559,499,309),(560,500,309),(561,501,309),(562,502,309),(563,503,309),(564,504,309),(565,505,309),(566,506,309),(567,507,309),(568,508,309),(569,509,309),(570,510,309),(571,511,309),(572,512,309),(573,513,309),(574,514,309),(575,515,309),(576,516,309),(577,517,309),(578,518,309),(579,519,309),(580,520,309),(581,521,309),(582,522,309),(583,523,309),(584,524,309),(585,525,309),(586,526,309),(587,527,309),(588,528,309),(589,529,309),(590,530,309),(591,531,309),(592,532,309),(593,533,309),(594,534,309),(595,535,309),(596,536,309),(597,537,309),(598,538,309),(599,112,309),(600,114,817),(601,539,1579),(602,540,1577),(603,541,1477),(604,120,310),(605,542,303),(606,543,303),(607,544,303),(608,545,303),(609,546,303),(610,547,303),(611,548,303),(612,549,303),(613,550,303),(614,551,303),(615,552,303),(616,553,303),(617,554,303),(618,555,303),(619,556,303),(620,557,303),(621,558,303),(622,559,303),(623,560,303),(624,561,303),(625,562,303),(626,563,303),(627,564,303),(628,565,303),(629,566,303),(630,567,303),(631,568,303),(632,569,303),(633,570,303),(634,571,303),(635,572,303),(636,573,303),(637,574,303),(638,575,303),(639,576,303),(640,577,303),(641,578,303),(642,579,303),(643,580,303),(644,581,303),(645,582,303),(646,583,303),(647,584,303),(648,585,303),(649,586,303),(650,587,303),(651,588,303),(652,589,303),(653,590,303),(654,591,303),(655,592,303),(656,593,303),(657,594,303),(658,595,303),(659,596,303),(660,597,303),(661,598,303),(662,599,303),(663,600,303),(664,601,303),(665,602,303),(666,603,303),(667,604,303),(668,605,303),(669,606,303),(670,607,303),(671,608,303),(672,609,303),(673,610,303),(674,611,303),(675,612,303),(676,613,303),(677,614,303),(678,615,303),(679,616,303),(680,617,303),(681,618,303),(682,619,303),(683,620,303),(684,621,303),(685,622,303),(686,623,303),(687,624,303),(688,625,303),(689,626,303),(690,627,303),(691,628,303),(692,629,303),(693,630,303),(694,631,303),(695,632,303),(696,633,303),(697,634,303),(698,635,303),(699,636,303),(700,637,303),(701,638,303),(702,639,303),(703,640,303),(704,641,303),(705,642,303),(706,643,303),(707,644,303),(708,645,303),(709,646,303),(710,647,303),(711,648,303),(712,649,303),(713,650,303),(714,651,303),(715,652,303),(716,653,303),(717,654,303),(718,655,303),(719,656,303),(720,657,303),(721,658,303),(722,659,303),(723,660,303),(724,661,303),(725,662,303),(726,663,303),(727,664,303),(728,665,303),(729,666,303),(730,667,303),(731,668,303),(732,669,303),(733,670,303),(734,671,303),(735,672,303),(736,673,303),(737,674,303),(738,675,303),(739,676,303),(740,677,303),(741,678,303),(742,679,303),(743,680,303),(744,681,303),(745,682,303),(746,683,303),(747,684,303),(748,685,303),(749,686,303),(750,687,303),(751,688,303),(752,689,303),(753,690,303),(754,691,303),(755,692,303),(756,693,303),(757,694,303),(758,695,303),(759,696,303),(760,697,303),(761,698,303),(762,699,303),(763,700,303),(764,701,303),(765,702,303),(766,703,303),(767,704,303),(768,705,303),(769,706,303),(770,707,303),(771,708,303),(772,709,303),(773,710,303),(774,711,303),(775,712,303),(776,713,303),(777,714,303),(778,715,303),(779,716,303),(780,717,303),(781,718,303),(782,719,303),(783,720,303),(784,721,303),(785,722,303),(786,723,303),(787,724,303),(788,725,303),(789,726,303),(790,727,303),(791,728,303),(792,729,303),(793,730,303),(794,731,303),(795,732,303),(796,733,303),(797,734,303),(798,735,303),(799,736,303),(800,737,303),(801,738,303),(802,739,303),(803,740,303),(804,741,303),(805,742,303),(806,743,303),(807,744,303),(808,745,303),(809,746,303),(810,747,303),(811,748,303),(812,749,303),(813,750,303),(814,751,303),(815,752,303),(816,753,303),(817,754,303),(818,755,303),(819,756,303),(820,757,303),(821,758,303),(822,759,303),(823,760,303),(824,761,303),(825,762,303),(826,763,303),(827,764,303),(828,765,303),(829,766,303),(830,767,303),(831,768,303),(832,769,303),(833,770,303),(834,771,303),(835,772,303),(836,773,303),(837,774,303),(838,775,303),(839,776,303),(840,777,303),(841,778,303),(842,779,303),(843,780,303),(844,781,303),(845,782,303),(846,783,303),(847,784,303),(848,785,303),(849,786,303),(850,787,303),(851,788,303),(852,789,303),(853,790,303),(854,791,303),(855,792,303),(856,793,303),(857,794,303),(858,795,303),(859,796,303),(860,797,303),(861,798,303),(862,799,303),(863,800,303),(864,801,303),(865,802,303),(866,803,303),(867,804,303),(868,805,303),(869,806,303),(870,807,303),(871,808,303),(872,809,303),(873,810,303),(874,811,303),(875,812,303),(876,813,303),(877,814,303),(878,815,303),(879,816,303),(880,817,303),(881,818,303),(882,819,303),(883,820,303),(884,821,303),(885,822,303),(886,823,303),(887,824,303),(888,825,303),(889,826,303),(890,827,303),(891,828,303),(892,829,303),(893,830,303),(894,831,303),(895,832,303),(896,833,303),(897,834,303),(898,835,303),(899,836,303),(900,837,303),(901,838,303),(902,839,303),(903,840,303),(904,841,303),(905,842,303),(906,843,303),(907,844,303),(908,845,303),(909,846,303),(910,847,303),(911,848,303),(912,849,303),(913,850,303),(914,851,303),(915,852,303),(916,853,303),(917,854,303),(918,855,303),(919,856,303),(920,857,303),(921,858,303),(922,859,303),(923,860,303),(924,861,303),(925,862,303),(926,863,303),(927,864,303),(928,865,303),(929,866,303),(930,867,303),(931,868,303),(932,869,303),(933,870,303),(934,871,303),(935,872,303),(936,873,303),(937,874,303),(938,875,303),(939,876,303),(940,877,303),(941,878,303),(942,879,303),(943,880,303),(944,881,303),(945,882,303),(946,883,303),(947,884,303),(948,885,303),(949,886,303),(950,887,303),(951,888,303),(952,889,303),(953,890,303),(954,891,303),(955,892,303),(956,893,303),(957,894,303),(958,895,303),(959,896,303),(960,897,303),(961,898,303),(962,899,303),(963,900,303),(964,901,303),(965,902,303),(966,903,303),(967,904,303),(968,905,303),(969,906,303),(970,907,303),(971,908,303),(972,909,303),(973,910,303),(974,911,303),(975,912,303),(976,913,303),(977,914,303),(978,915,303),(979,916,303),(980,917,303),(981,918,303),(982,919,303),(983,920,303),(984,921,303),(985,922,303),(986,923,303),(987,924,303),(988,925,303),(989,926,303),(990,927,303),(991,928,303),(992,929,303),(993,930,303),(994,931,303),(995,932,303),(996,933,303),(997,934,303),(998,935,303),(999,936,303),(1000,937,303),(1001,938,303),(1002,939,303),(1003,940,303),(1004,941,303),(1005,942,303),(1006,943,303),(1007,944,303),(1008,945,303),(1009,946,303),(1010,947,303),(1011,948,303),(1012,949,303),(1013,950,303),(1014,951,303),(1015,952,303),(1016,953,303),(1017,954,303),(1018,955,303),(1019,956,303),(1020,957,303),(1021,958,303),(1022,959,303),(1023,960,303),(1024,961,303),(1025,962,303),(1026,963,303),(1027,964,303),(1028,965,303),(1029,966,303),(1030,967,303),(1031,968,303),(1032,969,303),(1033,970,303),(1034,971,303),(1035,972,303),(1036,973,303),(1037,974,303),(1038,975,303),(1039,976,303),(1040,977,303),(1041,978,303),(1042,979,303),(1043,980,303),(1044,981,303),(1045,982,303),(1046,983,303),(1047,984,303),(1048,985,303),(1049,986,303),(1050,987,303),(1051,988,303),(1052,989,303),(1053,990,303),(1054,991,303),(1055,992,303),(1056,993,303),(1057,994,303),(1058,995,303),(1059,996,303),(1060,997,303),(1061,998,303),(1062,999,303),(1063,1000,303),(1064,1001,303),(1065,1002,303),(1066,1003,303),(1067,1004,303),(1068,1005,303),(1069,1006,303),(1070,1007,303),(1071,541,1582),(1072,110,1556),(1073,1008,1487),(1074,114,811),(1075,1009,1565),(1076,1010,1583),(1077,1011,1584),(1078,114,1584),(1079,542,1583),(1080,1012,1557),(1081,1013,1586),(1082,121,1573),(1083,1014,197),(1084,1013,244),(1085,114,1566),(1086,1015,223),(1087,1016,1587),(1088,1017,1580),(1089,1018,1580),(1090,1019,1580),(1091,1020,1580),(1092,1017,0),(1093,1021,1580),(1094,1022,55),(1095,1022,1594),(1096,1023,1594),(1097,112,1594),(1098,1023,1595),(1099,112,1595),(1100,1024,1580),(1101,112,1582),(1102,1019,0),(1103,1025,0),(1104,1025,1580),(1105,1023,1597),(1106,1026,1580),(1107,1027,1597),(1108,1028,1597),(1109,1029,1597),(1110,1030,1597),(1111,1031,1597),(1112,1032,1599),(1113,1033,1600),(1114,1034,1601),(1115,1035,1602),(1116,1036,1603),(1117,1013,1604),(1118,1037,1605),(1119,1038,1580),(1120,1039,1592),(1121,1040,651),(1122,1041,1580),(1123,1042,592),(1124,1043,1518),(1125,1044,1609),(1126,1045,1597),(1127,1034,474),(1128,1046,1421),(1129,1047,1568),(1130,1034,1599),(1131,1048,1610),(1132,1049,1580),(1133,1050,1611),(1134,1051,1570),(1135,1052,1611),(1136,1053,1612),(1137,543,1612),(1138,1053,474),(1139,1054,277),(1140,1055,95),(1141,1056,1599),(1142,1057,1599),(1143,1058,1613),(1144,1059,278),(1145,120,1584),(1146,1060,1525),(1147,1061,592),(1148,1062,1610),(1149,1063,55),(1150,1064,266),(1151,1065,1052),(1152,1066,1614),(1153,1015,347),(1154,1067,1380),(1155,1068,1615),(1156,540,1584),(1157,1053,1525),(1158,1069,1328),(1159,1070,1555),(1160,1046,1525),(1161,1062,1602),(1162,1071,464),(1163,1072,1580),(1164,1073,55),(1165,1053,1050),(1166,1063,1452),(1167,1057,1592),(1168,1032,1580),(1169,1033,1525),(1170,1034,55),(1171,1034,1583),(1172,1035,279),(1173,1036,1616),(1174,1032,1616),(1175,1037,1616),(1176,1038,1592),(1177,1040,1552),(1178,1041,244),(1179,1042,1580),(1180,1043,1580),(1181,1044,1580),(1182,1045,1580),(1183,1046,1580),(1184,1036,1580),(1185,1047,1580),(1186,1048,464),(1187,1049,1565),(1188,1050,1565),(1189,1051,1565),(1190,1038,1565),(1191,1052,1592),(1192,1053,1617),(1193,543,244),(1194,1054,1557),(1195,1050,1618),(1196,1055,464),(1197,1056,854),(1198,1057,1545),(1199,1058,1597),(1200,1059,1618),(1201,1060,1518),(1202,1061,197),(1203,1062,1619),(1204,1063,1619),(1205,1064,244),(1206,1048,347),(1207,1065,419),(1208,1066,1620),(1209,1034,1621),(1210,1067,1618),(1211,1068,1601),(1212,1069,1622),(1213,1070,409),(1214,1071,409),(1215,1072,409),(1216,1073,1580),(1217,1074,1580),(1218,1075,179),(1219,1065,1364),(1220,1076,279),(1221,1077,244),(1222,1078,1564),(1223,1053,0),(1224,1079,1623),(1225,1080,215),(1226,1081,940),(1227,1081,943),(1228,1082,943),(1229,1083,1519),(1230,1084,1610),(1231,1085,1328),(1232,1034,1624),(1233,1086,1625),(1234,1087,1626),(1235,1088,1570),(1236,1089,1627),(1237,1090,1580),(1238,1091,1580),(1239,1092,1580),(1240,1093,1628),(1241,1094,1627),(1242,1095,1588),(1243,1096,592),(1244,1097,1580),(1245,1098,643),(1246,1099,1596),(1247,1100,977),(1248,1101,1328),(1249,1086,474),(1250,1102,690),(1251,1103,1580),(1252,1104,943),(1253,1105,279),(1254,1105,1583),(1255,1106,1506),(1256,1107,1616),(1257,1108,1580),(1258,1109,1592),(1259,1110,197),(1260,1111,303),(1261,1109,197),(1262,1112,1629),(1263,1113,1630),(1264,1114,1631),(1265,1106,1525),(1266,1115,1580),(1267,1105,266),(1268,1116,1520),(1269,1117,279),(1270,1118,0),(1271,1118,750),(1272,1106,1520),(1273,1094,1525),(1274,1119,1525),(1275,1094,1520),(1276,1120,1478),(1277,1094,1487),(1278,1121,1963),(1279,1122,1830),(1280,1123,1520),(1281,1124,2008),(1282,1125,1974),(1283,1126,1977),(1284,545,1665),(1285,1127,1925),(1286,1128,1986),(1287,1128,2008),(1288,1129,1441),(1289,1130,2006),(1290,1131,1487),(1291,1132,1365),(1292,1133,1487),(1293,1134,1487),(1294,1135,279),(1295,1136,1774),(1296,1137,278),(1297,1137,279),(1298,1138,279),(1299,1139,2008),(1300,1140,279),(1301,1127,2056),(1302,1141,1942),(1303,1137,1942),(1304,1129,1942),(1305,1142,1977),(1306,1143,1830),(1307,1137,1979),(1308,1144,1979),(1309,1144,1525),(1310,1145,1596),(1311,1146,2067),(1312,1147,2067),(1313,1148,2067),(1314,1149,2067),(1315,1150,2067),(1316,1151,2067),(1317,1152,2067),(1318,1153,2067),(1319,1154,2067),(1320,1155,2067),(1321,1156,2067),(1322,1157,2067),(1323,1158,2067),(1324,1159,2067),(1325,1160,2067),(1326,1161,2067),(1327,1162,2067),(1328,1163,2067),(1329,1164,2067),(1330,1165,2067),(1331,1166,2067),(1332,1167,2067),(1333,1168,2067),(1334,1169,2067),(1335,1170,2067),(1336,1171,2067),(1337,1172,2067),(1338,1173,2067),(1339,1174,2067),(1340,1175,2067),(1341,1176,2067),(1342,1177,2067),(1343,1178,2067),(1344,1179,2067),(1345,1180,2067),(1346,1181,2067),(1347,1182,2067),(1348,1183,2067),(1349,1184,2067),(1350,1185,2067),(1351,1186,2067),(1352,1187,2067),(1353,1188,2067),(1354,1189,2067),(1355,1190,2067),(1356,1191,2067),(1357,1192,2067),(1358,1193,2067),(1359,1194,2067),(1360,1195,2067),(1361,1196,2067),(1362,1197,2067),(1363,1198,2067),(1364,1199,2067),(1365,1200,2067),(1366,1201,2067),(1367,1202,2067),(1368,1203,2067),(1369,1204,2067),(1370,1205,2067),(1371,1206,2067),(1372,1207,2067),(1373,1208,2067),(1374,1209,2067),(1375,1210,2067),(1376,1211,2067),(1377,1212,2067),(1378,1213,2067),(1379,1214,2067),(1380,1215,2067),(1381,1216,2067),(1382,1217,2067),(1383,1218,2067),(1384,1219,2067),(1385,1220,2067),(1386,1221,2067),(1387,1222,2067),(1388,1223,2067),(1389,1224,2067),(1390,1225,2067),(1391,1226,2067),(1392,1227,2067),(1393,1228,2067),(1394,1229,2067),(1395,1230,2067),(1396,1231,2067),(1397,1232,2067),(1398,1233,2067),(1399,1234,2067),(1400,1235,2067),(1401,1236,2067),(1402,1237,2067),(1403,1238,2067),(1404,1239,2067),(1405,1240,2067),(1406,1241,2067),(1407,1242,2067),(1408,1243,2067),(1409,1244,2067),(1410,1245,2067),(1411,1246,2067),(1412,1247,2067),(1413,1248,2067),(1414,1249,2067),(1415,1250,2067),(1416,1251,2067),(1417,1252,2067),(1418,1253,2067),(1419,1254,2067),(1420,1255,2067),(1421,1256,2067),(1422,1257,2067),(1423,1258,2067),(1424,1259,2067),(1425,1260,2067),(1426,1261,2067),(1427,1262,2067),(1428,1263,2067),(1429,1264,2067),(1430,1265,2067),(1431,1266,2067),(1432,1267,2067),(1433,1268,2067),(1434,1269,2067),(1435,1270,2067),(1436,1271,2067),(1437,1272,2067),(1438,1273,2067),(1439,1274,2067),(1440,1275,2067),(1441,1276,2067),(1442,1277,2067),(1443,1278,2067),(1444,1279,2067),(1445,1280,2067),(1446,1281,2067),(1447,1282,2067),(1448,1283,2067),(1449,1284,2067),(1450,1285,2067),(1451,1286,2067),(1452,1287,2067),(1453,1288,2067),(1454,1289,2067),(1455,1290,2067),(1456,1291,2067),(1457,1292,2067),(1458,1293,2067),(1459,1294,2067),(1460,1295,2067),(1461,1296,2067),(1462,1297,2067),(1463,1298,2067),(1464,1299,2067),(1465,1300,2067),(1466,1301,2067),(1467,1302,2067),(1468,1303,2067),(1469,1304,2067),(1470,1305,2067),(1471,1306,2067),(1472,1307,2067),(1473,1308,2067),(1474,1309,2067),(1475,1310,2067),(1476,1311,2067),(1477,1312,2067),(1478,1313,2067),(1479,1314,2067),(1480,1315,2067),(1481,1316,2067),(1482,1317,2067),(1483,1318,2067),(1484,1319,2067),(1485,1320,2067),(1486,1321,2067),(1487,1322,2067),(1488,1323,2067),(1489,1324,2067),(1490,1325,2067),(1491,1326,2067),(1492,1327,2067),(1493,1328,2067),(1494,1329,2067),(1495,1330,2067),(1496,1331,2067),(1497,1332,2067),(1498,1333,2067),(1499,1334,2067),(1500,1335,2067),(1501,1336,2067),(1502,1337,2067),(1503,1338,2067),(1504,1339,2067),(1505,1340,2067),(1506,1341,2067),(1507,1342,2067),(1508,1343,2067),(1509,1344,2067),(1510,1345,2067),(1511,1346,2067),(1512,1347,2067),(1513,1348,2067),(1514,1349,2067),(1515,1350,2067),(1516,1351,2067),(1517,1352,2067),(1518,1353,2067),(1519,1354,2067),(1520,1355,2067),(1521,1356,2067),(1522,1357,2067),(1523,1358,2067),(1524,1359,2067),(1525,1360,2067),(1526,1361,2067),(1527,1362,2067),(1528,1363,2067),(1529,1364,2067),(1530,1365,2067),(1531,1366,2067),(1532,1367,2067),(1533,1368,2067),(1534,1369,2067),(1535,1370,2067),(1536,1371,2067),(1537,1372,2067),(1538,1373,2067),(1539,1374,2067),(1540,1375,2067),(1541,1376,2067),(1542,1377,2067),(1543,1378,2067),(1544,1379,2067),(1545,1380,2067),(1546,1381,2067),(1547,1382,2067),(1548,1383,2067),(1549,1384,2067),(1550,1385,2067),(1551,1386,2067),(1552,1387,2067),(1553,1388,2067),(1554,1389,2067),(1555,1390,2067),(1556,1391,2067),(1557,1392,2067),(1558,1393,2067),(1559,1394,2067),(1560,1395,2067),(1561,1396,2067),(1562,1397,2067),(1563,1398,2067),(1564,1399,2067),(1565,1400,2067),(1566,1401,2067),(1567,1402,2067),(1568,1403,2067),(1569,1404,2067),(1570,1405,2067),(1571,1406,2067),(1572,1407,2067),(1573,1408,2067),(1574,1409,2067),(1575,1410,2067),(1576,1411,2067),(1577,1412,2067),(1578,1413,2067),(1579,1414,2067),(1580,1415,2067),(1581,1416,2067),(1582,1417,2067),(1583,1418,2067),(1584,1419,2067),(1585,1420,2067),(1586,1421,2067),(1587,1422,2067),(1588,1423,2067),(1589,1424,2067),(1590,1425,2067),(1591,1426,2067),(1592,1427,2067),(1593,1428,2067),(1594,1429,2067),(1595,1430,2067),(1596,1431,2067),(1597,1432,2067),(1598,1433,2067),(1599,1434,2067),(1600,1435,2067),(1601,1436,2067),(1602,1437,2067),(1603,1438,2067),(1604,1439,2067),(1605,1440,2067),(1606,1441,2067),(1607,1442,2067),(1608,1443,2067),(1609,1444,2067),(1610,1445,2067),(1611,1446,2067),(1612,1447,2067),(1613,1448,2067),(1614,1449,2067),(1615,1450,2067),(1616,1451,2067),(1617,1452,2067),(1618,1453,2067),(1619,1454,2067),(1620,1455,2067),(1621,1456,2067),(1622,1457,2067),(1623,1458,2067),(1624,1459,2067),(1625,1460,2067),(1626,1461,2067),(1627,1462,2067),(1628,1463,2067),(1629,1464,2067),(1630,1465,2067),(1631,1466,2067),(1632,1467,2067),(1633,1468,2067),(1634,1469,2067),(1635,1470,2067),(1636,1471,2067),(1637,1472,2067),(1638,1473,2067),(1639,1474,2067),(1640,1475,2067),(1641,1476,2067),(1642,1477,2067),(1643,1478,2067),(1644,1479,2067),(1645,1480,2067),(1646,1481,2067),(1647,1482,2067),(1648,1483,2067),(1649,1484,2067),(1650,1485,2067),(1651,1486,2067),(1652,1487,2067),(1653,1488,2067),(1654,1489,2067),(1655,1490,2067),(1656,1491,2067),(1657,1492,2067),(1658,1493,2067),(1659,1494,2067),(1660,1495,2067),(1661,1496,2067),(1662,1497,2067),(1663,1498,2067),(1664,1499,2067),(1665,1500,2067),(1666,1501,2067),(1667,1502,2067),(1668,1503,2067),(1669,1504,2067),(1670,1505,2067),(1671,1506,2067),(1672,1507,2067),(1673,1508,2067),(1674,1509,2067),(1675,1510,2067),(1676,1511,2067),(1677,1512,2067),(1678,1513,2067),(1679,1514,2067),(1680,1515,2067),(1681,1516,2067),(1682,1517,2067),(1683,1518,2067),(1684,1519,2067),(1685,1520,2067),(1686,1521,2067),(1687,1522,2067),(1688,1523,2067),(1689,1524,2067),(1690,1525,2067),(1691,1526,2067),(1692,1527,2067),(1693,1528,2067),(1694,1529,2067),(1695,1530,2067),(1696,1531,2067),(1697,1532,2067),(1698,1533,2067),(1699,1534,2067),(1700,1535,2067),(1701,1536,2067),(1702,1537,2067),(1703,1538,2067),(1704,1539,2067),(1705,1540,2067),(1706,1541,2067),(1707,1542,2067),(1708,1543,2067),(1709,1544,2067),(1710,1545,2067),(1711,1546,2067),(1712,1547,2067),(1713,1548,2067),(1714,1549,2067),(1715,1550,2067),(1716,1551,2067),(1717,1552,2067),(1718,1553,2067),(1719,1554,2067),(1720,1555,2067),(1721,1556,2067),(1722,1557,2067),(1723,1558,2067),(1724,1559,2067),(1725,1560,2067),(1726,1561,2067),(1727,1562,2067),(1728,1563,2067),(1729,1564,2067),(1730,1565,2067),(1731,1566,2067),(1732,1567,2067),(1733,1568,2067),(1734,1569,2067),(1735,1570,2067),(1736,1571,2067),(1737,1572,2067),(1738,1573,2067),(1739,1574,2067),(1740,1575,2067),(1741,1576,2067),(1742,1577,2067),(1743,1578,2067),(1744,1579,2067),(1745,1580,2067),(1746,1581,2067),(1747,1582,2067),(1748,1583,2067),(1749,1584,2067),(1750,1585,2067),(1751,1586,2067),(1752,1587,2067),(1753,1588,2067),(1754,1589,2067),(1755,1590,2067),(1756,1591,2067),(1757,1592,2067),(1758,1593,2067),(1759,1594,2067),(1760,1595,2067),(1761,1596,2067),(1762,1597,2067),(1763,1598,2067),(1764,1599,2067),(1765,1600,2067),(1766,1601,2067),(1767,1602,2067),(1768,1603,2067),(1769,1604,2067),(1770,1605,2067),(1771,1606,2067),(1772,1607,2067),(1773,1608,2067),(1774,1609,2067),(1775,1610,2067),(1776,1611,2067),(1777,1612,2067),(1778,1613,2067),(1779,1614,2067),(1780,1615,2067),(1781,1616,2067),(1782,1617,2067),(1783,1618,2067),(1784,1619,2067),(1785,1620,2067),(1786,1621,2067),(1787,1622,2067),(1788,1623,2067),(1789,1624,2067),(1790,1625,2067),(1791,1626,2067),(1792,1627,2067),(1793,1628,2067),(1794,1629,2067),(1795,1630,2067),(1796,1631,2067),(1797,1632,2067),(1798,1633,2067),(1799,1634,2067),(1800,1635,2067),(1801,1636,2067),(1802,1637,2067),(1803,1638,2067),(1804,1639,2067),(1805,1640,2067),(1806,1641,2067),(1807,1642,2067),(1808,1643,2067),(1809,1644,2067),(1810,1645,2067),(1811,1646,2067),(1812,1647,2067),(1813,1648,2067),(1814,1649,2067),(1815,1650,2067),(1816,1651,2067),(1817,1652,2067),(1818,1653,2067),(1819,1654,2067),(1820,1655,2067),(1821,1656,2067),(1822,1657,2067),(1823,1658,2067),(1824,1659,2067),(1825,1660,2067),(1826,1661,1654);

--
-- Table structure for table `table_des_matieres_proto`
--

CREATE TABLE `table_des_matieres_proto` (
  `id_table_des_matieres_proto` int(50) NOT NULL AUTO_INCREMENT,
  `No_prototype` int(11) DEFAULT NULL,
  `theme` varchar(255) CHARACTER SET utf8 COLLATE utf8_bin NOT NULL,
  `ordre_theme` int(100) NOT NULL,
  `sous_theme` varchar(255) COLLATE utf8_unicode_ci NOT NULL,
  `ordre_sous_theme` int(50) NOT NULL,
  `id_societe` int(11) DEFAULT NULL,
  PRIMARY KEY (`id_table_des_matieres_proto`),
  KEY `IDX_CFFBF8A26CD753F0` (`No_prototype`),
  KEY `IDX_CFFBF8A2C7F894CD` (`id_societe`),
  CONSTRAINT `FK_CFFBF8A26CD753F0` FOREIGN KEY (`No_prototype`) REFERENCES `prototype_access` (`id_prototype_access`),
  CONSTRAINT `FK_CFFBF8A2C7F894CD` FOREIGN KEY (`id_societe`) REFERENCES `societe` (`id_societe`)
) ENGINE=InnoDB AUTO_INCREMENT=9611 DEFAULT CHARSET=utf8 COLLATE=utf8_unicode_ci;

--
-- Dumping data for table `table_des_matieres_proto`
--

INSERT INTO `table_des_matieres_proto` VALUES (1,33,'Au téléphone',1,' ',1,1478),(2,33,'Campagne publicitaire',1,' ',8,1478),(3,33,'E-mail contrat',1,' ',14,1478),(4,33,'E-mail professionnel',1,' ',17,1478),(5,33,'E-mail',1,' ',26,1478),(6,33,'Planification média',1,' ',32,1478),(7,33,'Réunion',1,' ',38,1478),(8,33,'Teleconference',1,' ',44,1478),(9,33,'Réunion professionnelle',1,' ',50,1478),(14,132,'Technologie de l\'information',1,' ',1,102),(719,175,'Accord de confidentialité/distribution',1,' ',1,1519),(720,175,'Disposition d\'un contrat commercial',1,' ',24,1519),(721,175,'Techniques de négociation',1,' ',38,1519),(722,175,'Rédaction de contrats',1,' ',46,1519),(800,169,'Développement logiciel',1,'',1,653),(801,169,'Example de signalement de bogues',1,'',9,653),(802,169,'Prise en charge de locataire',1,'',14,653),(803,169,'Exemples de question à poser à un architecte de solutions logicielles',1,'',22,653),(804,169,'Stockage d\'identité et amélioration des recherches',1,'',29,653),(805,169,'Tests logiciels',1,'',34,653),(806,169,'Au Téléphone',1,'',43,653),(807,169,'Communication au travail',1,'',51,653),(808,169,'Email',1,'',60,653),(809,169,'Formules de politesse',1,'',69,653),(810,169,'Informatique',1,'',77,653),(811,169,'Réunion',1,'',86,653),(812,169,'Conversation informelle',1,'',96,653),(813,169,'Animer une présentation',1,'',104,653),(814,169,'Développement logiciel',1,'',1,653),(815,169,'Example de signalement de bogues',1,'',9,653),(816,169,'Prise en charge de locataire',1,'',14,653),(817,169,'Exemples de question à poser à un architecte de solutions logicielles',1,'',22,653),(818,169,'Stockage d\'identité et amélioration des recherches',1,'',29,653),(819,169,'Tests logiciels',1,'',34,653),(820,169,'Au Téléphone',1,'',43,653),(821,169,'Communication au travail',1,'',51,653),(822,169,'Email',1,'',60,653),(823,169,'Formules de politesse',1,'',69,653),(824,169,'Informatique',1,'',77,653),(825,169,'Réunion',1,'',86,653),(826,169,'Conversation informelle',1,'',96,653),(827,169,'Animer une présentation',1,'',104,653),(856,169,'Développement logiciel',1,'',1,653),(857,169,'Example de signalement de bogues',1,'',9,653),(858,169,'Prise en charge de locataire',1,'',14,653),(859,169,'Exemples de question à poser à un architecte de solutions logicielles',1,'',22,653),(860,169,'Stockage d\'identité et amélioration des recherches',1,'',29,653),(861,169,'Tests logiciels',1,'',34,653),(862,169,'Au Téléphone',1,'',43,653),(863,169,'Communication au travail',1,'',51,653),(864,169,'Email',1,'',60,653),(865,169,'Formules de politesse',1,'',69,653),(866,169,'Informatique',1,'',77,653),(867,169,'Réunion',1,'',86,653),(868,169,'Conversation informelle',1,'',96,653),(869,169,'Animer une présentation',1,'',104,653),(870,169,'Développement logiciel',1,'',1,653),(871,169,'Example de signalement de bogues',1,'',9,653),(872,169,'Prise en charge de locataire',1,'',14,653),(873,169,'Exemples de question à poser à un architecte de solutions logicielles',1,'',22,653),(874,169,'Stockage d\'identité et amélioration des recherches',1,'',29,653),(875,169,'Tests logiciels',1,'',34,653),(876,169,'Au Téléphone',1,'',43,653),(877,169,'Communication au travail',1,'',51,653),(878,169,'Email',1,'',60,653),(879,169,'Formules de politesse',1,'',69,653),(880,169,'Informatique',1,'',77,653),(881,169,'Réunion',1,'',86,653),(882,169,'Conversation informelle',1,'',96,653),(883,169,'Animer une présentation',1,'',104,653),(899,176,'Présentation de la société',1,'',1,653),(900,176,'Droit fiscal',1,'',9,653),(901,176,'Droit des entreprises',1,'',17,653),(902,176,'Droit commercial',1,'',23,653),(903,176,'Expression utilisée lors d\'une téléconférence',1,'',30,653),(904,176,'Droit du travail',1,'',37,653),(905,176,'Droit des affaires',1,'',45,653),(906,176,'Termes juridiques',1,'',53,653),(907,176,'Animer une présentation',1,'',67,653),(908,176,'Communication au travail',1,'',77,653),(909,176,'Email',1,'',86,653),(910,176,'Au Téléphone',1,'',95,653),(911,176,'Accueillir un visiteur',1,'',103,653),(912,176,'Réunion',1,'',112,653),(913,176,'Informatique',1,'',122,653),(914,176,'Présentation de la société',1,'',1,653),(915,176,'Droit fiscal',1,'',9,653),(916,176,'Droit des entreprises',1,'',17,653),(917,176,'Droit commercial',1,'',23,653),(918,176,'Expression utilisée lors d\'une téléconférence',1,'',30,653),(919,176,'Droit du travail',1,'',37,653),(920,176,'Droit des affaires',1,'',45,653),(921,176,'Termes juridiques',1,'',53,653),(922,176,'Animer une présentation',1,'',67,653),(923,176,'Communication au travail',1,'',77,653),(924,176,'Email',1,'',86,653),(925,176,'Au Téléphone',1,'',95,653),(926,176,'Accueillir un visiteur',1,'',103,653),(927,176,'Réunion',1,'',112,653),(928,176,'Informatique',1,'',122,653),(929,176,'Présentation de la société',1,'',1,653),(930,176,'Droit fiscal',1,'',9,653),(931,176,'Droit des entreprises',1,'',17,653),(932,176,'Droit commercial',1,'',23,653),(933,176,'Expression utilisée lors d\'une téléconférence',1,'',30,653),(934,176,'Droit du travail',1,'',37,653),(935,176,'Droit des affaires',1,'',45,653),(936,176,'Termes juridiques',1,'',53,653),(937,176,'Animer une présentation',1,'',67,653),(938,176,'Communication au travail',1,'',77,653),(939,176,'Email',1,'',86,653),(940,176,'Au Téléphone',1,'',95,653),(941,176,'Accueillir un visiteur',1,'',103,653),(942,176,'Réunion',1,'',112,653),(943,176,'Informatique',1,'',122,653),(1007,50,'Coordination de projet',1,' ',1,168),(1158,169,'Développement logiciel',1,'',1,653),(1159,169,'Example de signalement de bogues',1,'',9,653),(1160,169,'Prise en charge de locataire',1,'',14,653),(1161,169,'Exemples de question à poser à un architecte de solutions logicielles',1,'',22,653),(1162,169,'Stockage d\'identité et amélioration des recherches',1,'',29,653),(1163,169,'Tests logiciels',1,'',34,653),(1164,169,'Au Téléphone',1,'',43,653),(1165,169,'Communication au travail',1,'',51,653),(1166,169,'Email',1,'',60,653),(1167,169,'Formules de politesse',1,'',69,653),(1168,169,'Informatique',1,'',77,653),(1169,169,'Réunion',1,'',86,653),(1170,169,'Conversation informelle',1,'',96,653),(1171,169,'Animer une présentation',1,'',104,653),(1192,169,'Au Téléphone',1,' ',44,83),(1193,169,'Communication au travail',1,' ',53,83),(1194,169,'Email',1,' ',62,83),(1195,169,'Formules de politesse',1,' ',71,83),(1196,169,'Informatique',1,' ',79,83),(1197,169,'Réunion',1,' ',88,83),(1198,169,'Développement logiciel',1,'',1,653),(1199,169,'Conversation informelle',1,' ',98,83),(1200,169,'Example de signalement de bogues',1,'',9,653),(1201,169,'Prise en charge de locataire',1,'',14,653),(1202,169,'Animer une présentation',1,' ',106,83),(1203,169,'Exemples de question à poser à un architecte de solutions logicielles',1,'',22,653),(1204,169,'Stockage d\'identité et amélioration des recherches',1,'',29,653),(1205,169,'Tests logiciels',1,'',34,653),(1206,169,'Au Téléphone',1,'',43,653),(1207,169,'Communication au travail',1,'',51,653),(1208,169,'Email',1,'',60,653),(1209,169,'Formules de politesse',1,'',69,653),(1210,169,'Informatique',1,'',77,653),(1211,169,'Réunion',1,'',86,653),(1212,169,'Conversation informelle',1,'',96,653),(1213,169,'Animer une présentation',1,'',104,653),(1292,1,'Création de design',1,' ',1,55),(1293,1,'Présentation PowerPoint',1,' ',9,55),(1294,1,'Test utilisateur',1,' ',15,55),(1295,1,'Design de service',1,' ',23,55),(1296,1,'Design d\'interface',1,' ',33,55),(1297,1,'Expressions employées lors d\'une présentation',1,' ',39,55),(1300,111,'Sécurité Android',1,' ',1,1305),(1301,111,'Android professionnel',1,' ',9,1305),(1554,142,'Argumentaire de vente/offre de service',1,' ',1,457),(1555,142,'Établir un plan de vente',1,' ',11,457),(1556,142,'Expressions employées lors d\'une présentation',1,' ',17,457),(1557,142,'Préparer un projet/plan marketing',1,' ',25,457),(1558,142,'Présentation orale',1,' ',31,457),(1559,142,'Suivi après une démonstration ou une présentation de vente',1,' ',39,457),(1563,131,'Informatique',1,' ',1,102),(1615,146,'Entretien d\'embauche',1,' ',1,55),(1616,146,'Risques en informatique',1,' ',11,55),(1617,146,'Tendances de la technologie informatique',1,' ',18,55),(1618,146,'Conduite d\'un projet',1,' ',26,55),(1619,146,'Gestion de projets',1,' ',33,55),(1620,146,'Securité informatique',1,' ',38,55),(2828,147,'Chiffrement/codage',1,' ',1,55),(2829,147,'Diagnostic système',1,' ',7,55),(2830,147,'Exemple d\'expressions employées lors d\'une réunion',1,' ',17,55),(2831,147,'Gestion financière en informatique',1,' ',23,55),(2832,147,'Réseaux sans fil',1,' ',31,55),(2833,147,'Système intégré',1,' ',37,55),(2834,187,'',1,' ',1,1576),(2840,57,'Comptabilité d\'entreprise',1,' ',1,1502),(2841,57,'Conditions générales de vente',1,' ',7,1502),(2842,57,'Demander/Donner des informations',1,' ',14,1502),(2843,57,'Présentation de la société',1,' ',21,1502),(2844,57,'Voyage en train',1,' ',27,1502),(2932,181,'Expressions employées lors d\'une présentation',1,' ',1,1575),(2933,181,'Gestion des grands comptes',1,' ',9,1575),(2934,181,'Présentation de la société',1,' ',16,1575),(2935,181,'Expression employée lors d\'une réunion',1,' ',23,1575),(2936,181,'Fidélisation de la clientèle',1,' ',29,1575),(2937,181,'Négociation commerciale',1,' ',36,1575),(2938,181,'Directrice grands comptes',1,' ',44,1575),(4694,88,'Facturation et relance',1,' ',1,309),(4695,88,'Matériels de laboratoire',1,' ',7,309),(4696,88,'Présentation de la société',1,' ',13,309),(4697,88,'Recouvrement de créances',1,' ',19,309),(4698,88,'Technicien de laboratoire d\'analyse médicale',1,' ',25,309),(4699,88,'Sécurité biologique en laboratoire',1,' ',31,309),(5658,172,'Analyse des tendances',1,' ',1,409),(5659,172,'Contrat de prestations de services',1,' ',7,409),(5660,172,'Gestion des réclammations clients',1,' ',13,409),(5661,172,'Prestation de service',1,' ',19,409),(5662,172,'Procédure de réclamation',1,' ',28,409),(5663,172,'Processus budgétaire',1,' ',35,409),(5947,188,'Prévision des recettes',1,' ',1,1520),(5948,188,'Analyse des tendances',1,' ',7,1520),(5949,188,'Design de service',1,' ',15,1520),(5950,188,'Marketing stratégique',1,' ',25,1520),(5951,188,'activités/chiffres liés aux publicités',1,' ',33,1520),(5952,188,'Contrôle des risques financiers',1,' ',41,1520),(5953,188,'Expression utilisée lors d\'une téléconférence',1,' ',49,1520),(5954,188,'Prévision de trésorerie',1,' ',57,1520),(5955,188,'Analyse des tendances',1,' ',6,1520),(5956,188,'Design de service',1,' ',14,1520),(5957,188,'Marketing stratégique',1,' ',24,1520),(5958,188,'activités/chiffres liés aux publicités',1,' ',32,1520),(5959,188,'Contrôle des risques financiers',1,' ',41,1520),(5960,188,'Expression utilisée lors d\'une téléconférence',1,' ',49,1520),(5961,188,'Prévision de trésorerie',1,' ',56,1520),(5962,78,'Assurance risque-météo',1,' ',1,89),(5963,78,'Présentation de la société',1,' ',7,89),(5964,78,'Produits et services',1,' ',13,89),(5965,78,'Titres assurentiels',1,' ',19,89),(6028,82,'Contrat d\'assurance',1,' ',1,89),(6029,82,'Mesure et gestion de risques d\'assurance',1,' ',9,89),(6030,82,'Science actuarielle',1,' ',17,89),(6071,176,'Présentation de la société',1,' ',1,1113),(6072,176,'Droit fiscal',1,' ',9,1113),(6073,176,'Droit des entreprises',1,' ',15,1113),(6074,176,'Droit commercial',1,' ',21,1113),(6075,176,'Expression utilisée lors d\'une téléconférence',1,' ',27,1113),(6076,176,'Droit du travail',1,' ',35,1113),(6077,176,'Droit des affaires',1,' ',43,1113),(6078,176,'Termes juridiques',1,' ',49,1113),(6079,176,'Animer une présentation',1,' ',61,1113),(6080,176,'Communication au travail',1,' ',69,1113),(6081,176,'Email',1,' ',77,1113),(6082,176,'Au Téléphone',1,' ',85,1113),(6083,176,'Réunion',1,' ',93,1113),(6084,176,'Informatique',1,' ',101,1113),(6085,176,'Termes divers associés à la gestion',1,' ',109,1113),(6086,176,'Santé et sécurité',1,' ',117,1113),(6087,176,'Organiser un voyage',1,' ',123,1113),(6118,171,'Présentation de l\'entreprise',1,' ',1,83),(6119,171,'Donner des feedback',1,' ',5,83),(6120,171,'Faire une proposition de ventes',1,' ',9,83),(6121,171,'Présentation de stratégie d\'entreprise',1,' ',19,83),(6122,171,'Gestion d\'identité et d\'accès',1,' ',29,83),(6123,171,'Rapport d\'avancement de projet',1,' ',37,83),(6125,145,'Gestion des infrastructures informatiques',1,' ',1,55),(6126,145,'Informatique en nuage',1,' ',9,55),(6127,145,'Risques en informatique',1,' ',17,55),(6128,145,'Securité informatique',1,' ',25,55),(6129,145,'Système informatique',1,' ',31,55),(6130,145,'Tendances de la technologie informatique',1,' ',37,55),(6230,20,'Comment commencer/terminer une phrase',1,' ',1,766),(6231,20,'Expressions idiomatiques',1,' ',5,766),(6232,20,'La vie de tous les jours',1,' ',11,766),(6233,20,'Logistique d\'approvisionnement',1,' ',15,766),(6234,20,'Logistique d\'après-vente',1,' ',19,766),(6235,20,'Logistique de distribution',1,' ',23,766),(6236,20,'Logistique d\'élimination',1,' ',27,766),(6237,20,'Logistique du froid',1,' ',31,766),(6238,20,'Logistique verte',1,' ',37,766),(6239,20,'Papotage',1,' ',43,766),(6240,20,'Rôle responsable logistique',1,' ',49,766),(6241,117,'Au téléphone',1,' ',1,1510),(6242,117,'Description de poste',1,' ',6,1510),(6243,117,'Finance and IT',1,' ',11,1510),(6244,117,'Finance',1,' ',16,1510),(6245,117,'Marché des capitaux',1,' ',23,1510),(6246,117,'Réunion de rapport',1,' ',27,1510),(6814,327,'Compétences à mettre en avant dans un CV',1,' ',1,1594),(6815,327,'Créer et mener à bien un projet',1,' ',6,1594),(6816,327,'Expression de besoins',1,' ',13,1594),(6817,327,'Gestion de document',1,' ',18,1594),(6818,327,'Technique de gestion de projet',1,' ',25,1594),(7021,365,'',1,' ',1,1582),(7099,42,'Activités de construction',1,' ',1,1491),(7100,42,'Présentation de la société',1,' ',10,1491),(7101,42,'Présentation de projet de construction',1,' ',21,1491),(7102,42,'Gestion de projet d\'urbanisme',1,' ',30,1491),(7103,42,'Notice architecturale',1,' ',42,1491),(7104,42,'Finance',1,' ',52,1491),(7105,42,'Formation',1,' ',61,1491),(7106,42,'Formules de politesse',1,' ',69,1491),(7107,42,'Industrie',1,' ',79,1491),(7108,42,'Informatique',1,' ',87,1491),(7109,42,'Marketing',1,' ',97,1491),(7110,42,'Microfinance',1,' ',112,1491),(7111,42,'Négociation commerciale',1,' ',121,1491),(7112,42,'Organiser un voyage',1,' ',141,1491),(7113,42,'Politique',1,' ',154,1491),(7114,42,'Publicité',1,' ',164,1491),(7115,42,'Rapport annuel',1,' ',173,1491),(7116,42,'Réunion',1,' ',181,1491),(7117,42,'Recrutement',1,' ',192,1491),(7118,42,'RH_Conditions d\'emploi',1,' ',202,1491),(7119,42,'Santé et sécurité',1,' ',214,1491),(7120,42,'Telecommunications',1,' ',224,1491),(7121,42,'Termes divers associés à la gestion',1,' ',233,1491),(7122,42,'Termes juridiques',1,' ',243,1491),(7123,42,'Transport aérien',1,' ',259,1491),(7255,3,'Discussion sociale',1,' ',1,1503),(7256,3,'Prise en charge d\'épisodes hémorragiques',1,' ',9,1503),(7257,3,'Rapport de sondage sur l\'hémophilie',1,' ',16,1503),(7258,3,'Rapport',1,' ',27,1503),(7259,3,'Stratégie de fixation de prix',1,' ',37,1503),(7500,196,'Contrat à durée déterminée',1,' ',1,817),(7501,196,'Conversation en milieu professionnel',1,' ',10,817),(7502,196,'Discours ordinaire',1,' ',21,817),(7503,196,'Présentation de la société',1,' ',32,817),(7504,196,'Recrutement de personnel',1,' ',42,817),(7505,196,'Vocabulaire de l\'hôtellerie',1,' ',52,817),(7506,196,'Vocabulaire général des RH',1,' ',61,817),(7507,196,'Communication au travail',1,' ',69,817),(7508,196,'Réunion',1,' ',78,817),(7509,196,'Au Téléphone',1,' ',89,817),(7510,196,'Email',1,' ',98,817),(7511,196,'Informatique',1,' ',110,817),(7512,196,'Accueillir un visiteur',1,' ',120,817),(7513,196,'Formules de politesse',1,' ',131,817),(7514,196,'Organiser un voyage',1,' ',140,817),(7536,83,'Fidélisation de la clientèle',1,' ',1,89),(7537,83,'Limites de l\'assurance',1,' ',9,89),(7538,83,'L\'univers de l\'assurance',1,' ',16,89),(7875,174,'Chiffrement/codage',1,' ',1,55),(7876,174,'Diagnostic système',1,' ',7,55),(7877,174,'Exemple d\'expressions employées lors d\'une réunion',1,' ',17,55),(7878,174,'Gestion financière en informatique',1,' ',23,55),(7879,174,'Réseaux sans fil',1,' ',29,55),(7880,174,'Système intégré',1,' ',35,55),(7881,174,'Accueillir un visiteur',1,' ',39,55),(7882,174,'Communication au travail',1,' ',47,55),(7883,174,'Conversation informelle',1,' ',53,55),(7884,174,'Email',1,' ',59,55),(7885,174,'Au Téléphone',1,' ',67,55),(7886,174,'Santé et sécurité',1,' ',73,55),(7894,482,'Animation de réunion',1,' ',1,1592),(7895,482,'Exprimer son accord/désaccord lors d\'une réunion',1,' ',7,1592),(7896,482,'Expressions employées lors d\'une présentation',1,' ',13,1592),(7897,482,'Entretien d\'embauche',1,' ',21,1592),(7898,482,'Gestion des grands comptes',1,' ',33,1592),(7899,482,'Expression utilisée lors d\'une téléconférence',1,' ',39,1592),(7900,482,'Expression employée lors d\'une réunion',1,' ',47,1592),(7959,183,'Contrat à durée déterminée',1,' ',1,1578),(7960,183,'Conversation en milieu professionnel',1,' ',9,1578),(7961,183,'Discours ordinaire',1,' ',15,1578),(7962,183,'Présentation de la société',1,' ',23,1578),(7963,183,'Recrutement de personnel',1,' ',31,1578),(7964,183,'Vocabulaire de l\'hôtellerie',1,' ',37,1578),(7965,183,'Vocabulaire général des RH',1,' ',43,1578),(7966,183,'Communication au travail',1,' ',49,1578),(7967,183,'Réunion',1,' ',55,1578),(7968,183,'Accueillir un visiteur',1,' ',63,1578),(7969,183,'Animer une présentation',1,' ',71,1578),(7970,183,'Au Téléphone',1,' ',79,1578),(7971,183,'Email',1,' ',85,1578),(7972,183,'Informatique',1,' ',93,1578),(7973,183,'Organiser un voyage',1,' ',99,1578),(7974,183,'Formules de politesse',1,' ',109,1578),(8479,506,'Caractéristiques de système de manipulation de solution',1,' ',1,1545),(8480,506,'Analyse financière',1,' ',7,1545),(8481,506,'Le Dispatching',1,' ',15,1545),(8482,506,'Système de dosage, de mélange et transport de solution',1,' ',19,1545),(8483,506,'Comptabilité générale d\'entreprise',1,' ',23,1545),(8484,506,'Finance',1,' ',29,1545),(8485,506,'Communication au travail',1,' ',35,1545),(8486,506,'Termes divers associés à la gestion',1,' ',41,1545),(8487,506,'Informatique',1,' ',47,1545),(8488,506,'Réunion',1,' ',53,1545),(8489,506,'Animer une présentation',1,' ',59,1545),(8490,506,'Au Téléphone',1,' ',67,1545),(8491,506,'Email',1,' ',73,1545),(8492,506,'Organiser un voyage',1,' ',79,1545),(8531,512,'Richard Poirier',1,' ',1,1619),(8532,512,'Au Téléphone',1,' ',19,1619),(8533,512,'Accueillir un visiteur',1,' ',25,1619),(8534,512,'Email',1,' ',31,1619),(8535,512,'Réunion',1,' ',39,1619),(8869,47,'Gestion du planning',1,' ',1,168),(8870,47,'Préparation des réunions',1,' ',7,168),(8910,469,'Les vidéos en direct et la réalité virtuelle',1,' ',1,55),(8911,469,'Accroître le trafic d\'un site web et booster la notoriété de la marque',1,' ',7,55),(8912,469,'Intelligence artificielle et plate-forme de simulation',1,' ',15,55),(8913,469,'Stratégies de marketing en ligne',1,' ',19,55),(8914,469,'Les éléments fondamentaux de l\'optimisation pour les moteurs de recherche',1,' ',27,55),(8949,515,'Présentation de l\'entreprise',1,' ',1,419),(8950,515,'Poste gestionnaire de RH',1,' ',11,419),(8951,515,'Accord CSE',1,' ',15,419),(8952,515,'Entretien d\'embauche',1,' ',21,419),(8953,515,'Recrutement',1,' ',27,419),(8954,515,'Droit du travail',1,' ',35,419),(8955,515,'RH_Conditions d\'emploi',1,' ',39,419),(8956,515,'Contrat de travail',1,' ',45,419),(8957,515,'Accueillir un visiteur',1,' ',53,419),(8958,515,'Animer une présentation',1,' ',61,419),(8959,515,'Au Téléphone',1,' ',67,419),(8960,515,'Communication au travail',1,' ',73,419),(8961,515,'Email',1,' ',79,419),(8962,515,'Réunion',1,' ',87,419),(8963,515,'Informatique',1,' ',93,419),(8964,515,'Faire du shopping',1,' ',99,419),(8965,515,'Organiser un voyage',1,' ',105,419),(8966,406,'E-mail professionnel',1,' ',1,1598),(8967,406,'Notions de comptabilité',1,' ',9,1598),(8968,406,'Problèmes informatiques',1,' ',17,1598),(8969,406,'Technologie de l\'information',1,' ',21,1598),(8970,406,'Jargon de la comptabilité',1,' ',29,1598),(8971,406,'Présentation de la société',1,' ',37,1598),(8972,406,'Accueillir un visiteur',1,' ',43,1598),(9038,533,'Présentation de la société',1,' ',1,1623),(9039,533,'Cahier des charges',1,' ',9,1623),(9040,533,'Estimation de prix',1,' ',15,1623),(9041,533,'Conditions générales de vente',1,' ',23,1623),(9042,533,'Animer une présentation',1,' ',31,1623),(9043,533,'Communication au travail',1,' ',37,1623),(9044,533,'Email',1,' ',43,1623),(9045,533,'Au Téléphone',1,' ',51,1623),(9046,533,'Accueillir un visiteur',1,' ',57,1623),(9047,533,'Réunion',1,' ',63,1623),(9048,533,'Informatique',1,' ',71,1623),(9049,533,'Faire du shopping',1,' ',77,1623),(9050,533,'Organiser un voyage',1,' ',81,1623),(9291,560,'Entretien d\'embauche et recrutement',1,' ',1,1588),(9292,560,'Conduite de projet',1,' ',11,1588),(9293,560,'Gestion d\'équipe',1,' ',17,1588),(9294,560,'Animation de réunion',1,' ',25,1588),(9295,560,'Animer une présentation',1,' ',33,1588),(9296,560,'Accueillir un visiteur',1,' ',41,1588),(9297,560,'Au Téléphone',1,' ',49,1588),(9298,560,'Communication au travail',1,' ',57,1588),(9299,560,'Email',1,' ',63,1588),(9300,560,'Formules de politesse',1,' ',73,1588),(9301,560,'Informatique',1,' ',79,1588),(9302,560,'Organiser un voyage',1,' ',87,1588),(9303,560,'Réunion',1,' ',97,1588),(9493,544,'Présentation de la société',1,' ',1,1627),(9494,544,'Service client',1,' ',11,1627),(9495,544,'Correspondance commerciale_Lettre Type',1,' ',19,1627),(9496,544,'Correspondance commerciale',1,' ',25,1627),(9497,544,'Négociation commerciale',1,' ',29,1627),(9498,544,'Ventes',1,' ',41,1627),(9499,544,'Réunion',1,' ',45,1627),(9500,544,'Accueillir un visiteur',1,' ',55,1627),(9501,544,'Au Téléphone',1,' ',63,1627),(9502,544,'Communication au travail',1,' ',69,1627),(9503,544,'Email',1,' ',77,1627),(9504,544,'Informatique',1,' ',85,1627),(9505,544,'Formules de politesse',1,' ',93,1627),(9506,544,'Organiser un voyage',1,' ',101,1627),(9507,544,'Faire du shopping',1,' ',111,1627),(9508,544,'Animer une présentation',1,' ',117,1627),(9524,559,'Présentation de la société',1,' ',1,1627),(9525,559,'Service client',1,' ',11,1627),(9526,559,'ERN',1,' ',11,1627),(9527,559,'Securité informatique',1,' ',19,1627),(9528,559,'Problèmes informatiques',1,' ',23,1627),(9529,559,'Configuration VPN',1,' ',29,1627),(9530,559,'Sécurité des réseaux',1,' ',35,1627),(9531,559,'Architecture Technique',1,' ',47,1627),(9532,559,'Accueillir un visiteur',1,' ',61,1627),(9533,559,'Communication au travail',1,' ',69,1627),(9534,559,'Email',1,' ',77,1627),(9535,559,'Formules de politesse',1,' ',85,1627),(9536,559,'Informatique',1,' ',93,1627),(9537,559,'Organiser un voyage',1,' ',101,1627),(9538,559,'Réunion',1,' ',111,1627),(9556,646,'Les expressions courantes',1,' ',1,1520),(9557,646,'En voyage, en vacances et au restaurant',1,' ',9,1520),(9558,646,'Les mots à la mode',1,' ',17,1520),(9559,646,'La vie de tous les jours',1,' ',21,1520),(9560,646,'En cuisine',1,' ',33,1520),(9561,646,'Demander son chemin',1,' ',37,1520),(9562,646,'Les argots',1,' ',45,1520),(9563,646,'Vocabulaire de la cuisine',1,' ',51,1520),(9564,646,'Rencontres',1,' ',57,1520),(9565,646,'Accueillir un visiteur',1,' ',63,1520),(9566,646,'Au Téléphone',1,' ',71,1520),(9567,646,'Communication au travail',1,' ',79,1520),(9568,646,'Formules de politesse',1,' ',85,1520),(9569,646,'Informatique',1,' ',93,1520),(9570,646,'Organiser un voyage',1,' ',101,1520),(9571,646,'Réunion',1,' ',111,1520),(9572,646,'Email',1,' ',119,1520),(9573,639,'La gestion de réseau',1,' ',1,1525),(9574,639,'Expression utilisée lors d\'une téléconférence',1,' ',9,1525),(9575,639,'À propos de l\'administration de système',1,' ',17,1525),(9576,639,'Récupération de données et reprise après sinistre',1,' ',23,1525),(9577,639,'Téléconférence',1,' ',29,1525),(9578,639,'Accueillir un visiteur',1,' ',33,1525),(9579,639,'Au Téléphone',1,' ',41,1525),(9580,639,'Communication au travail',1,' ',49,1525),(9581,639,'Email',1,' ',55,1525),(9582,639,'Formules de politesse',1,' ',65,1525),(9583,639,'Informatique',1,' ',71,1525),(9584,639,'Organiser un voyage',1,' ',79,1525),(9585,639,'Réunion',1,' ',89,1525),(9586,108,'Présentation de la société',1,' ',1,1525),(9587,108,'Fiche technique',1,' ',9,1525),(9588,108,'Conditions générales',1,' ',15,1525),(9589,108,'Offres et services',1,' ',23,1525),(9590,108,'Réponse à un appel d\'offre',1,' ',29,1525),(9591,108,'Faire une réunion',1,' ',35,1525),(9592,108,'Politique de sécurité',1,' ',41,1525),(9593,670,'Gestion des talents',1,' ',1,1520),(9594,670,'Rétention des talents',1,' ',9,1520),(9595,670,'Conditions de travail',1,' ',17,1520),(9596,670,'Stratégie RH',1,' ',27,1520),(9597,670,'Entretien d\'embauche',1,' ',35,1520),(9598,670,'Recherche de talents',1,' ',43,1520),(9599,670,'Recrutement',1,' ',49,1520),(9600,670,'RH Recrutement',1,' ',57,1520),(9601,670,'Accueillir un visiteur',1,' ',61,1520),(9602,670,'Animer une présentation',1,' ',69,1520),(9603,670,'Communication au travail',1,' ',79,1520),(9604,670,'Formules de politesse',1,' ',85,1520),(9605,670,'Comptabilité',1,' ',93,1520),(9606,670,'Conversation informelle',1,' ',99,1520),(9607,670,'Formation',1,' ',107,1520),(9608,670,'Organiser un voyage',1,' ',113,1520),(9609,670,'Rapport annuel',1,' ',123,1520),(9610,670,'Réunion',1,' ',129,1520);

--
-- Table structure for table `temp_LE_generiques`
--

CREATE TABLE `temp_LE_generiques` (
  `id` int(11) NOT NULL AUTO_INCREMENT,
  `id_societe` int(55) NOT NULL,
  `description` varchar(255) COLLATE utf8_bin NOT NULL,
  `id_theme` int(55) NOT NULL,
  `libelle_theme` varchar(255) COLLATE utf8_bin NOT NULL,
  PRIMARY KEY (`id`)
) ENGINE=MyISAM DEFAULT CHARSET=utf8 COLLATE=utf8_bin;

--
-- Dumping data for table `temp_LE_generiques`
--


--
-- Table structure for table `temp_Pdf_LoadDataTheme`
--

CREATE TABLE `temp_Pdf_LoadDataTheme` (
  `id_temp` int(11) NOT NULL AUTO_INCREMENT,
  `lib` varchar(255) CHARACTER SET utf8 COLLATE utf8_bin NOT NULL,
  `idT` int(11) DEFAULT NULL,
  `description` varchar(255) COLLATE utf8_unicode_ci NOT NULL,
  `id_societe` int(11) DEFAULT NULL,
  `id` int(11) DEFAULT NULL,
  PRIMARY KEY (`id_temp`),
  KEY `IDX_24D3E9EFC7F894CD` (`id_societe`),
  KEY `IDX_24D3E9EFBF396750` (`id`),
  KEY `IDX_24D3E9EFD5D012F3` (`idT`),
  CONSTRAINT `FK_24D3E9EFBF396750` FOREIGN KEY (`id`) REFERENCES `prototype_access` (`id_prototype_access`),
  CONSTRAINT `FK_24D3E9EFC7F894CD` FOREIGN KEY (`id_societe`) REFERENCES `societe` (`id_societe`),
  CONSTRAINT `FK_24D3E9EFD5D012F3` FOREIGN KEY (`idT`) REFERENCES `theme` (`id_theme`)
) ENGINE=InnoDB AUTO_INCREMENT=3749 DEFAULT CHARSET=utf8 COLLATE=utf8_unicode_ci;

--
-- Dumping data for table `temp_Pdf_LoadDataTheme`
--

INSERT INTO `temp_Pdf_LoadDataTheme` VALUES (1,'Au téléphone',138,'PUBLICIS MEDIA',1478,33),(2,'Campagne publicitaire',205,'PUBLICIS MEDIA',1478,33),(3,'E-mail contrat',206,'PUBLICIS MEDIA',1478,33),(4,'E-mail professionnel',131,'PUBLICIS MEDIA',1478,33),(5,'E-mail',207,'PUBLICIS MEDIA',1478,33),(6,'Planification média',208,'PUBLICIS MEDIA',1478,33),(7,'Réunion',17,'PUBLICIS MEDIA',1478,33),(8,'Teleconference',209,'PUBLICIS MEDIA',1478,33),(9,'Réunion professionnelle',210,'PUBLICIS MEDIA',1478,33),(16,'Technologie de l\'information',304,'ARISMORE',102,132),(195,'Accord de confidentialité/distribution',574,'EURAPHARMA',1519,175),(196,'Disposition d\'un contrat commercial',575,'EURAPHARMA',1519,175),(197,'Techniques de négociation',558,'EURAPHARMA',1519,175),(198,'Rédaction de contrats',576,'EURAPHARMA',1519,175),(325,'Coordination de projet',258,'BOLLORE LOGISTICS',168,50),(341,'Développement logiciel',562,'ACCENTURE',83,169),(342,'Example de signalement de bogues',563,'ACCENTURE',83,169),(343,'Prise en charge de locataire',564,'ACCENTURE',83,169),(344,'Exemples de question à poser à un architecte de solutions logicielles',565,'ACCENTURE',83,169),(345,'Stockage d\'identité et amélioration des recherches',566,'ACCENTURE',83,169),(346,'Tests logiciels',567,'ACCENTURE',83,169),(347,'Au Téléphone',3,'FORMA2+',653,169),(348,'Communication au travail',34,'FORMA2+',653,169),(349,'Email',8,'FORMA2+',653,169),(350,'Formules de politesse',11,'FORMA2+',653,169),(351,'Informatique',1,'FORMA2+',653,169),(352,'Réunion',17,'FORMA2+',653,169),(353,'Conversation informelle',27,'FORMA2+',653,169),(354,'Animer une présentation',2,'FORMA2+',653,169),(370,'Création de design',45,'ALTRAN',55,1),(371,'Présentation PowerPoint',46,'ALTRAN',55,1),(372,'Test utilisateur',47,'ALTRAN',55,1),(373,'Design de service',48,'ALTRAN',55,1),(374,'Design d\'interface',49,'ALTRAN',55,1),(375,'Expressions employées lors d\'une présentation',50,'ALTRAN',55,1),(377,'Sécurité Android',415,'SOGETI',1305,111),(378,'Android professionnel',416,'SOGETI',1305,111),(417,'Argumentaire de vente/offre de service',491,'DIVERSEY',457,142),(418,'Établir un plan de vente',493,'DIVERSEY',457,142),(419,'Expressions employées lors d\'une présentation',50,'DIVERSEY',457,142),(420,'Préparer un projet/plan marketing',494,'DIVERSEY',457,142),(421,'Présentation orale',91,'DIVERSEY',457,142),(422,'Suivi après une démonstration ou une présentation de vente',495,'DIVERSEY',457,142),(424,'Informatique',1,'ARISMORE',102,131),(447,'Entretien d\'embauche',119,'ALTRAN',55,146),(448,'Risques en informatique',504,'ALTRAN',55,146),(449,'Tendances de la technologie informatique',506,'ALTRAN',55,146),(450,'Conduite d\'un projet',106,'ALTRAN',55,146),(451,'Gestion de projets',107,'ALTRAN',55,146),(452,'Securité informatique',505,'ALTRAN',55,146),(753,'Chiffrement/codage',507,'ALTRAN',55,147),(754,'Diagnostic système',508,'ALTRAN',55,147),(755,'Exemple d\'expressions employées lors d\'une réunion',485,'ALTRAN',55,147),(756,'Gestion financière en informatique',509,'ALTRAN',55,147),(757,'Réseaux sans fil',510,'ALTRAN',55,147),(758,'Système intégré',511,'ALTRAN',55,147),(760,'',586,'RELAXNEWS',1576,187),(761,'Comptabilité d\'entreprise',187,'CFTA',1502,57),(762,'Conditions générales de vente',275,'CFTA',1502,57),(763,'Demander/Donner des informations',276,'CFTA',1502,57),(764,'Présentation de la société',78,'CFTA',1502,57),(765,'Voyage en train',277,'CFTA',1502,57),(820,'Expressions employées lors d\'une présentation',584,'DIGITAL PROD',1575,181),(821,'Gestion des grands comptes',76,'DIGITAL PROD',1575,181),(822,'Présentation de la société',577,'DIGITAL PROD',1575,181),(823,'Expression employée lors d\'une réunion',603,'DIGITAL PROD',1575,181),(824,'Fidélisation de la clientèle',604,'DIGITAL PROD',1575,181),(825,'Négociation commerciale',605,'DIGITAL PROD',1575,181),(826,'Directrice grands comptes',222,'DIGITAL PROD',1575,181),(1244,'Présentation de la société',577,'PWC',1113,176),(1245,'Droit fiscal',578,'PWC',1113,176),(1246,'Droit des entreprises',579,'PWC',1113,176),(1247,'Droit commercial',580,'PWC',1113,176),(1248,'Expression utilisée lors d\'une téléconférence',581,'PWC',1113,176),(1249,'Droit du travail',525,'PWC',1113,176),(1250,'Droit des affaires',582,'PWC',1113,176),(1251,'Termes juridiques',44,'FORMA2+',653,176),(1252,'Animer une présentation',2,'FORMA2+',653,176),(1253,'Communication au travail',34,'FORMA2+',653,176),(1254,'Email',8,'FORMA2+',653,176),(1255,'Au Téléphone',3,'FORMA2+',653,176),(1256,'Réunion',17,'FORMA2+',653,176),(1257,'Informatique',1,'FORMA2+',653,176),(1258,'Termes divers associés à la gestion',19,'FORMA2+',653,176),(1259,'Santé et sécurité',18,'FORMA2+',653,176),(1260,'Organiser un voyage',36,'FORMA2+',653,176),(1334,'Facturation et relance',346,'LABORATOIRES CERBA',309,88),(1335,'Matériels de laboratoire',171,'LABORATOIRES CERBA',309,88),(1336,'Présentation de la société',78,'LABORATOIRES CERBA',309,88),(1337,'Recouvrement de créances',347,'LABORATOIRES CERBA',309,88),(1338,'Technicien de laboratoire d\'analyse médicale',348,'LABORATOIRES CERBA',309,88),(1339,'Sécurité biologique en laboratoire',349,'LABORATOIRES CERBA',309,88),(1872,'Analyse des tendances',266,'CWT',409,172),(1873,'Contrat de prestations de services',191,'CWT',409,172),(1874,'Gestion des réclammations clients',134,'CWT',409,172),(1875,'Prestation de service',139,'CWT',409,172),(1876,'Procédure de réclamation',573,'CWT',409,172),(1877,'Processus budgétaire',517,'CWT',409,172),(1895,'Gestion d\'équipe',583,'CAPGEMINI France',244,177),(1896,'Organisation de projet',109,'CAPGEMINI France',244,177),(1897,'Conduite de projet',151,'CAPGEMINI France',244,177),(1898,'Expressions employées lors d\'une présentation',584,'CAPGEMINI France',244,177),(1899,'Mener une équipe',585,'CAPGEMINI France',244,177),(1900,'Pilotage d\'un projet',549,'CAPGEMINI France',244,177),(1937,'Prévision des recettes',626,'DIGITAS LBI',1520,188),(1938,'Analyse des tendances',266,'DIGITAS LBI',1520,188),(1939,'Design de service',48,'DIGITAS LBI',1520,188),(1940,'Marketing stratégique',627,'DIGITAS LBI',1520,188),(1941,'activités/chiffres liés aux publicités',628,'DIGITAS LBI',1520,188),(1942,'Contrôle des risques financiers',629,'DIGITAS LBI',1520,188),(1943,'Expression utilisée lors d\'une téléconférence',581,'DIGITAS LBI',1520,188),(1944,'Prévision de trésorerie',630,'DIGITAS LBI',1520,188),(1945,'Assurance risque-météo',329,'AON',89,78),(1946,'Présentation de la société',78,'AON',89,78),(1947,'Produits et services',330,'AON',89,78),(1948,'Titres assurentiels',331,'AON',89,78),(2073,'Gestion de flux logistiques',195,'BOVIS',179,163),(2074,'Manutention manuelle',262,'BOVIS',179,163),(2075,'Organisation logistique',66,'BOVIS',179,163),(2076,'Gestion de transport et logistique',250,'BOVIS',179,163),(2077,'Organisation dans un entrepôt',63,'BOVIS',179,163),(2078,'Présentation de la société',78,'BOVIS',179,163),(2118,'Contrat d\'assurance',338,'AON',89,82),(2119,'Mesure et gestion de risques d\'assurance',339,'AON',89,82),(2120,'Science actuarielle',340,'AON',89,82),(2193,'Présentation de l\'entreprise',87,'ACCENTURE',83,171),(2194,'Donner des feedback',568,'ACCENTURE',83,171),(2195,'Faire une proposition de ventes',569,'ACCENTURE',83,171),(2196,'Présentation de stratégie d\'entreprise',570,'ACCENTURE',83,171),(2197,'Gestion d\'identité et d\'accès',571,'ACCENTURE',83,171),(2198,'Rapport d\'avancement de projet',572,'ACCENTURE',83,171),(2407,'Compétences à mettre en avant dans un CV',745,'F2P',1594,327),(2408,'Créer et mener à bien un projet',746,'F2P',1594,327),(2409,'Expression de besoins',747,'F2P',1594,327),(2410,'Gestion de document',748,'F2P',1594,327),(2411,'Technique de gestion de projet',749,'F2P',1594,327),(2470,'Activités de construction',238,'AFA ARCHITECTES',1491,42),(2471,'Présentation de la société',78,'AFA ARCHITECTES',1491,42),(2472,'Présentation de projet de construction',239,'AFA ARCHITECTES',1491,42),(2473,'Gestion de projet d\'urbanisme',240,'AFA ARCHITECTES',1491,42),(2474,'Notice architecturale',241,'AFA ARCHITECTES',1491,42),(2475,'Finance',10,'FORMA2+',653,42),(2476,'Formation',32,'FORMA2+',653,42),(2477,'Formules de politesse',11,'FORMA2+',653,42),(2478,'Industrie',12,'FORMA2+',653,42),(2479,'Informatique',1,'FORMA2+',653,42),(2480,'Marketing',13,'FORMA2+',653,42),(2481,'Microfinance',35,'FORMA2+',653,42),(2482,'Négociation commerciale',14,'FORMA2+',653,42),(2483,'Organiser un voyage',36,'FORMA2+',653,42),(2484,'Politique',15,'FORMA2+',653,42),(2485,'Publicité',37,'FORMA2+',653,42),(2486,'Rapport annuel',16,'FORMA2+',653,42),(2487,'Réunion',17,'FORMA2+',653,42),(2488,'Recrutement',38,'FORMA2+',653,42),(2489,'RH_Conditions d\'emploi',39,'FORMA2+',653,42),(2490,'Santé et sécurité',18,'FORMA2+',653,42),(2491,'Telecommunications',40,'FORMA2+',653,42),(2492,'Termes divers associés à la gestion',19,'FORMA2+',653,42),(2493,'Termes juridiques',44,'FORMA2+',653,42),(2494,'Transport aérien',41,'FORMA2+',653,42),(2552,'Discussion sociale',57,'BAXALTA',1503,3),(2553,'Prise en charge d\'épisodes hémorragiques',58,'BAXALTA',1503,3),(2554,'Rapport de sondage sur l\'hémophilie',59,'BAXALTA',1503,3),(2555,'Rapport',60,'BAXALTA',1503,3),(2556,'Stratégie de fixation de prix',61,'BAXALTA',1503,3),(2574,'Contrat à durée déterminée',609,'IBIS',817,196),(2575,'Conversation en milieu professionnel',610,'IBIS',817,196),(2576,'Discours ordinaire',611,'IBIS',817,196),(2577,'Présentation de la société',577,'IBIS',817,196),(2578,'Recrutement de personnel',121,'IBIS',817,196),(2579,'Vocabulaire de l\'hôtellerie',612,'IBIS',817,196),(2580,'Vocabulaire général des RH',613,'IBIS',817,196),(2581,'Communication au travail',34,'FORMA2+',653,196),(2582,'Réunion',17,'FORMA2+',653,196),(2583,'Au Téléphone',3,'FORMA2+',653,196),(2584,'Email',8,'FORMA2+',653,196),(2585,'Informatique',1,'FORMA2+',653,196),(2586,'Accueillir un visiteur',23,'FORMA2+',653,196),(2587,'Formules de politesse',11,'FORMA2+',653,196),(2588,'Organiser un voyage',36,'FORMA2+',653,196),(2592,'Fidélisation de la clientèle',341,'AON',89,83),(2593,'Limites de l\'assurance',342,'AON',89,83),(2594,'L\'univers de l\'assurance',343,'AON',89,83),(2672,'Chiffrement/codage',507,'ALTRAN',55,174),(2673,'Diagnostic système',508,'ALTRAN',55,174),(2674,'Exemple d\'expressions employées lors d\'une réunion',485,'ALTRAN',55,174),(2675,'Gestion financière en informatique',509,'ALTRAN',55,174),(2676,'Réseaux sans fil',510,'ALTRAN',55,174),(2677,'Système intégré',511,'ALTRAN',55,174),(2678,'Accueillir un visiteur',23,'FORMA2+',653,174),(2679,'Communication au travail',34,'FORMA2+',653,174),(2680,'Conversation informelle',27,'FORMA2+',653,174),(2681,'Email',8,'FORMA2+',653,174),(2682,'Au Téléphone',3,'FORMA2+',653,174),(2683,'Santé et sécurité',18,'FORMA2+',653,174),(2687,'Animation de réunion',732,'MEDIAMETRIE',1592,482),(2688,'Exprimer son accord/désaccord lors d\'une réunion',591,'MEDIAMETRIE',1592,482),(2689,'Expressions employées lors d\'une présentation',584,'MEDIAMETRIE',1592,482),(2690,'Entretien d\'embauche',119,'MEDIAMETRIE',1592,482),(2691,'Gestion des grands comptes',76,'MEDIAMETRIE',1592,482),(2692,'Expression utilisée lors d\'une téléconférence',581,'MEDIAMETRIE',1592,482),(2693,'Expression employée lors d\'une réunion',603,'MEDIAMETRIE',1592,482),(2830,'Caractéristiques de système de manipulation de solution',1054,'SODIMATE',1545,506),(2831,'Analyse financière',755,'SODIMATE',1545,506),(2832,'Le Dispatching',1055,'SODIMATE',1545,506),(2833,'Système de dosage, de mélange et transport de solution',1056,'SODIMATE',1545,506),(2834,'Comptabilité générale d\'entreprise',751,'SODIMATE',1545,506),(2835,'Finance',10,'FORMA2+',653,506),(2836,'Communication au travail',34,'FORMA2+',653,506),(2837,'Termes divers associés à la gestion',19,'FORMA2+',653,506),(2838,'Informatique',1,'FORMA2+',653,506),(2839,'Réunion',17,'FORMA2+',653,506),(2840,'Animer une présentation',2,'FORMA2+',653,506),(2841,'Au Téléphone',3,'FORMA2+',653,506),(2842,'Email',8,'FORMA2+',653,506),(2843,'Organiser un voyage',36,'FORMA2+',653,506),(2860,'Richard Poirier',1067,'Feuille Blanche',1619,512),(2861,'Au Téléphone',3,'FORMA2+',653,512),(2862,'Accueillir un visiteur',23,'FORMA2+',653,512),(2863,'Email',8,'FORMA2+',653,512),(2864,'Réunion',17,'FORMA2+',653,512),(2994,'Gestion du planning',254,'BOLLORE LOGISTICS',168,47),(2995,'Préparation des réunions',255,'BOLLORE LOGISTICS',168,47),(2997,'Les vidéos en direct et la réalité virtuelle',1004,'ALTRAN',55,469),(2998,'Accroître le trafic d\'un site web et booster la notoriété de la marque',1005,'ALTRAN',55,469),(2999,'Intelligence artificielle et plate-forme de simulation',1006,'ALTRAN',55,469),(3000,'Stratégies de marketing en ligne',1007,'ALTRAN',55,469),(3001,'Les éléments fondamentaux de l\'optimisation pour les moteurs de recherche',1008,'ALTRAN',55,469),(3042,'Contrat à durée déterminée',609,'IBIS',1578,183),(3043,'Conversation en milieu professionnel',610,'IBIS',1578,183),(3044,'Discours ordinaire',611,'IBIS',1578,183),(3045,'Présentation de la société',577,'IBIS',1578,183),(3046,'Recrutement de personnel',121,'IBIS',1578,183),(3047,'Vocabulaire de l\'hôtellerie',612,'IBIS',1578,183),(3048,'Vocabulaire général des RH',613,'IBIS',1578,183),(3049,'Communication au travail',34,'FORMA2+',653,183),(3050,'Réunion',17,'FORMA2+',653,183),(3051,'Accueillir un visiteur',23,'FORMA2+',653,183),(3052,'Animer une présentation',2,'FORMA2+',653,183),(3053,'Au Téléphone',3,'FORMA2+',653,183),(3054,'Email',8,'FORMA2+',653,183),(3055,'Informatique',1,'FORMA2+',653,183),(3056,'Organiser un voyage',36,'FORMA2+',653,183),(3057,'Formules de politesse',11,'FORMA2+',653,183),(3073,'Présentation de l\'entreprise',595,'DALKIA',419,515),(3074,'Poste gestionnaire de RH',1073,'DALKIA',419,515),(3075,'Accord CSE',1074,'DALKIA',419,515),(3076,'Entretien d\'embauche',119,'DALKIA',419,515),(3077,'Recrutement',38,'DALKIA',419,515),(3078,'Droit du travail',525,'DALKIA',419,515),(3079,'RH_Conditions d\'emploi',39,'DALKIA',419,515),(3080,'Contrat de travail',283,'DALKIA',419,515),(3081,'Accueillir un visiteur',23,'FORMA2+',653,515),(3082,'Animer une présentation',2,'FORMA2+',653,515),(3083,'Au Téléphone',3,'FORMA2+',653,515),(3084,'Communication au travail',34,'FORMA2+',653,515),(3085,'Email',8,'FORMA2+',653,515),(3086,'Réunion',17,'FORMA2+',653,515),(3087,'Informatique',1,'FORMA2+',653,515),(3088,'Faire du shopping',31,'FORMA2+',653,515),(3089,'Organiser un voyage',36,'FORMA2+',653,515),(3119,'Présentation de la société',577,'LABORATOIRES BEA',1623,533),(3120,'Cahier des charges',914,'LABORATOIRES BEA',1623,533),(3121,'Estimation de prix',1113,'LABORATOIRES BEA',1623,533),(3122,'Conditions générales de vente',1114,'LABORATOIRES BEA',1623,533),(3123,'Animer une présentation',2,'FORMA2+',653,533),(3124,'Communication au travail',34,'FORMA2+',653,533),(3125,'Email',8,'FORMA2+',653,533),(3126,'Au Téléphone',3,'FORMA2+',653,533),(3127,'Accueillir un visiteur',23,'FORMA2+',653,533),(3128,'Réunion',17,'FORMA2+',653,533),(3129,'Informatique',1,'FORMA2+',653,533),(3130,'Faire du shopping',31,'FORMA2+',653,533),(3131,'Organiser un voyage',36,'FORMA2+',653,533),(3242,'Entretien d\'embauche et recrutement',820,'DALLOZ',1588,560),(3243,'Conduite de projet',151,'DALLOZ',1588,560),(3244,'Gestion d\'équipe',583,'DALLOZ',1588,560),(3245,'Animation de réunion',732,'DALLOZ',1588,560),(3246,'Animer une présentation',761,'DALLOZ',1588,560),(3247,'Accueillir un visiteur',23,'FORMA2+',653,560),(3248,'Au Téléphone',3,'FORMA2+',653,560),(3249,'Communication au travail',34,'FORMA2+',653,560),(3250,'Email',8,'FORMA2+',653,560),(3251,'Formules de politesse',11,'FORMA2+',653,560),(3252,'Informatique',1,'FORMA2+',653,560),(3253,'Organiser un voyage',36,'FORMA2+',653,560),(3254,'Réunion',17,'FORMA2+',653,560),(3257,'Présentation de la société',577,'GC FRANCE',1627,559),(3258,'Service client',1142,'GC FRANCE',1627,559),(3259,'ERN',1153,'GC FRANCE',1627,559),(3260,'Securité informatique',639,'GC FRANCE',1627,559),(3261,'Problèmes informatiques',862,'GC FRANCE',1627,559),(3262,'Configuration VPN',1154,'GC FRANCE',1627,559),(3263,'Sécurité des réseaux',1155,'GC FRANCE',1627,559),(3264,'Architecture Technique',1052,'GC FRANCE',1627,559),(3265,'Accueillir un visiteur',23,'FORMA2+',653,559),(3266,'Communication au travail',34,'FORMA2+',653,559),(3267,'Email',8,'FORMA2+',653,559),(3268,'Formules de politesse',11,'FORMA2+',653,559),(3269,'Informatique',1,'FORMA2+',653,559),(3270,'Organiser un voyage',36,'FORMA2+',653,559),(3271,'Réunion',17,'FORMA2+',653,559),(3381,'Présentation de la société',577,'GC FRANCE',1627,544),(3382,'Service client',1142,'GC FRANCE',1627,544),(3383,'Correspondance commerciale_Lettre Type',6,'GC FRANCE',1627,544),(3384,'Correspondance commerciale',28,'GC FRANCE',1627,544),(3385,'Négociation commerciale',605,'GC FRANCE',1627,544),(3386,'Ventes',22,'GC FRANCE',1627,544),(3387,'Réunion',17,'FORMA2+',653,544),(3388,'Accueillir un visiteur',23,'FORMA2+',653,544),(3389,'Au Téléphone',3,'FORMA2+',653,544),(3390,'Communication au travail',34,'FORMA2+',653,544),(3391,'Email',8,'FORMA2+',653,544),(3392,'Informatique',1,'FORMA2+',653,544),(3393,'Formules de politesse',11,'FORMA2+',653,544),(3394,'Organiser un voyage',36,'FORMA2+',653,544),(3395,'Faire du shopping',31,'FORMA2+',653,544),(3396,'Animer une présentation',2,'FORMA2+',653,544),(3397,'Les expressions courantes',1221,'PUBLICIS SAPIENT',1520,646),(3398,'En voyage, en vacances et au restaurant',906,'PUBLICIS SAPIENT',1520,646),(3399,'Les mots à la mode',1222,'PUBLICIS SAPIENT',1520,646),(3400,'La vie de tous les jours',142,'PUBLICIS SAPIENT',1520,646),(3401,'En cuisine',1117,'PUBLICIS SAPIENT',1520,646),(3402,'Demander son chemin',826,'PUBLICIS SAPIENT',1520,646),(3403,'Les argots',1223,'PUBLICIS SAPIENT',1520,646),(3404,'Vocabulaire de la cuisine',644,'PUBLICIS SAPIENT',1520,646),(3405,'Rencontres',893,'PUBLICIS SAPIENT',1520,646),(3406,'Accueillir un visiteur',23,'FORMA2+',653,646),(3407,'Au Téléphone',3,'FORMA2+',653,646),(3408,'Communication au travail',34,'FORMA2+',653,646),(3409,'Formules de politesse',11,'FORMA2+',653,646),(3410,'Informatique',1,'FORMA2+',653,646),(3411,'Organiser un voyage',36,'FORMA2+',653,646),(3412,'Réunion',17,'FORMA2+',653,646),(3413,'Email',8,'FORMA2+',653,646),(3428,'La gestion de réseau',1209,'SCC',1525,639),(3429,'Expression utilisée lors d\'une téléconférence',581,'SCC',1525,639),(3430,'À propos de l\'administration de système',1210,'SCC',1525,639),(3431,'Récupération de données et reprise après sinistre',1211,'SCC',1525,639),(3432,'Téléconférence',1141,'SCC',1525,639),(3433,'Accueillir un visiteur',23,'FORMA2+',653,639),(3434,'Au Téléphone',3,'FORMA2+',653,639),(3435,'Communication au travail',34,'FORMA2+',653,639),(3436,'Email',8,'FORMA2+',653,639),(3437,'Formules de politesse',11,'FORMA2+',653,639),(3438,'Informatique',1,'FORMA2+',653,639),(3439,'Organiser un voyage',36,'FORMA2+',653,639),(3440,'Réunion',17,'FORMA2+',653,639),(3441,'Présentation de la société',78,'SCC',1525,108),(3442,'Fiche technique',406,'SCC',1525,108),(3443,'Conditions générales',69,'SCC',1525,108),(3444,'Offres et services',407,'SCC',1525,108),(3445,'Réponse à un appel d\'offre',73,'SCC',1525,108),(3446,'Faire une réunion',312,'SCC',1525,108),(3447,'Politique de sécurité',408,'SCC',1525,108),(3448,'Expression employée lors d\'une réunion',603,'ARTELIA',1487,244),(3449,'Expressions employées lors d\'une présentation',584,'ARTELIA',1487,244),(3450,'Ordonnancement des tâches dans un projet',767,'ARTELIA',1487,244),(3451,'Présentation de la société',577,'ARTELIA',1487,244),(3452,'Présentation de projet de construction',768,'ARTELIA',1487,244),(3453,'Rapport de séminaire',769,'ARTELIA',1487,244),(3454,'Rénovation d\'hôtel',770,'ARTELIA',1487,244),(3455,'Vocabulaire de la construction',771,'ARTELIA',1487,244),(3456,'Animer une présentation',2,'FORMA2+',653,244),(3457,'Communication au travail',34,'FORMA2+',653,244),(3458,'Email',8,'FORMA2+',653,244),(3459,'Informatique',1,'FORMA2+',653,244),(3460,'Au Téléphone',3,'FORMA2+',653,244),(3461,'Réunion',17,'FORMA2+',653,244),(3462,'Santé et sécurité',18,'FORMA2+',653,244),(3463,'Organiser un voyage',36,'FORMA2+',653,244),(3464,'',586,'APS GROUP',1582,365),(3465,'Gestion des infrastructures informatiques',502,'ALTRAN',55,145),(3466,'Informatique en nuage',503,'ALTRAN',55,145),(3467,'Risques en informatique',504,'ALTRAN',55,145),(3468,'Securité informatique',505,'ALTRAN',55,145),(3469,'Système informatique',323,'ALTRAN',55,145),(3470,'Tendances de la technologie informatique',506,'ALTRAN',55,145),(3595,'À propos du FPGA et de l\'ASIC',1264,'The MathWorks',1925,676),(3596,'Présentation orale',764,'The MathWorks',1925,676),(3597,'Papotage',149,'The MathWorks',1925,676),(3598,'Stratégie de négociation',961,'The MathWorks',1925,676),(3599,'Présentation PowerPoint',783,'The MathWorks',1925,676),(3600,'Présentation de l\'entreprise',595,'The MathWorks',1925,676),(3601,'Correspondance par e-mail',194,'The MathWorks',1925,676),(3602,'Au Téléphone',3,'FORMA2+',653,676),(3603,'Epicerie',9,'FORMA2+',653,676),(3604,'Faire du shopping',31,'FORMA2+',653,676),(3605,'Formules de politesse',11,'FORMA2+',653,676),(3606,'Réunion',17,'FORMA2+',653,676),(3672,'Gestion des talents',1178,'PUBLICIS SAPIENT',1520,670),(3673,'Rétention des talents',1244,'PUBLICIS SAPIENT',1520,670),(3674,'Conditions de travail',1003,'PUBLICIS SAPIENT',1520,670),(3675,'Stratégie RH',1245,'PUBLICIS SAPIENT',1520,670),(3676,'Entretien d\'embauche',119,'PUBLICIS SAPIENT',1520,670),(3677,'Recherche de talents',1246,'PUBLICIS SAPIENT',1520,670),(3678,'Recrutement',38,'PUBLICIS SAPIENT',1520,670),(3679,'RH Recrutement',383,'PUBLICIS SAPIENT',1520,670),(3680,'Accueillir un visiteur',23,'FORMA2+',653,670),(3681,'Animer une présentation',2,'FORMA2+',653,670),(3682,'Communication au travail',34,'FORMA2+',653,670),(3683,'Formules de politesse',11,'FORMA2+',653,670),(3684,'Comptabilité',26,'FORMA2+',653,670),(3685,'Conversation informelle',27,'FORMA2+',653,670),(3686,'Formation',32,'FORMA2+',653,670),(3687,'Organiser un voyage',36,'FORMA2+',653,670),(3688,'Rapport annuel',16,'FORMA2+',653,670),(3689,'Réunion',17,'FORMA2+',653,670),(3703,'E-mail professionnel',131,'ABERDEEN',1598,406),(3704,'Notions de comptabilité',757,'ABERDEEN',1598,406),(3705,'Problèmes informatiques',862,'ABERDEEN',1598,406),(3706,'Technologie de l\'information',304,'ABERDEEN',1598,406),(3707,'Jargon de la comptabilité',863,'ABERDEEN',1598,406),(3708,'Présentation de la société',577,'ABERDEEN',1598,406),(3709,'Animer une présentation',2,'FORMA2+',653,406),(3710,'Au Téléphone',3,'FORMA2+',653,406),(3711,'Communication au travail',34,'FORMA2+',653,406),(3712,'Email',8,'FORMA2+',653,406),(3713,'Formules de politesse',11,'FORMA2+',653,406),(3714,'Informatique',1,'FORMA2+',653,406),(3715,'Négociation commerciale',14,'FORMA2+',653,406),(3716,'Organiser un voyage',36,'FORMA2+',653,406),(3717,'Réunion',17,'FORMA2+',653,406),(3718,'Termes divers associés à la gestion',19,'FORMA2+',653,406),(3734,'Présentation de la société',577,'RTD',1974,673),(3735,'Implantologie',1253,'RTD',1974,673),(3736,'Radiologie dentaire',1254,'RTD',1974,673),(3737,'Soins dentaires et fournitures ',1255,'RTD',1974,673),(3738,'Droit du travail',525,'RTD',1974,673),(3739,'Santé et sécurité',1256,'RTD',1974,673),(3740,'Gestion de projet',866,'RTD',1974,673),(3741,'Accueillir un visiteur',23,'FORMA2+',653,673),(3742,'Au Téléphone',3,'FORMA2+',653,673),(3743,'Communication au travail',34,'FORMA2+',653,673),(3744,'Animer une présentation',2,'FORMA2+',653,673),(3745,'Email',8,'FORMA2+',653,673),(3746,'Formules de politesse',11,'FORMA2+',653,673),(3747,'Informatique',1,'FORMA2+',653,673),(3748,'Santé et sécurité',18,'FORMA2+',653,673);

--
-- Table structure for table `theme`
--

CREATE TABLE `theme` (
  `id_theme` int(55) NOT NULL AUTO_INCREMENT,
  `libelle_theme` varchar(255) COLLATE utf8_unicode_ci NOT NULL,
  `theme_eng` varchar(255) CHARACTER SET utf8 COLLATE utf8_bin NOT NULL,
  PRIMARY KEY (`id_theme`)
) ENGINE=InnoDB AUTO_INCREMENT=1315 DEFAULT CHARSET=utf8 COLLATE=utf8_unicode_ci;

--
-- Dumping data for table `theme`
--

INSERT INTO `theme` VALUES (1,'Informatique','Computing'),(2,'Animer une présentation','Making a presentation'),(3,'Au Téléphone','Telephone conversation'),(4,'Bourse','Stock Exchange'),(5,'Consultance financière','Financial consulting'),(6,'Correspondance commerciale_Lettre Type','Commercial correspondence_Standard letter'),(7,'Cosmétiques','Cosmetics'),(8,'Email','Email'),(9,'Epicerie','Grocery'),(10,'Finance','Finance'),(11,'Formules de politesse','Forms of address'),(12,'Industrie','Industry'),(13,'Marketing','Marketing'),(14,'Négociation commerciale','Commercial negociation'),(15,'Politique','Politics'),(16,'Rapport annuel','Annual report'),(17,'Réunion','Meeting'),(18,'Santé et sécurité','Health and safety'),(19,'Termes divers associés à la gestion','Various terms related with management'),(20,'Transport ferroviaire','Transport by rail'),(21,'Assurance transport','Transport insurance'),(22,'Ventes','Sales'),(23,'Accueillir un visiteur','Welcoming a visitor'),(24,'Assurances','Insurance'),(25,'Audit','Audit'),(26,'Comptabilité','Accounting'),(27,'Conversation informelle','Informal conversation'),(28,'Correspondance commerciale','Commercial correspondence'),(29,'Douanes','Customs'),(30,'Environnement et énergie','Environment and Energy'),(31,'Faire du shopping','To go shopping'),(32,'Formation','Training'),(33,'Crédit immobilier','real estate loan/credit'),(34,'Communication au travail','Communication in the work place'),(35,'Microfinance','Microfinance'),(36,'Organiser un voyage','Planning a trip'),(37,'Publicité','Advertising'),(38,'Recrutement','Recruitment'),(39,'RH_Conditions d\'emploi','HR_Conditions of service'),(40,'Telecommunications','Telecommunications'),(41,'Transport aérien','Air freight'),(42,'Transport maritime','Ocean freight'),(43,'Transport-Logistique','Transport-Logistics'),(44,'Termes juridiques','Legal terms'),(45,'Création de design','Design creation'),(46,'Présentation PowerPoint','PowerPoint Presentation'),(47,'Test utilisateur','User test'),(48,'Design de service','Service design'),(49,'Design d\'interface','Interface design'),(50,'Expressions employées lors d\'une présentation','Language used during a presentation'),(51,'Jargon financier','Fianancial jargon'),(52,'Contrôle de gestion','Management control'),(53,'Monde de la comptabilité','Accounting world'),(54,'Responsable comptable','Accounting manager'),(55,'Marché financier','Financial market'),(56,'Rapport financier','Financial statement'),(57,'Discussion sociale','Social talk'),(58,'Prise en charge d\'épisodes hémorragiques','bleeding episode management'),(59,'Rapport de sondage sur l\'hémophilie','haemophilia survey report'),(60,'Rapport','Reporting'),(61,'Stratégie de fixation de prix','bleeding episode management'),(62,'Contrat de transport','Transport contract'),(63,'Organisation dans un entrepôt','Organisation in a warehouse'),(64,'Responsable d\'approvisionnement','Supply manager'),(65,'Gestion de stock','Stock management'),(66,'Organisation logistique','Logistic organization'),(67,'Transport des produits','Product transport'),(68,'Appel d\'offre','Tender offer'),(69,'Conditions générales','Terms and conditions'),(70,'Relation fournisseur','Supplier relationship'),(71,'Stratégie d\'achat','Procurement Strategy'),(72,'Clauses juridiques','Legal clauses'),(73,'Réponse à un appel d\'offre','Response to a tender'),(74,'Activités de la société','Company activities'),(75,'Responsable grands comptes','Key account manager'),(76,'Gestion des grands comptes','Key account management'),(77,'Procédure de gestion','Management process'),(78,'Présentation de la société','Company overview'),(79,'Négociation commerciale et techniques de négociation','Trade negotiation and negotiation techniques'),(80,'Vocabulaire technique associé aux composants mécaniques','Technical vocabulary related to mecanical components'),(81,'Négociation','Negotiation'),(82,'Voyage','Travelling'),(83,'Equipe de tournage','Film crew'),(84,'Maison de production','Production company'),(85,'Préparation de campagne','Campaign setup'),(86,'Présentation de concepts créatifs','Creative concept presentation'),(87,'Présentation de l\'entreprise','Company overview'),(88,'Conversation téléphonique','Telephone conversation'),(89,'Produits de voyage','Travel products'),(90,'Solutions cadeaux','Gift solutions'),(91,'Présentation orale','Oral presentation'),(92,'Configuration de campagne','Campaign setup'),(93,'Graphism/printing/creation','Graphisme/impression/création'),(94,'Conférence téléphonique','Phone conference'),(95,'Stratégie de présentation de marque','Branding strategy'),(96,'Stratégie marketing','Marketing strategy'),(97,'Administration des ventes','Sales management'),(98,'Etude commerciale','Commercial study'),(99,'Fidéliser la clientèle','To win customer loyalty'),(100,'Gestion de la force de vente','Salesforce management'),(101,'Prospection commerciale','Commercial prospection'),(102,'Stratégie de vente','Selling strategy'),(103,'Technique de vente','Selling technique'),(104,'Assistant de gestion','Management assistant'),(105,'Conditions d\'emploi','Conditions of work'),(106,'Conduite d\'un projet','Conducting a project'),(107,'Gestion de projets','Project management'),(108,'Gestion d\'équipe','Team management'),(109,'Organisation de projet','Project organisation'),(110,'Planification de projet','Project planning'),(111,'Vocabulaire général des RH','HR general vocabulary'),(112,'Bilan social','Social report'),(113,'Organisation de formation','Training organisation'),(114,'programme de formation','Training programme'),(115,'Calibration moteur','Motor calibration'),(116,'Bancs d\'essais','Test beds'),(117,'Produits du group','Group products'),(118,'Services','Services'),(119,'Entretien d\'embauche','Job interview'),(120,'Offre d\'emploi','Job offer'),(121,'Recrutement de personnel','Recruitment of staff'),(122,'RH en entreprise','HR in company'),(123,'A propos de NetPME','About NetPME'),(124,'e-Commerce','e-Commerce'),(125,'Marketing Web','Webmarketing'),(126,'Conduire une réunion','To conduct a meeting'),(127,'Jargon du marketing électronique','E-marketing jargon'),(128,'Transit douanier','Customs transit'),(129,'Optimisation expertise client','Client knowledge optimisation'),(130,'Gestion de la clientèle','Customer management'),(131,'E-mail professionnel','Professional e-mail'),(132,'Communication externe','External communication'),(133,'Service à la clientèle','Customer service'),(134,'Gestion des réclammations clients','Customer claims management'),(135,'Formalités douanières','Customs formalities'),(136,'Communication interne','Internal communication'),(137,'Chargé de communication','Communication officer'),(138,'Au téléphone','On the phone'),(139,'Prestation de service','Service delivery'),(140,'Comment commencer/terminer une phrase','How to start/end a sentence'),(141,'Expressions idiomatiques','Idioms'),(142,'La vie de tous les jours','The daily life'),(143,'Logistique d\'approvisionnement','Procurement logistics'),(144,'Logistique d\'après-vente','After-sale logistics'),(145,'Logistique de distribution','Distribution Logistics'),(146,'Logistique d\'élimination','Disposal Logistics'),(147,'Logistique du froid','Cold-chain logistics'),(148,'Logistique verte','Green logistics'),(149,'Papotage','Small talking'),(150,'Rôle responsable logistique','Logistic manager role'),(151,'Conduite de projet','Project conducting'),(152,'Effet de l\'extraction sur l\'environnement','Effect of the extraction on the environment'),(153,'Gestion de production','Production management'),(154,'Synthèse de l\'impact des extractions','Synthesis of the impact of extractions'),(155,'Dragage de granulats marins','Marine aggregate dredging'),(156,'Extraction de granulats marins','Marine aggregate extraction'),(157,'Approbation de matériels','Material approval'),(158,'Pharmacovigilance','Drug safety monitoring'),(159,'Assurance qualité des médicaments','Drug quality insurance'),(160,'Programme de soutien aux patients','Patient Support Program'),(161,'Facturation','Billing'),(162,'Jargon de la comptabilité','Accounting jargon'),(163,'Notions de comptabilité','Accounting concepts'),(164,'Gestion de facturation','Invoicing management'),(165,'Lettre de relance','Dunning letter'),(166,'Vocabulaire informatique','Computing vocabulary'),(167,'c','Computing vocabulary'),(168,'Bilan médical','Medical check-up'),(169,'Examen médical','Medical examination'),(170,'La trisomie 21 de l\'adolescence à la fin de la vie','Dawn syndrome from teenage years to the end of life'),(171,'Matériels de laboratoire','Laboratory equipment'),(172,'Biologie médicale','Clinical biology'),(173,'La trisomie de 1 an à l\'adolescence','Dawn syndrome from 1 year-old to teenage years'),(174,'La trisomie 21 chez l\'enfant en bas âge','Down syndrome in early infancy'),(175,'Neuropédiatrie','Neuropaediatrics'),(176,'Vocabulaire clinique','Clinical vocabulary'),(177,'Prise en charge psychologique des patients souffrant de cancer','Psychological support for patients with cancer'),(178,'Psycho-oncologie : antidépresseurs et cancer','Psycho-oncology: antidepressants and cancer'),(179,'Présider une conférence','Chairing a conference'),(180,'Conséquences psychologiques de la greffe de cellules souches hématopoïétiques','Psychological outcomes of marrow transplant'),(181,'Communication','Communication'),(182,'Planification d\'une réunion technique','Technical meeting planning'),(183,'Services client','Client services'),(184,'Support technique','Technical support'),(185,'Vocabulaire de la finance','Finance vocabulary'),(186,'Analyste financier','Financial analyst'),(187,'Comptabilité d\'entreprise','Business accounting'),(188,'Analyse financière','Financial analysis'),(189,'Trésorerie','Finances'),(190,'Vocabulaire financier','Financial vocabulary'),(191,'Contrat de prestations de services','Service provision contract'),(192,'L\'univers de la finance','The universe of finance'),(193,'Administration de ventes','Sales administration'),(194,'Correspondance par e-mail','E-mail correspondence'),(195,'Gestion de flux logistiques','Logistical flow management'),(196,'Mise à jour/suivi de prix','Price update/monitoring'),(197,'Relance de facturation','Invoice reminder'),(198,'Gestion des litiges','Litigation management'),(199,'Affrètement','Chartering'),(200,'Gestion administrative des ventes','Sales administrative management'),(201,'Diffusion de campagne sur Facebook','Facebook campaign delivery'),(202,'Marketing ciblée','Targeted marketing'),(203,'Mise en place du pixel Facebook','Facebook pixel implementation'),(204,'Suivi des conversions','Conversions tracking'),(205,'Campagne publicitaire','Advertisement Campaign'),(206,'E-mail contrat','E-mail contract'),(207,'E-mail','E-mail'),(208,'Planification média','Media planning'),(209,'Teleconference','Teleconference'),(210,'Réunion professionnelle','Business meeting'),(211,'Assistance commerciale','Commercial assistance'),(212,'Suivi des commandes','Order monitoring'),(213,'Traitement des commandes','Order processing'),(214,'Commerce et marketing','Trade and marketing'),(215,'Services commerciaux','Commercial services'),(216,'Techniques et Force de vente','Sales techniques and sales force'),(217,'Préparation d\'un argumentaire de vente','Sales pitch preparation'),(218,'Retour sur investissement de campagne marketing','Marketing campaign return on investment'),(219,'Réunion commerciale','Business meeting'),(220,'Support Google','Google Support'),(221,'Gestion proactive des ventes','Proactive sales management'),(222,'Directrice grands comptes','Key account manager'),(223,'Architecture technique','Technical architecture'),(224,'Business call','Appel professionnel'),(225,'Compte-rendu technique','Technical reporting'),(226,'Rapport informatique','IT report'),(227,'Solution de stockage','Storage solution'),(228,'Cahier des charges techniques pour la construction de centrale de traitement d\'eau et d\'eaux usées','Technical specifications for water and wastewater construction'),(229,'Sélection des fournisseurs','Suppliers selection'),(230,'Réunion : présentation','Meeting : presentation'),(231,'Réunion de conseil de rédaction','Editorial board meeting'),(232,'Vocabulaire associé au journalisme/média','Journalism/media vocabulary'),(233,'Langage administratif universitaire','University administrative language'),(234,'Organisation administrative','Administrative organisation'),(235,'Vocabulaire académique','Academic vocabulary'),(236,'Accord de développement de programme pour la télévision','Television Program Development Agreement'),(237,'Négociation de format de télévision','TV format negotiation'),(238,'Activités de construction','Activités de construction'),(239,'Présentation de projet de construction','Building project presentation'),(240,'Gestion de projet d\'urbanisme','Urban development project management'),(241,'Notice architecturale','Company overview'),(242,'Description de poste','Job description'),(243,'Evaluation des candidats','Applicants assessment'),(244,'Licenciement','Termination'),(245,'Recherche scientifique en néphrologie','Nephrology scientific research'),(246,'Termes médicaux et termes utilisés en entreprise','Medical and business terminology'),(247,'Utilisation de nouveaux produits','Use of new products'),(248,'Présentation institutionnelle','Corporate presentation'),(249,'Fret aérien','Air freight'),(250,'Gestion de transport et logistique','Transportation and logistics management'),(251,'Transport international','International transport'),(252,'Correspondance','Correspondence'),(253,'Réponse lors d\'un entretien d\'embauche','Answering job interview questions'),(254,'Gestion du planning','Schedule management'),(255,'Préparation des réunions','Meeting preparation'),(256,'Négociateur technico-commercial','Technical trade negotiator'),(257,'Rôle responsable logistique sur site','Onsite logistics manager\'s role'),(258,'Coordination de projet','Project coordination'),(259,'Identification d\'opportunité de vente','Sales Opportunity Identification'),(260,'Transport de matières dangereuses','Hazardous material transportation'),(261,'Arrimage des charges','Cargo securing'),(262,'Manutention manuelle','Manual handling'),(263,'Santé et sécurité au travail','Occupational health and safety'),(264,'Norme ISO 9001','ISO 9001 standard'),(265,'Management de la sécurité de l\'information','Information security management'),(266,'Analyse des tendances','Trend analysis'),(267,'Prévision de trésorerie','Cash flow forecasting'),(268,'Stratégie financière','Financial strategy'),(269,'Audit et sécurité informatique',''),(270,'Stratégie de commercialisation','Marketing strategy'),(271,'Test en laboratoire','Laboratory test'),(272,'Rédaction de lettre commerciale','Business writing'),(273,'Formule employée lors d\'une réunion','Expression used during a meeting'),(274,'Entretien téléphonique','Telephone conversation'),(275,'Conditions générales de vente','Sales general terms'),(276,'Demander/Donner des informations','To ask for/to give information'),(277,'Voyage en train','Journey by train'),(278,'Gestion d\'informations produit','Product information management'),(279,'L\'électronique','Electronics'),(280,'E-mail de retour','Feedback e-mail'),(281,'Fiche technique de sécurité','Safety data sheet'),(282,'Accueil de nouveaux employés','On-boarding new employees'),(283,'Contrat de travail','Contract of employment'),(284,'Entretien et technique de recrutement','Interview and recruitment technique'),(285,'Evaluation de performances et de carrière','Performance and career review'),(286,'Agent de transit','Forwarding agent'),(287,'Chaîne logistique','supply chain'),(288,'Commerce international','International Trade'),(289,'Envoi de marchandises','Consignment of goods'),(290,'Exportation de marchandise','Exportation of goods'),(291,'Transport de marchandises','Transportation of goods'),(292,'Fiche produit','Product copy'),(293,'Mener une session de travail','Leading workgroup session'),(294,'Entretien disciplinaire','Disciplinary meeting'),(295,'Résultats financiers','Financial results'),(296,'Traitement de paie','Payroll processing'),(297,'Contrat commercial','Commercial contract'),(298,'Ingénierie ferroviaire','Railway engineering'),(299,'Maintenance ferroviaire','Railway maintenance'),(300,'Sécurité ferroviaire','Railway safety'),(301,'Contrôleur de gestion','Management auditor'),(302,'Termes financiers','Financial terms'),(303,'Métier de commercial sédentaire','Job of sedentary sales person'),(304,'Technologie de l\'information','Information technology'),(305,'Art graphique','Graphics design'),(306,'Infographie','Computer graphics'),(307,'Le monde du graphisme','Graphics design world'),(308,'Travail du graphiste','Graphics designer\'s job'),(309,'Inspection des produits','Product inspection'),(310,'Utilisation des produits','Product use'),(311,'Croissance de la société','Company growth'),(312,'Faire une réunion','To have a meeting'),(313,'Politique environnementale','Environmental policy'),(314,'Rapport régional','Regional report'),(315,'Santé et sécurité du personnel','Staff health and safety'),(316,'Affaires réglementaires','Regulatory affairs'),(317,'Mise sur le marché','Launch on the market'),(318,'Présentation de Hays','Hays overview'),(319,'Présentation de Sanofi','Sanofi overview'),(320,'Configuration de système','System configuration'),(321,'Gestion de configuration','Configuration management'),(322,'Modification de système informatique','Computing system modification'),(323,'Système informatique','Computing system'),(324,'Concuite d\'un projet','Project conducting'),(325,'Présentation des programmes','Introduction of programs'),(326,'Gestion financière','Financial management'),(327,'Stratégie commerciale','Commercial strategy'),(328,'Contrat de licence d\'utilisation et de maintenance de progiciel','User and maintenance licence agreement of software package'),(329,'Assurance risque-météo','Weather insurance'),(330,'Produits et services','Products and services'),(331,'Titres assurentiels','Insurance-Linked Securities'),(332,'Finances','Finances'),(333,'Gestion clientèle','Customer management'),(334,'Gestion de la Paie','Payroll Management'),(335,'Codes des assurances','Insurance codes'),(336,'Garantie d\'assurance','Insurance guarantee'),(337,'Litige assurance','Insurance litigation'),(338,'Contrat d\'assurance','Insurance contract'),(339,'Mesure et gestion de risques d\'assurance','Measure and management of insurance risks'),(340,'Science actuarielle','Actuarial science'),(341,'Fidélisation de la clientèle','Customer loyalty-building'),(342,'Limites de l\'assurance','Insurance limits'),(343,'L\'univers de l\'assurance','The insurance univers'),(344,'Gestion des ressources humaines','Human resources management'),(345,'Gestion des transports, chargement et déchargement','Transportation management, loading and offloading'),(346,'Facturation et relance','Billing and reminder'),(347,'Recouvrement de créances','Debt collection'),(348,'Technicien de laboratoire d\'analyse médicale','Medical analysis laboratory technician'),(349,'Sécurité biologique en laboratoire','Laboratory biosafety'),(350,'Diagnostique prénatal','Prenatal diagnosis'),(351,'Activités de l\'entreprise','Company\'s activities'),(352,'Compétences médicales','Medical skills'),(353,'Développement durable','Sustainable development'),(354,'Management de la performance','Performance management'),(355,'Prestations d\'analyses','Analysis services'),(356,'Développeur web','Web developer'),(357,'Sécurité web','Web security'),(358,'Standard du web','Web standard'),(359,'Bases de l\'hébergement Web','Web hosting basis'),(360,'Projet informatique','Computer engineering'),(361,'Service web','Web service'),(362,'Développement de site web','Website development'),(363,'Réalisation d\'un site web','Website implementation'),(364,'Solutions d\'hébergement web','Webhosting solutions'),(365,'A propos de FileMaker','About Filemaker'),(366,'Formation FileMaker','FileMaker training'),(367,'Organisation de réunions','Meeting organisation'),(368,'Activité immobilière','Real estate activity'),(369,'Immobilier d\'entreprise','Commercial real estate'),(370,'Marketing immobilier','Real estate marketing'),(371,'Solutions et services','Solutions and services'),(372,'Produits pour l\'agriculture','Products for agriculture'),(373,'Termes techniques liés l\'agriculture','Technical terms related to agriculture'),(374,'Envoi de fret','Freight forwarding'),(375,'Service de fret','Freight services'),(376,'Projet de création de nouvelle crèche','New nursery creation project'),(377,'Présentation de Crèche attitude','Overview of Crèche attitude'),(378,'Importance des services de la petite enfance','Importance of early childhood care services'),(379,'Gestion d\'entreprise','Management'),(380,'Contrat de réservation','Reservation contract'),(381,'Politique HR de Sodexo','Sodexo HR Policy'),(382,'Présentation RH Crèche attitude','Overview of RH department in Crèche attitude'),(383,'RH Recrutement','HR - Recruitment'),(384,'Lancement de produit','Product launch'),(385,'Politique d\'utilisation de site web','Website policy use'),(386,'Procédure d\'hébergement de site web','Website hosting procedure'),(387,'Débogage','Debugging'),(388,'Médias sociaux','Social media'),(389,'Mise en récit','Storytelling'),(390,'Gestion de l\'image de marque','Brand image management'),(391,'La valeur d\'une marque','The value of a brand'),(392,'Rétention de la clientèle','Customer retention'),(393,'Guide de mise en avant de la marque','Branding guidance'),(394,'Communiqué de presse','Press release'),(395,'Impression de support','Printing'),(396,'Organisation événementielle','Event management'),(397,'Administration des ressources humaines','Human resource administration'),(398,'Gestion de la relation commerciale','Commercial relationship management'),(399,'Gestion des emplois','Job management'),(400,'Integration de nouvelles recrues','Integration of new recruit'),(401,'Présentation de Newcast','Newcast overview'),(402,'Production de spot publicitaire','Advertising spot production'),(403,'Rétention des talents','Talent retention'),(404,'Stratégie de campagne commerciale','Commercial campaign strategy'),(405,'Technique d\'embauche','Hiring technique'),(406,'Fiche technique','Specification sheet'),(407,'Offres et services','Offers and services'),(408,'Politique de sécurité','Security policy'),(409,'Convocation formation','Training invitation'),(410,'Rôles assistant RH','HR assistant roles'),(411,'Facture','Invoice'),(412,'Attestation d\'emploi','Certificate of employment'),(413,'Modèle de facture','Invoice template'),(414,'Le monde de la finance','The world of finance'),(415,'Sécurité Android','Android security'),(416,'Android professionnel','Android for work'),(417,'Structures aéronautiques et spatiales','Aeronautical and space structures'),(418,'Réclamations des clients','Customer claims'),(419,'Règlement des litiges','Litigation settlement'),(420,'Service commercial','Commercial service'),(421,'Présentation de produits','Product presentation'),(422,'Présentation des fonctionnalités','Functionalities presentation'),(423,'Présentation du niveau de service','Service level presentation'),(424,'Email contrat','E-mail Contract'),(425,'Email correspondance','Email correspondence'),(426,'Fiche de poste','Job description'),(427,'Lettre d\'embauche','Letter of employment'),(428,'Lettre d\'embauche - formation','Letter of employment - training'),(429,'Finance and IT','Finance and IT'),(430,'Marché des capitaux','Capital market'),(431,'Réunion de rapport','Report meeting'),(432,'Bonnes pratiques cliniques','Good clinical practice'),(433,'Expertise thérapeutique','Therapeutic expertise'),(434,'Protocole d\'essaie clinique','Clinical trial protocol'),(435,'Offres de services','Service offering'),(436,'Missions RH','HR attribution'),(437,'Rôles RRH','HRR Roles'),(438,'Réalisation de projet','Project realisation'),(439,'Stratégie de développement produit','Product development strategy'),(440,'Activités d\'achat','Procurement activities'),(441,'Lettres financières','Financial letters'),(442,'Projet d\'investissement','Investment project'),(443,'Résultats annuels','Annual results'),(444,'Liste de dangers','Hazard list'),(445,'Données sur la santé et la sécurité','Health and security data'),(446,'Enquête sur les incidents','Incident investigation'),(447,'Prise en charge d\'incident','Incident management'),(448,'Continuité d\'activité','Business continuity'),(449,'Gestion de crise informatique','IT crisis management'),(450,'Gestion de risque informatique','IT risk management'),(451,'Application professionnelle mobile','Mobile professional app'),(452,'Conception de webservices','Design of webservices'),(453,'Sécurité d\'application mobile','Mobile app security'),(454,'Sécurité informatique','IT security'),(455,'Assistance informatique','Computer assistance'),(456,'Ingénierie informatique','IT engineering'),(457,'Intégration de système','System integration'),(458,'Réseau sociaux','Social networks'),(459,'Univers des médias sociaux','Social media universe'),(460,'Usage des nouvelles technologies','Use of new technologies'),(461,'Utilisation des nouvelles technologies','Use of new technologies'),(462,'Accueillir de nouveaux employés','On-boarding new employees'),(463,'Entretien de recrutement','Recruitment interview'),(464,'Rédaction d\'un contrat de travail','Drafting contract of employment'),(465,'Ressources humaines','Human resources'),(466,'Gestion de la paie','Payroll management'),(467,'Assistanat de direction','Management assistant'),(468,'Enzymothérapie de remplacement','Enzyme replacement therapy'),(469,'Diagnostic de la maladie de Fabry en cardiologie','Diagnosis of Fabry disease in cardiology'),(470,'Vocabulaires associés au domaine médical','Medical-related vocabularies'),(471,'Délégué hospitalier','SHIRE 2017 Administration Hospitalière'),(472,'Résultats semestriels','Half-year results'),(473,'Ativités du délégué hospitalier','Activities of the hospital delegate'),(474,'Traitement à l\'agalsidase alfa','Treatment with agalsidase alfa'),(475,'Marketing ciblé','Precision marketing'),(476,'A propos de Performics','About Performics'),(477,'Expressions utilisées lors d\'un audit','Expressions used during an audit'),(478,'Marketing stratégique','Strategic marketing'),(479,'Plan stratégique d\'audit','Audit strategic plan'),(480,'Audit opérationnel','Management audit'),(481,'Termes d\'audit','Audit terms'),(482,'Connaissance des consommateurs','Consumer insight'),(483,'Comportement du consommateur','Consumer behaviour'),(484,'activités/chiffres liés aux publicités','activities/statistics related with advertisements'),(485,'Exemple d\'expressions employées lors d\'une réunion','Example idioms used in a meeting'),(486,'Expression utilisée lors d\'une téléconférence','Expression used during a conference call'),(487,'Exprimer son accord/désaccord lors d\'une réunion','Agreeing/Disagreeing during a meeting'),(488,'Taxation-related e-mail','E-mail relatif à l\'imposition'),(489,'Téléconférence','Teleconference'),(490,'Accueillir et servir des clients','Welcoming and serving customers'),(491,'Argumentaire de vente/offre de service','Sales pitch/service offering'),(492,'Expression employée pour communiquer avec les collègues',''),(493,'Établir un plan de vente','Drafting a sales plan'),(494,'Préparer un projet/plan marketing','Preparing a marketing project/plan'),(495,'Suivi après une démonstration ou une présentation de vente','Follow up after a sales presentation or demonstration'),(496,'Actions marketing','Marketing actions'),(497,'Titres de transport','Travel ticket'),(498,'Marketing opérationnel','Operational marketing'),(499,'Services de Rhônexpress','Rhônexpress services'),(500,'Vocabulaire des vacances','Holiday vocabulary'),(501,'Savoir accueillir','How to welcome people'),(502,'Gestion des infrastructures informatiques','IT infrastructure management'),(503,'Informatique en nuage','Cloud computing'),(504,'Risques en informatique','Computing risks'),(505,'Securité informatique','Computer security'),(506,'Tendances de la technologie informatique','Trends in computer technology'),(507,'Chiffrement/codage','Encryption/coding'),(508,'Diagnostic système','System diagnostics'),(509,'Gestion financière en informatique','IT management disciplines'),(510,'Réseaux sans fil','Wireless networks'),(511,'Système intégré','Embedded system'),(512,'Le monde du marketing','The world of marketing'),(513,'Architectures orientées service','Service Oriented Architecture'),(514,'Correction et finalisation de logiciel','Software correction and finalization'),(515,'Gestion de projet EDI','EDI project management'),(516,'Diverses expressions employées au téléphone','Various idioms used on the phone'),(517,'Processus budgétaire','Budgetary process'),(518,'Industrie des plastiques et des composites','Plastic and composite industry'),(519,'Organisation en RH','Organisation in HR'),(520,'Gestion stratégique des RH','Strategic management of HR'),(521,'Métiers liés à la plasturgie','Jobs related to plastics processes'),(522,'Formation du personnel','Staff training'),(523,'Achat de formation','Purchase of training'),(524,'Contrats','Contracts'),(525,'Droit du travail','Labour Law'),(526,'Gestion de paie','Payroll management'),(527,'Ressources Humaines','Human resources'),(528,'Système de gestion des ressources humaines','HR Management System'),(529,'Contrôle des risques financiers','Financial risk control'),(530,'Rôle d\'un directeur artistique','What does an art director do?'),(531,'Marketing basé sur les résultats','Performance marketing'),(532,'Stratégie de marque','Branding strategy'),(533,'Stratégie marketing digitale','Digital marketing strategy'),(534,'Expression employée lors de réunion','Expression used during meetings'),(535,'Développement d\'affaires','Business development'),(536,'Stratégie d\'entreprise','Corporate strategy'),(537,'Diverses expressions liées au tourisme','Tourism-related idioms'),(538,'Message de retour/de remerciement d\'employés','Feedback/thank you note to employees'),(539,'Outil destiné aux conseillers client','Tool for client counselors'),(540,'Réserver un vol/une chambre d\'hôtel','Booking a flight/hotel room'),(541,'Langage informatique','Computer language'),(542,'Sécurité des marchandises','Good safety'),(543,'Vocabulaire du transport','Vocabulary related to transportation'),(544,'Coordination des ventes','Sales coordination'),(545,'Types d\'emballages pharmaceutiques','Types of pharmaceutical packaging'),(546,'Assurance qualité des emballages pharmaceutiques','Pharmaceutical packaging quality assurance'),(547,'Matériaux de conditionnement','Packaging materials'),(548,'Gestion des conflits','Conflict management'),(549,'Pilotage d\'un projet','Project steering'),(550,'Résolution de conflits','Conflict resolution'),(551,'Contrat de maîtrise d\'œuvre','Project management agreement'),(552,'Archivage de contrats','Storage of contracts'),(553,'Appel professionnel','Business call'),(554,'Compte-rendu de réunion','Meeting minute'),(555,'Demande de devis','Quotation request'),(556,'Système de labélisation pour analyse de risques juridiques','Labelling system for legal risks analysis'),(557,'Proposition technique et commerciale','Technical and commercial proposal'),(558,'Techniques de négociation','Negociation techniques'),(559,'aménagement et valorisation de site','site design and upgrading'),(560,'Expression utilisée pour faire des rapports','Expression used for reporting'),(561,'Résilience de l\'infrastructure','Infrastructure resilience'),(562,'Développement logiciel','Software development'),(563,'Example de signalement de bogues','Bug reporting example'),(564,'Prise en charge de locataire','Tenancy support'),(565,'Exemples de question à poser à un architecte de solutions logicielles','Examples of questions to be asked to a software solution architect'),(566,'Stockage d\'identité et amélioration des recherches','Identity storage and search improvement'),(567,'Tests logiciels','Software testing'),(568,'Donner des feedback','Giving feedback'),(569,'Faire une proposition de ventes','Making a sales proposal'),(570,'Présentation de stratégie d\'entreprise','Company strategy presentation'),(571,'Gestion d\'identité et d\'accès','Identity and access management'),(572,'Rapport d\'avancement de projet','Project progress report'),(573,'Procédure de réclamation','Complaint procedure'),(574,'Accord de confidentialité/distribution','Confidentiality/distribution Agreement'),(575,'Disposition d\'un contrat commercial','Provisions of a commercial contract'),(576,'Rédaction de contrats','Contract drafting'),(577,'Présentation de la société','Company overview'),(578,'Droit fiscal','Tax law'),(579,'Droit des entreprises','Corporate law'),(580,'Droit commercial','Commercial law'),(581,'Expression utilisée lors d\'une téléconférence','Expression used during a conference call'),(582,'Droit des affaires','Business law'),(583,'Gestion d\'équipe','Team management'),(584,'Expressions employées lors d\'une présentation','Language used during a presentation'),(585,'Mener une équipe','To lead a team'),(586,'',''),(587,'Diverses expressions liées au tourisme','Tourism-related idioms'),(588,'Echange par e-mail','E-mail exchange'),(589,'E-mail relatif aux équipements et à la sécurité en milieu de travail','E-mail related to equipment and workplace safety'),(590,'Expression employée lors de réunion','Expression used during meetings'),(591,'Exprimer son accord/désaccord lors d\'une réunion','Agreeing/Disagreeing during a meeting'),(592,'Faire un devis','Making a quotation'),(593,'Fonction de responsable maintenance','Maintenance manager role'),(594,'Maintenance de presse ','Moulding machine maintenance'),(595,'Présentation de l\'entreprise','Company presentation'),(596,'Réserver un vol/une chambre d\'hôtel','Booking a flight/hotel room'),(597,'Développement d\'affaires','Business development'),(598,'Négociation avec le client','Negotiation with the customer'),(599,'Utilisation du service','Service use'),(600,'Matériel et logiciel','Hardware and software'),(601,'Offre de service de qualité','Quality service offer'),(602,'Techniques de négociation','Negociation techniques'),(603,'Expression employée lors d\'une réunion','Expression used during meetings'),(604,'Fidélisation de la clientèle','Customer loyalty-building'),(605,'Négociation commerciale','Commercial negotiation'),(606,'Publicité électronique','Electronic advertising'),(607,'Défis des éditeurs','Publishers\' challenges'),(608,'Publicité contextuelle','Contextual advertising'),(609,'Contrat à durée déterminée','Fixed-term contract'),(610,'Conversation en milieu professionnel','Professional conversation'),(611,'Discours ordinaire','Everyday conversation'),(612,'Vocabulaire de l\'hôtellerie','Hotel business vocabulary'),(613,'Vocabulaire général des RH','HR general vocabulary'),(614,'Développement de produit pharmaceutique','Development of pharmaceutical product'),(615,'Vocabulaires associés au domaine médical','Medical-related vocabularies'),(616,'Conversation téléphonique','Telephone conversation'),(617,'Concept de développement web','Web development concept'),(618,'Conversation de tous les jours','Everyday conversation'),(619,'Expressions couramment employées en anglais','Popular phrases in English'),(620,'Jargon de la facturation','Invoicing related jargon'),(621,'Mise en page','Page outlay'),(622,'Gestion de projet classique','Classic project management'),(623,'Mode de fonctionnement du Scrum','Scrum mode of operation'),(624,'Gestion de projet agile','Agile project management'),(625,'Introduction au Scrum','Introduction to Scrum'),(626,'Prévision des recettes','Revenue forecasting'),(627,'Marketing stratégique','Strategic marketing'),(628,'activités/chiffres liés aux publicités','activities/statistics related with advertisements'),(629,'Contrôle des risques financiers','Financial risk control'),(630,'Prévision de trésorerie','Cash flow forecasting'),(631,'Expressions pour une conversation simple','Expressions for a simple conversation'),(632,'Etalonnage d\'écran tactile','Touchscreen calibration'),(633,'Etalonnage sous Windows et Mac','Calibration on Windows and Mac'),(634,'Pourquoi étalonner votre écran ?','Why calibrating your screen?'),(635,'Processus d\'audit d\'écran LCD/DEL','Audit process for LCD/LED screen'),(636,'Processus d\'étalonnage','Calibration process'),(637,'Conception d\'une application','Application design'),(638,'Ingénierie informatique','Computer engineering'),(639,'Securité informatique','Computer security'),(640,'Interview d\'un créateur','Interview of a designer'),(641,'Vocabulaire de la mode','Fashion vocabulary'),(642,'La semaine de la mode','Fashion week'),(643,'Produits, services et opérations mondiales','Products, services and global operations'),(644,'Vocabulaire de la cuisine','Cooking-related vocabulary'),(645,'Données financières clés','Key financial data'),(646,'Situation générale du groupe','Overall group position'),(647,'Vocabulaire du sport','Sports vocabulary'),(648,'Développement des employés, culture d\'entreprise et diversité','Employee development, business culture and diversity'),(649,'Établir un plan de vente','Drafting a sales plan'),(650,'Gestion des réclamations clients','Customer claims management'),(651,'Présentation de budget','Budget presentation'),(652,'Présentation des objectifs commerciaux','Sales goals presentation'),(653,'Audit opérationnel','Management audit'),(654,'Gestion clientèle','Customer management'),(655,'Cirque social','Social circus'),(656,'Numéro de cirque','Circus act'),(657,'Échange entre jeunes','Youth exchange'),(658,'Aider les enfants à rêver','Helping kids to dream'),(659,'Festival de cirque contemporain','Festival of contemporary circus'),(660,'Découverte des arts du cirque','Discovery of circus arts'),(661,'Promouvoir les arts du cirque dans l\'éducation des jeunes','Promoting circus practices in youth education'),(662,'Attirer des formateurs bénévoles','Attracting volunteer trainers'),(663,'Le meilleur du cirque','The best in circus'),(664,'Développement continu dans le domaine du cirque','Continual development in the circus field'),(665,'Volontaires de Demain','Demain\'s volunteers'),(666,'Vocabulaire du cirque','Circus vocabulary'),(667,'L\'offre Club Pro','The Club Pro offer'),(668,'Actualité autour du cirque de demain','News around Le Cirque de Demaine'),(669,'Les volontaires de demain','Demain\'s volunteers'),(670,'Chômage','Unemployment'),(671,'Christmas markets and terrorist attacks','Marchés de Noel et attaques terroristes'),(672,'Crash d\'avion','Plane crash'),(673,'Crise alimentaire','Comestible crisis'),(674,'Croissance économique','Economic growth'),(675,'Détournement de fonds','Misappropriation of Funds'),(676,'Elections Françaises','French elections'),(677,'Fiscalité','Tax'),(678,'Illegal migrants','Migrants clandestins'),(679,'Justice','Law'),(680,'La mode française','French fashion'),(681,'Les médias et l\'élection présidentielle en France','The media and presidential election in France'),(682,'Médical','Medical'),(683,'Météo','Weather'),(684,'Migration','Migration'),(685,'Musique','Music'),(686,'Performance artistique','Performance art'),(687,'politique et montée du populisme','Politics and raise of populism'),(688,'Réforme du travail','Labour reform'),(689,'Réforme économique','Economic reform'),(690,'Soucis à la douane','Troube at the customs office'),(691,'Grève des compagnies de transport','Transportation company strike'),(692,'Technique agricole','Farming technique'),(693,'Exploration de gaz naturel','Natural gas exploration'),(694,'Course de moto','Motorcycle race'),(695,'Problèmes liés à l\'autisme','Autism problem'),(696,'Biathlon','Biathlon'),(697,'Crise économique','Economic crisis'),(698,'Sécurité nationale','National security'),(699,'Fusillade de gangs','Gang-related shooting'),(700,'Accord sur le nucléaire iranien','Iran nuclear deal'),(701,'Loi sur l\'Élevage','Livestock act'),(702,'Ce qu\'il faut améliorer dans le monde du cirque','What needs to be improved in the circus world'),(703,'Edition 2018 du Festival mondial du cirque de demain','The world festival of tomorrow circus, Edition 2018'),(704,' Loi sur l\'Élevage','Livestock act'),(705,'Rule for naming a child','Règle d\'attribution de nom à un enfant'),(706,'Society and hyperconsumerism','La société et la surconsommation'),(707,'Water rise in Paris','Montée des eaux à Paris'),(708,'NEWSLETTER','Strike'),(709,'Strike','Grève '),(710,'Immigration','Migration '),(711,' World Cup 2018','Coupe du monde 2018'),(712,'Rugby','Rugby'),(713,'Conditions générales de commercialisation','General conditions of commercialisation'),(714,'Architecture de technologie de l\'information','IT architecture'),(715,'Exemples de services fournis','Examples of services provided'),(716,'Transformation de système d\'information','Information system transformation'),(717,'Activités d\'achat','Procurement activities'),(718,'Procédure d\'achat','Procurement process'),(719,'Stratégie d\'achat','Procurement Strategy'),(720,'Ventes et achats','Sales and purchasing'),(721,'Activités informatiques','IT activities'),(722,'Expériences professionnelles','Professional experiences'),(723,'Modification de système informatique','Computing system modification'),(724,'Système d\'information de laboratoire','Laboratory information system'),(725,'Système informatique','Computing system'),(726,'Gestion HQSE','HQSE management'),(727,'Prévention des risques liés à l\'HQSE','Prevention of risks related to HQSE'),(728,'Réponse aux situations d’urgence','Response to emergencies'),(729,'Risques en sécurité et environnementaux','Safety and environment risks'),(730,'Santé et sécurité au travail','Occupational health and safety'),(731,'Santé et sécurité du personnel','Staff health and safety'),(732,'Animation de réunion','Chairing a meeting'),(733,'Droit des contrats','Contract law'),(734,'Gestion financière','Financial management'),(735,'Réponse à un appel d\'offre','Response to a tender'),(736,'Droit social','Labour law'),(737,'Expressions pour débattre ou négocier','Expressions used to debate or negotiate'),(738,'Cahier des charges techniques pour la construction','Technical specifications for construction'),(739,'Étude de stationnement','Parking study'),(740,'aménagement et valorisation de site','site design and upgrading'),(741,'Étude de circulation','Traffic study'),(742,'Ingrédients couramment utilisés en cuisine','Frequently used ingredients while cooking'),(743,'Questions relatives au perfectionnement professionnel','Carreer development questions'),(744,'Protection de données selon la législation française','Data protection according to French law'),(745,'Compétences à mettre en avant dans un CV','Skills to showcase in a resume'),(746,'Créer et mener à bien un projet','Creating and carrying out a project successfully'),(747,'Expression de besoins','Requirement statement'),(748,'Gestion de document','Document management'),(749,'Technique de gestion de projet','Project management technique'),(750,'Communiquer avec les collègues','To communicate with collegues'),(751,'Comptabilité générale d\'entreprise','Corporate general accounting'),(752,'Emploi, rémunération et avantages sociaux','Employment, compensation and employee benefits'),(753,'Lexique de la comptabilité et de la paie','Accounting and payroll lexicon'),(754,'Parcours d\'un responsable de la paie ','Payroll manager carreer path'),(755,'Analyse financière','Financial analysis'),(756,'Comptabilité d\'entreprise','Business accounting'),(757,'Notions de comptabilité','Accounting concepts'),(758,'Conduire une réunion','To conduct a meeting'),(759,'Discours de leader','Leader\'s speech'),(760,'Produits et solutions','Products and solutions'),(761,'Animer une présentation','Holding a presentation'),(762,'Diverses expressions employées au téléphone','Various idioms used on the phone'),(763,'Formule employée lors d\'une réunion','Expression used during a meeting'),(764,'Présentation orale','Oral presentation'),(765,'Résoudre un bogue par skype','To solve a bug by skype '),(766,'Techniques de rédaction d\'article de blog','Techniques for writing blog post'),(767,'Ordonnancement des tâches dans un projet','Scheduling tasks in a project'),(768,'Présentation de projet de construction','Building project presentation'),(769,'Rapport de séminaire','Seminar report'),(770,'Rénovation d\'hôtel','Hotel renovation'),(771,'Vocabulaire de la construction','Building vocabulary'),(772,'Infrastructure informatique','IT infrastructure'),(773,'Résultats d\'e-commerce','E-commerce results'),(774,'Stratégie marketing','Marketing strategy'),(775,'Evasion de prison','Prison escape'),(776,'Emeutes','Riot'),(777,'Economie','Economy'),(778,'Tension entre l\'Italie et la France','Tension between Italy and France'),(779,'Défenseurs des droits des animaux et leur impact sur l\'économie','Animal rights activits and their impact on economy'),(780,'Conception d\'interface utilisateur sous iOS','UI design on iOS'),(781,'Etape de conception d\'expérience utilisateur','User experience design step'),(782,'Présentation de projet de conception d\'expérience utilisateur','Presenting UX design project'),(783,'Présentation PowerPoint','PowerPoint Presentation'),(784,'Formation des employés','Employee training'),(785,'Programme de formation','Training programme'),(786,'Stratégie de formation','Training strategy'),(787,'Marché de la beauté','Beauty market'),(788,'Rapport d\'activités','Activity report'),(789,'Organiser un événement','To organise an event'),(790,'Gestion stratégique des RH','Strategic management of HR'),(791,'Marché financier','Financial market'),(792,'Royauté','Royal'),(793,'Relations internationales','International relationships'),(794,'The State and public infrastructures','France audit warns 840 bridges may face risk of collapse'),(795,'Overfishing and its impacts','Local fishers in France struggle along with Mediterranean ecology'),(796,'La Première Guerre Mondiale','World War I'),(797,'Economie française','French economy'),(798,'Coupe du monde','World cup'),(799,'Le foot: outil d\'intégration en Belgique','Football: integration tool in Belgium'),(800,'Vocabulaire du football','Football vocabulary'),(801,'The World cup in brief','La Coupe du monde en bref'),(802,'La France contre la Belgique','France vs Belgium'),(803,'La Coupe du monde en bref','The World cup in brief'),(804,'Données et statistiques','Data and statistics'),(805,'E-mail de mise à jour','Update email'),(806,'Développement de produit','Product development'),(807,'Lexique du marketing','Marketing vocabulary'),(808,'Opérations marketing','Marketing operations'),(809,'Stratégie de tarification','Pricing strategy'),(810,'Écrire à un ami, féliciter et répondre à une invitation','Writing to a friend, congratulating and replying to a invitation'),(811,'L\'univers du bricolage','The do it yourself world'),(812,'Tenir une conversation d\'ordre général','Holding a general conversation'),(813,'Exposition à des substances chimiques','Exposure to chemical substances'),(814,'Gestion des déchets','Waste management'),(815,'Emissions de composés organiques volatils (COV)','Volatile Organic Compound (VOC) Emissions'),(816,'Vocabulaire associé à la pétrochimie','Petrochemistry vocabulary'),(817,'Création de design','Design creation'),(818,'Stratégie de transformation numérique','Digital transformation strategy'),(819,'Évaluation de la performance individuelle','Individual performance assessment'),(820,'Entretien d\'embauche et recrutement','Job interview '),(821,'RH','HR'),(822,'Plan comptable général','Uniform code of accounts '),(823,'Vocabulaire aérospatial et aéronautique','Aerospace and aeronautics vocabulary'),(824,'Pièces pour appareils électroménagers','Household appliance spare parts'),(825,'Conversation téléphonique professionnelle','Professional telephone conversation'),(826,'Demander son chemin','To ask for direction'),(827,'Précaution d\'utilisation d\'un appareil','Device using caution'),(828,'Présention de la société','Company overview'),(829,'Exressions utilisées dans le marketing','Expressions used in marketing'),(830,'Marketing ciblé','Precision marketing'),(831,'Marketing opérationnel','Operational marketing'),(832,'Sport','Sport'),(833,'l\'État et les infrastructures publiques','The State and public infrastructures'),(834,'La surpêche et ses impacts','Overfishing and its impacts'),(835,'France audit warns 840 bridges may face risk of collapse','France audit warns 840 bridges may face risk of collapse'),(836,'Local fishers in France struggle along with Mediterranean ecology','Local fishers in France struggle along with Mediterranean ecology'),(837,'Conséquences du Brexit si aucun accord n\'est trouvé','Consequences of no-deal Brexit'),(838,'Bilan négatif du mandat de Macron','Negative report on Macron\'s term of office'),(839,'Education et technologie','Education and technology'),(840,'Santé','Health'),(841,'Crise sociale','Social crisis'),(842,'Immigration et travail','Immigration and job'),(843,'Vocabulaires à employer avec les homologues','Idioms to be used with counterparts'),(844,'World Cup 2018','Coupe du monde 2018'),(845,'Extraction','Extraction'),(846,'Effondrement d\'immeubles à Marseille','Collapse of buildings in Marseille'),(847,'Bilan de la manifestation des gilets jaunes','Record of the yellow vests\' protests'),(848,'Référendum','Referendum'),(849,'Défense nationale','National defence'),(850,'Accord politique','Political agreement'),(851,'Conférence téléphonique','Phone conference'),(852,'Vocabulaire du tennis','Tennis vocabulary'),(853,'Vocabulaire du champ de course','Racecourse vocabulary'),(854,'Défilé de mode','Fashion show'),(855,'Le parcours d\'un cannibale','The history of a cannibal'),(856,'Moments forts de la Ryder Cup','Highlights of the Ryder Cup'),(857,'ZIP ZAP 2','ZIP ZAP 2'),(858,'Les Gilets jaunes','The Yellow vests'),(859,'La Science et les maladies génétiques','Science and genetic diseases'),(860,'Death of a film producer','Décès d\'un producteur de film'),(861,'Education des enfants','Children\'s education'),(862,'Problèmes informatiques','IT problems'),(863,'Jargon de la comptabilité','Accounting jargon'),(864,'Expressions liées à l\'audition','Expressions related to hearing'),(865,'Expressions courantes','Common expressions'),(866,'Gestion de projet','Project management'),(867,'Enquête d\'insertion professionnelle','Occupational integration survey'),(868,'Gestion de projet selon la méthodologie SCRUM/AGILE','Project management according to SCRUM/AGILE methodology'),(869,'Les diagrammes UML','The UML diagrams'),(870,'Les outils de développement opérationnel','Operational development tool'),(871,'Programmation orientée objet','Object-oriented programming'),(872,'Terminologie Java de base','Java basic terminology'),(873,'vocabulaires indispensables sur l\'argent/les finances/l\'économie','vocabularies on money/finance/economy'),(874,'Négociation d\'achat','Purchase negotiation'),(875,'Règlement de litiges','Litigation resolution'),(876,'Les bases des achats et approvisionnements','The basics of purchasing and procurements'),(877,'Risques liés aux achats et à l\'approvisionnement','Purchasing and procurement-related risks '),(878,'Planning de voyage d\'affaire','Business trip planning'),(879,'Vocabulaire lié au cinéma','Film-related vocabulary'),(880,'Vocabulaire de l\'import/export','Import/export vocabulary'),(881,'Formalités douanières','Customs formalities'),(882,'Transport international de marchandises','International freight transport'),(883,'Mesures prises par Macron face aux Gilets jaunes','Action taken by Macron towards the Yellow vests'),(884,'Macron et la montée du populisme','Macron and the populist wave'),(885,'Accident d\'avion','Air crash'),(886,'Santé de la faune marine','Marine fauna health'),(887,'Retrait d\'un débat','Withdrawal from a debate'),(888,'Enquête sur un dirigeant d\'entreprise','Investigation of a company manager'),(889,'Certification professionnelle','Vocational certification'),(890,'Compte personnel de formation','Training personal account'),(891,'Faire les magasins','Shopping'),(892,'Référentiel de compétences','Competency framework'),(893,'Rencontres','Meeting people'),(894,'Redonner aux Champs-Élysées sa lettre de noblesse','Making Champs-Élysées noble again'),(895,'Quand la célébration des années 50 rime avec l\'absence de Lagerfeld','When celebration of the 1950s is synonymous with Lagerfeld absence'),(896,'Tensions entre la France et l\'Italie','French-Italian tensions'),(897,'Les dangers de la pêche','Dangers of fishing'),(898,'Société','Society'),(899,'Assurance et contrôle qualité','Quality assurance and control'),(900,'Plans de gestion de déchets sur un site',' Site waste management plans'),(901,'Système de stockage de matériaux','Material storage system'),(902,'Vocabulaire conversationnel','Conversational vocabulary'),(903,'Caractéristiques produit','Product specifications'),(904,'Linge de maison','Home textile'),(905,'Comment défendre un prix','How to defend a price'),(906,'En voyage, en vacances et au restaurant','Travelling, on vacation and at the restaurant'),(907,'La paie et la rémunération','Payroll and remuneration'),(908,'Description des produits','Product description'),(909,'Liquides de coupe','Metalworking fluids (MWFs)'),(910,'Prévention du cas alpha','Alpha case prevention'),(911,'Négocier avec un fournisseur','Negotiating with a supplier'),(912,'Sélection des fournisseurs','Suppliers selection'),(913,'Spécifications de luminaire','Specifications of luminaire'),(914,'Cahier des charges','Requirements specifications'),(915,'Bâtiment durable','Green Building'),(916,'Numérique','Digital'),(917,'Féminisme','Feminism'),(918,'Incertitude face au Brexit','Uncertainty about Brexit'),(919,'A la découverte du Baikal Ice Marathon','Exploring the Baikal Ice Marathon'),(920,'Nauffrage d\'un navire','Pollution marine'),(921,'Citoyenneté','La langue française'),(922,'Le Marketing numérique','The digital marketing'),(923,'L\'univers du numérique','The digital world'),(924,'Termes divers associés à la gestion','Various terms related with management'),(925,'Dispositions des lois anti-cadeaux','Anti-gift law provision'),(926,'Dispositions des lois anti-corruption','Anti-bribery law provision'),(927,'Règlements relatifs aux interactions avec les professionnels de la santé','Regulations on interactions with heathcare professionals'),(928,'Professionnels de la santé: Rôles et responsabilités','Healthcare professionals : Rôles and responsibilities'),(929,'Hygiène industrielle','Occupational hygiene  '),(930,'Produits chimiques dangereux','Occupational health and safety'),(931,'Application de gestion des colis tiers','Third-party parcel management application'),(932,'Base de données','Database'),(933,'Architecture de système informatique','Computer system architecture'),(934,'Administration système et réseau','System and network administration'),(935,'Les diverses solutions','The various solutions'),(936,'Les produits du groupe','The group\'s products'),(937,'Présentation de la sociétéCompany overview','Computer system architecture'),(938,'Travail d\'un audioprothésiste','Hearing-aid specialist\'s job'),(939,'Prendre un taxi','To take a taxi'),(940,'Réserver un hôtel','To book a hotel'),(941,'Marketing juridique','Legal marketing'),(942,'Droit des assurances','Insurance law'),(943,'Capital investissement','Private-equity'),(944,'Rôle d\'un documentaliste juridique','Role of a legal researcher'),(945,'Adaptation, contrôle et prévision de stocks','Inventory adaptation, control and forecasting'),(946,'Rôle d\'un responsable site logistique','Role of a logistic site manager'),(947,'Réception de marchandises','Good Receipt'),(948,'Amélioration de la productivité','Productivity improvement'),(949,'Procédure de livraison et de transport','Delivery and freight procedure'),(950,'Veille commerciale','Business intelligence'),(951,'Processus de production','Production process'),(952,'Génération de prospect','Lead generation'),(953,'Contrat de licence logicielle','Software license agreement'),(954,'Contrat de traitement des données','Contrat de traitement des données'),(955,'Reseller and distribution contract','Contrat de revente et de distribution'),(956,'Ingénierie ferroviaire','Railway engineering'),(957,'Sécurité ferroviaire','Railway safety'),(958,'Réunion commerciale','Commercial meeting'),(959,'Sécurité informatique','Computer security'),(960,'Savoir négocier','How to negotiate'),(961,'Stratégie de négociation','Negotiation strategy'),(962,'Jargon du marketing électronique','E-marketing jargon'),(963,'Marketing digital','Digital marketing'),(964,'Droit des sociétés','Corporate law'),(965,'Constitution d\'une société','Formation of a company'),(966,'Analyse des coûts d\'exploitation et d\'entretien d\'usine de traitement de déchets','Cost analysis for operation and maintenance of waste treatment plants '),(967,'Notice illumina','Illumina notice'),(968,'La biologie moléculaire','Molecular biologie'),(969,'Génotypage et diagnostic de maladie','Genotyping and disease diagnosis '),(970,'Séquençage d\'ADN et diagnostic de maladie','DNA sequencing and disease diagnosis'),(971,'Termes commerciaux','Commercial terms'),(972,'Négociation commerciale et techniques de négociation','Trade negociation and negociation techniques'),(973,'Réseau et sécurité','Network and security'),(974,'Offre de service informatique et sauvegarde de données','IT service offering and data backup'),(975,'Services gérés','Managed services'),(976,'Process de facturation','Billing process'),(977,'Recouvrement de créances','Debt collection'),(978,'Management','Management'),(979,'Évaluation des performances','Performance appraisal'),(980,'Méthodes de vente','Sales methods'),(981,'Stratégie de commercialisation','Marketing strategy'),(982,'Gestion de communauté','Community management'),(983,'Réponse lors d\'un entretien d\'embauche','Answering job interview questions'),(984,'Affaire Fillon','Fillon case'),(985,'A propos de la nouvelle porte-parole du gouvernement','About the government\'s new spokesperson'),(986,'Brexit','Brexit'),(987,'Politique Française','French politics'),(988,'Compte-rendu sur la réalité du secteur','Account of the situation in the sector'),(989,'Droit des salariés mandatés','Right of appointed employees'),(990,'Bilan relatif aux problématiques du secteur','Report on problems in the sector'),(991,'Gestion de pare-feu','Firewall management'),(992,'Réseaux','Networking'),(993,'Configuration d\'IPSec VPN','Configuring IPSec VPN '),(994,'Architecture réseau','Network architecture'),(995,'Thermique du bâtiment','Building heat'),(996,'Besoins énergétiques des bâtiments','Energy requirements of buildings'),(997,'Gestion d\'identité et d\'accès','Identity and access management'),(998,'Nouveau jardin de Roland-Garros','New garden of Roland-Garros'),(999,'Polémique autour de la reconstruction de Notre-Dame','Controversy surrounding the rehabilitation of Notre-Dame'),(1000,'Cinéma','Movie'),(1001,'Eurovision','Eurovision'),(1002,'Accueil et intégration de nouveaux arrivants','Induction and integration of new comers'),(1003,'Conditions de travail','Working conditions'),(1004,'Les vidéos en direct et la réalité virtuelle','Live videos and virtual reality'),(1005,'Accroître le trafic d\'un site web et booster la notoriété de la marque','Increasing a website\'s traffic and boosting brand awareness'),(1006,'Intelligence artificielle et plate-forme de simulation','Artificial intelligence and simulation platform'),(1007,'Stratégies de marketing en ligne','Online marketing strategies'),(1008,'Les éléments fondamentaux de l\'optimisation pour les moteurs de recherche','The basics of search engine optimization'),(1009,'Insight sur le secteur des jouets','Insight on toy industry'),(1010,'The basics of Powerpoint: how to prepare presentation','Les rudiments de Powerpoint: comment préparer une présentation'),(1011,'Insight et analyse de données','Insight and data analysis'),(1012,'Expressions','Expressions'),(1013,'Contrat de souscription au 3 Screen Video Measurement ','Subscription agreement to 3 Screen Video Measurement '),(1014,'Contrat de souscription \nau service Mediamat National Quotidien Médias','Subscription agreement to the Mediamat National Quotidien Médias service'),(1015,'Portefeuille abonnés','Subscription portofolio'),(1016,'Objectif de projet','Project objective'),(1017,'Qu\'est-ce qu\'un chef de studio?','What is a studio manager?'),(1018,'Le graphisme de mouvement','Motion graphic design'),(1019,'La chaîne graphique','The graphic chain'),(1020,'Cahier des charges techniques','Technical specification'),(1021,'Campagne digitale','Digital campaign'),(1022,'Vague de chaleur en Europe','Heat wave in Europe'),(1023,'Hausse incontrôlée du nombre de trotinettes','Electric scooter rider killed in Paris amid \'anarchy\' claims '),(1024,'Projet de privations d\'Emmanuel Macron','Emmanuel Macron\'s privatisation project'),(1025,'Incendie de Notre-Dame','Notre-Dame fire'),(1026,'Formule 1','Formula 1'),(1027,'L. E (fr)','L.E (en)'),(1028,'Propriétés de code à barres','Barcode properties'),(1029,'Spécifications d\'étiquette','Label specifications'),(1030,'Données d\'expédition','Shipment data'),(1031,'Logiciel d\'acheminement de colis','Package routing software'),(1032,'Vocabulaire juridique des affaires','Business legal vocabulary'),(1033,'Gestion de la clientèle','Customer management'),(1034,'Rétention de la clientèle','Customer retention'),(1035,'Panne et pièces de voiture','Car parts and breakdown'),(1036,'Chauffeur: comportement et gestion de fatigue','Driver: Behaviour and fatigue management'),(1037,'Planifier un itinéraire, circulation, plaintes','Planning an itinerary, traffic and complaints'),(1038,'Accident de voiture et récupération à l\'aéroport','Car accident and picking up at the airport'),(1039,'Gestion de flotte','Fleet management'),(1040,'Mission de l\'Engagement Manager','The Engagement Manager\'s mission'),(1041,'Phase opérationnelle d\'un projet','Operational stage of a project'),(1042,'Réunion de lancement','Launch meeting'),(1043,'Alertes et conseils','Alerts and advice'),(1044,'Numérique et édition','Digital World and Publishing'),(1045,'Gestion du patrimoine','Asset management'),(1046,'L\'univers de la comptabilité','The world of accounting'),(1047,'Les rôles d\'un comptable général','Roles of a General accountant'),(1048,'Transport et logistique','Transport and logistics'),(1049,'La moto et la mécanique moto','Motorbike and motorcyle mechanics'),(1050,'Transport et livraison de colis','Transport and parcel delivery'),(1051,'At the theatre','Au théâtre'),(1052,'Architecture Technique','Technical architecture'),(1053,'Fiabilité architecturale','Architectural reliability'),(1054,'Caractéristiques de système de manipulation de solution','Characteristics of a solution handling system'),(1055,'Le Dispatching','Dispatching'),(1056,'Système de dosage, de mélange et transport de solution','System for dosing, mixing and conveying solution'),(1057,'Marché des engrais azotés','Nitrogen fertilisers market'),(1058,'Marché du phosphate','Phosphate market'),(1059,'Termes fréquemment utilisés en marketing','Commonly used marketing terms'),(1060,'Exigences relatives à la sécurité d\'une installation','Facility security requirements'),(1061,'Exigences relatives aux utilisateurs et à la sécurité','User and security requirements'),(1062,'Contrat de niveau de service','Service level agreement'),(1063,'Normes minimales applicables au transport','Minimum standards for transportation'),(1064,'Approbation de matériels','Material approval'),(1065,'Synthèse de l\'impact des extractions','Synthesis of the impact of extractions'),(1066,'Hélène Schandeler','Hélène Schandeler'),(1067,'Richard Poirier','Richard Poirier'),(1068,'Processus budgétaire','Budgetary process'),(1069,'Cyberattaque et retombées financières','Cyberattack and financial impacts'),(1070,'Gestion de risques financiers','Financial risk management'),(1071,'Faille et exposition aux menaces','Vulnerability and threat exposure'),(1072,'Les risques posés par les technologies de l\'information dans le secteur des finances','Information technology and risk on finance'),(1073,'Poste gestionnaire de RH','HR Manager Job'),(1074,'Accord CSE','Social and economic council agreement'),(1075,'L\'univers du BTP','The construction industry'),(1076,'Travaux d\'enrobés, tranchée, remblayage','Asphalt-mixes works, trenching and backfilling'),(1077,'Sur le chantier','On the jobsite'),(1078,'Les travaux de terrassement','Earthworks'),(1079,'Les machines de construction','Construction machinery'),(1080,'Répondre à un appel d\'offre','Responding to a call for tender'),(1081,'Essai sur l\'engrais','Fertilizer trial'),(1082,'Termes techniques liés l\'agriculture','Technical terms related to agriculture'),(1083,'Work placement agreement','Convention de stage'),(1084,'Stage de troisième année','Third year internship'),(1085,'Internship: examples of mails and oral replies','Stage: exemples de mails et de réponses orales'),(1086,'A propos de MARTELL&Co','About MARTELL&Co'),(1087,'Rapport de gestion','Management report'),(1088,'Politique d\'approvisionnement','Procurement policy'),(1089,'Configuration de système','System configuration'),(1090,'Intégration de système','System integration'),(1091,'Réseaux sans fil','Wireless networks'),(1092,'Sécurité d\'application mobile','Mobile app security'),(1093,'Persécution de journalistes en Australie','Persecution of journalists in Australia'),(1094,'Tour de France: Egan Bernal face à Geraint Thomas','Tour de France: Egan Bernal vs Geraint Thomas'),(1095,'Retour de la vague de chaleur','Return of heatwave'),(1096,'La France bat la Dream Team','La France beats the Dream Team'),(1097,'Économie','Economy'),(1098,'Faits divers','News item'),(1099,'Le sommet du G7 ','The G7 Summit'),(1100,'Nouveau visage de la cuisine française','New face of French cuisine'),(1101,'G7','G7'),(1102,'Réforme sur la fécondation in vitro','Reform on in vitro fertilization'),(1103,'Coupe du monde de rugby 2019','Rugby world cup 2019'),(1104,'Comment faire des offres commerciales?','How to make sales proposals?'),(1105,'Conditions de transport d\'œuvre d\'art','Conditions for transportation of fine art'),(1106,'Mobilité','Mobility'),(1107,'Secret professionnel','Professional secrecy'),(1108,'Cadre de gestion','Management framework'),(1109,'Exemples de mails','Examples of email'),(1110,'Annexes techniques','Technical schedules'),(1111,'Tests d\'intégration de système','System integration testing'),(1112,'Gestion des opérations','Operations management'),(1113,'Estimation de prix','Price estimate'),(1114,'Conditions générales de vente','General terms and conditions of sale'),(1115,'Traitement de commande via SAP','Processing order via SAP'),(1116,'Schéma du processus avec SynchroTess','Process map with SynchroTess'),(1117,'En cuisine','About cooking'),(1118,'La décoration et le marketing','Printing and marketing'),(1119,'Technique d\'utilisation de couleur dans le décor','How to use colours in printing'),(1120,'Impression en chaîne graphique','Printing in graphic chain'),(1121,'Les effets des couleurs sur la publicité','Impacts of colours on ads'),(1122,'Procédure de contrôle d\'ilustrations','Artwork control procedure'),(1123,'A propos de TAG','About TAG'),(1124,'A propos de Flow','About Flow'),(1125,'Contrôle interne','Internal control / review'),(1126,'Formation logiciels','Software training'),(1127,'Affaires réglementaires','Regulatory matters'),(1128,'Assurance qualité des médicaments','Drug quality assurance'),(1129,'Mise sur le marché','Launch on the market'),(1130,'Logistique en distribution pharmaceutique','Pharmaceutical distribution logistics'),(1131,'Contrat de dépositaire','Reseller contract'),(1132,'Compte rendu de séminaire','Seminar report'),(1133,'Fiche de fonction Assistante RH','HR Assistant job description'),(1134,'Sélection d\'un candidat','Selection of a candidate'),(1135,'Influenceurs et KPI','Influencers and KPI'),(1136,'La création de contenu','Content creation'),(1137,'Stratégie de contenu et de réseaux sociaux','Content and social media strategy'),(1138,'Contrôle de gestion','Management control'),(1139,'Crises d\'angio-œdème héréditaire: placebo contre Lanadelumab','Hereditary Angioedema Attacks: placebo vs Lanadelumab'),(1140,'Nouvelles initiatives de l\'entreprise','Business new initiatives'),(1141,'Téléconférence','Téléconférence'),(1142,'Service client','Customer service'),(1143,'Pollution marine','Sea pollution'),(1144,'La langue française','French language'),(1145,'Le mystère des briques de cocaïne qui s\'échouent sur la plage','The mystery of bricks of cocaine that wash up on beaches'),(1146,'Les réseaux sociaux et la démocratie','Social media and democracy'),(1147,'Effets du mouvement social sur l\'économie','Effects of social movement on economy'),(1148,'Emmanuel Macron face aux grévistes','Emmanuel Macron and the strikers'),(1149,'Environnement','Environment'),(1150,'Le principe du Design To Cost','The principle of Design To Cost'),(1151,'Présider une réunion internationale','Chairing an international meeting'),(1152,'²','Agreeing/Disagreeing during a meeting'),(1153,'ERN','ERN'),(1154,'Configuration VPN','Setting up a VPN '),(1155,'Sécurité des réseaux','Network security'),(1156,'Constitution et domaine d\'activité d\'entreprise','Company\'s constitution and scope of work'),(1157,'La propriété intellectuelle','About intellectual property'),(1158,'Le droit foncier','Property rights'),(1159,'Constitution et domaine d\'activités d\'entreprise','Company\'s constitution and scope of work'),(1160,'La France face au coronavirus','France\'s response to the coronavirus'),(1161,'Fin de la grève des transports à Paris','End of transport strike in Paris'),(1162,'Deadly storm Gloria batters Spain, then shifts to France','Météo'),(1163,'Brexit: French petition launched for Briton denied citizenship','Brexit'),(1164,'Présentation de parcours','Experience presentation'),(1165,'Gestion des salaires','Payroll processing'),(1166,'Optimisation d\'equipement','Equipment optimization'),(1167,' Analyse de défaillance de l\'équipement','Equipment failure analysis'),(1168,'Prévision pour les pièces de rechange','Forecasting Spare Parts'),(1169,'Les rôles pouvant être attribués à un contributeur','Roles that can be given to a contributor'),(1170,'Les principes du LMS','The LMS basics'),(1171,'Les rôles d\'un administrateur','The Admin roles'),(1172,'Demander de l\'assistance par téléphone','To ask for assistance by phone'),(1173,'Partir en voyage','Going on a trip'),(1174,'Conditions de transport d\'aliments frais','Fresh food transportation requirements'),(1175,'Conservation des aliments pendant le transport','Food storage during transportation'),(1176,'Livraison dans le secteur de la grande distribution','Delivery in mass distribution industry'),(1177,'Politiques des ressources humaines','Human resources policies'),(1178,'Gestion des talents','Talent management'),(1179,'Produits','Products'),(1180,'La réforme des pensions','Pension reform'),(1181,'Le coronavirus en France','Coronavirus in France'),(1182,'Arnaque','Scam'),(1183,'Mise en place d\'une boutique','Retail shop creation'),(1184,'Graphisme/impression/création','Graphism/printing/creation'),(1185,'Stratégie de présentation de marque','Branding strategy'),(1186,'Stratégie de marque','Branding strategy'),(1187,'Comment planifier une campagne','How to plan a campaign'),(1188,'À propos de la gestion de projet','About project management'),(1189,'La stratégie de marque','Branding strategy'),(1190,'Technique de préparation d\'une présentation orale','Technique for preparing an oral presentation'),(1191,'Discours de Bill Gates','Bill Gates Talk'),(1192,'Coronavirus','Coronavirus'),(1193,'Les États-Unis face au coronavirus','The United States and coronavirus'),(1194,'Inaction du gouvernement britannique','British government\'s inaction'),(1195,'Gestion des panels','Panel management'),(1196,'Évaluation de l\'efficacité des processus','Process effectiveness Assessment'),(1197,'Rapport d\'audit','Audit report'),(1198,'Rapport de non conformité','Non conformity report'),(1199,'Comptabilité','Accounting '),(1200,'Gestion comptable','Accounting management'),(1201,'Identification des pièces dans l\'industrie ferroviaire','Parts identification in rail industry'),(1202,'Spécifications techniques\nd’interopérabilité (STI)','Technical Specifications for Interoperability (TSI)'),(1203,'L\'univers du business','The world of business'),(1204,'A propos des travaux et construction','About building and construction'),(1205,'L\'aménagement du territoire','Town and country planning'),(1206,'Les mesures pour protéger l\'environnement','Actions to protect environment'),(1207,'  \n\nPrésentation de la société','Company overview'),(1208,'COVID-19','COVID-19'),(1209,'La gestion de réseau','Network management'),(1210,'À propos de l\'administration de système','About system administration'),(1211,'Récupération de données et reprise après sinistre','Data recovery and disaster recovery'),(1212,'Plan de déconfinement en France','Deconfinment scheme in France'),(1213,'Approche de la Suède face au coronavirus','How Sweden handles coronavirus'),(1214,'Au théâtre et au cinéma','At the theatre and at the cinema'),(1215,'Cerner les possibilités de vente','How to identify sales opportunities'),(1216,'Atteindre les objectifs commerciaux','How to achieve sales goals'),(1217,'Créer un rapport de vente','Generating a sales report'),(1218,'Cloud management','Cloud management'),(1219,'Scala','Scala'),(1220,'Convention Annuelle','Annual Convention'),(1221,'Les expressions courantes','Commonly used phrases'),(1222,'Les mots à la mode','Buzzwords'),(1223,'Les argots','Slangs'),(1224,'Animer un comité ','Lead a committee'),(1225,'Techniques de négociations','Negotiation techniques'),(1226,'Compte-rendu de réunion','Meeting minute'),(1227,'Présider une conférence','Chairing a conference'),(1228,'La négociation','How to negotiate?'),(1229,'Protection des données et gestion des risques','Data protection and risk management'),(1230,'Les avantages de l\'automatisation et de la virtualisation','The upside of automation and virtualization'),(1231,'Comment clarifier les besoins des clients','How to clarify customer requirements'),(1232,'About building and construction','A propos des travaux et construction'),(1233,'Offre d\'assistance technique','Technical support offer'),(1234,'Stratégie d\'entreprise','Corporate strategy'),(1235,'Stratégie marketing digitale','Digital marketing strategy'),(1236,'Termes de contrat','Terms of contract'),(1237,'Négociation de départ','Negotiating an exit'),(1238,'Négociation de salaire','Salary negotiation'),(1239,'Système de certification','Certification system '),(1240,'Construction durable','Sustainable construction'),(1241,'Gestion d\'énergie','Energy management'),(1242,'Démarche opérationnelle','Operational approach'),(1243,'Travaux de construction','Building works'),(1244,'Rétention des talents','Talent retention'),(1245,'Stratégie RH','HR strategy'),(1246,'Recherche de talents','Talent sourcing'),(1247,'Étude consommateur','Customer research'),(1248,'Les données de CRM et leurs rôles','CRM data and their roles'),(1249,'Définition d\'objectifs d\'équipe de vente','Setting sales force objectives'),(1250,'Analyse de données','Data analysis'),(1251,'Insights et étude de marché','Insights and market research'),(1252,'Stratégies de rétention de client','Customer retention strategies'),(1253,'Implantologie','Implantology'),(1254,'Radiologie dentaire','Dental radiology'),(1255,'Soins dentaires et fournitures ','Dental health and supplies'),(1256,'Santé et sécurité','Health and safety'),(1257,'Architecture des établissements de santé','Health facility architecture'),(1258,'Construction de clinique','Construction of a clinic'),(1259,'Activités de construction','Activités de construction'),(1260,'Projet de construction','Building project '),(1261,'Les résultats financiers','Financial performance'),(1262,'Dans le jardin','In the garden'),(1263,'L\'univers de la danse africaine et de la musique','The universe of African dance and music'),(1264,'À propos du FPGA et de l\'ASIC','About FPGA and ASIC'),(1265,'La tumeur de Klatskin','The Klatskin tumor'),(1266,'La thérapie biologique','The biotherapy'),(1267,'Thérapies à base de plasma','Plasma-derived therapies'),(1268,'R&D: Oncologie','R&D: Oncology'),(1269,'R&D: médicaments et essais cliniques','R&D: Drugs and clinical trials'),(1270,'À propos des médecins produit','About medical advisers'),(1271,'R&D: maladies rares','R&D: Rare diseases'),(1272,'Rôle d\'un maître d\'ouvrage','Project owner\'s role'),(1273,'Comment préparer une réunion','How to prepare a meeting'),(1274,'Ingénieur de données','Data Engineer'),(1275,'Expert en science des données','Data Scientist'),(1276,'Génie informatique','Computer engineering'),(1277,'Assistant(e) de direction','Management assistant'),(1278,'Préparer une présentation Powerpoint','Preparing a Powerpoint presentation'),(1279,'Préparation de réunions','Meeting preparation'),(1280,'Expressions utilisées lors d\'une téléconférence','Expressions used during a conference call'),(1281,'Entretien d\'enseignants-chercheurs','Interviewing lecturers'),(1282,'Contrat de licence d\'utilisation','License agreement'),(1283,'Négociation ','Negociation'),(1284,'Barrages et ouvrages hydrauliques','Dams and hydraulic structures'),(1285,'Accueil de nouveaux employés','On-boarding new employees'),(1286,'Droit social/Droit du travail','Social Law / Labour law'),(1287,'Fonction Assistante RH','HR Assistant job description'),(1288,'Progiciel de gestion intégrée','Enterprise resource planning software'),(1289,'Chargé de projet de comptabilité client','Customer accounting project manager'),(1290,'Gestion des relations avec la clientèle','Customer relationship management'),(1291,'Stratégie de gestion de la relation client','Customer relation management strategy'),(1292,'Finance et comptabilité','Finance and accounting'),(1293,'Comptabilité informatisée','Electronic accounting system'),(1294,'Stratégie relative aux maladies rares','Strategy for rare diseases'),(1295,'Stratégie médical de la marque','Brand\'s medical strategy'),(1296,'Stratégie pharmaceutique','Pharmaceutical strategy'),(1297,'La façade double peau','Double-layer facade'),(1298,'À propos de structure de bâtiment','About building structure'),(1299,'Qu\'est-ce que l\'enveloppe de bâtiment','What is building envelope'),(1300,'Gestion de crise','Crisis management'),(1301,'Plan de continuité d\'activité','Business continuity plan'),(1302,'Rédaction de contrats','Contract drafting'),(1303,'Faire une offre','Making a deal'),(1304,'Modalités de paiement d\'une formation','Training payment conditions'),(1305,'Lettre de demande de formation','Training request letter'),(1306,'44378','Présentation de l\'entreprise'),(1307,'Clarifier les besoins des clients','Clarifying customer requirements'),(1308,'Le marchandisage','The merchandising'),(1309,'Installation et logistiques PLV','POS Installation and logistics'),(1310,'A propos des PLV','About POS'),(1311,'Company presentation','Présentation de l\'entreprise'),(1312,'Etude d\'impact environnemental','Environmental impact study'),(1313,'Etude d\'impact social','Social impact study'),(1314,'Stratégie environnementale','Environmental strategy');

--
-- Table structure for table `traducteur`
--

CREATE TABLE `traducteur` (
  `id_traducteur` int(50) NOT NULL AUTO_INCREMENT,
  `nom` varchar(255) COLLATE utf8_unicode_ci NOT NULL,
  `fonction` varchar(255) COLLATE utf8_unicode_ci NOT NULL,
  PRIMARY KEY (`id_traducteur`)
) ENGINE=InnoDB AUTO_INCREMENT=9 DEFAULT CHARSET=utf8 COLLATE=utf8_unicode_ci;

--
-- Dumping data for table `traducteur`
--

INSERT INTO `traducteur` VALUES (1,'Faniry',''),(2,'Miora',''),(3,'Finaritra',''),(4,'Termes génériques',''),(5,'Zoely',''),(6,'Miary',''),(7,'Antenaina',''),(8,'Vijesh','');

--
-- Table structure for table `vocabulaire`
--

CREATE TABLE `vocabulaire` (
  `id_vocabulaire` int(11) NOT NULL AUTO_INCREMENT,
  `date_creation` datetime NOT NULL DEFAULT CURRENT_TIMESTAMP,
  `date_modification` datetime DEFAULT NULL,
  `langue_origine` varchar(255) COLLATE utf8_unicode_ci NOT NULL,
  `langue_origine_sans_modif` varchar(255) CHARACTER SET utf8 COLLATE utf8_bin NOT NULL,
  `langue_traduction` varchar(255) CHARACTER SET utf8 COLLATE utf8_bin DEFAULT NULL,
  `id_source` int(55) NOT NULL,
  `id_language` int(11) DEFAULT NULL,
  `rang` varchar(50) CHARACTER SET utf8 COLLATE utf8_bin NOT NULL,
  `isAffiche` int(11) NOT NULL,
  `nbreCaractLo` int(255) NOT NULL,
  `nbreLigneLo` int(255) NOT NULL,
  `langue_origine_clean` varchar(255) CHARACTER SET utf8 COLLATE utf8_bin NOT NULL,
  `nbreCaractLt` int(255) NOT NULL,
  `nbreLigneLt` int(255) NOT NULL,
  `explication` varchar(255) CHARACTER SET utf8 COLLATE utf8_bin DEFAULT NULL,
  PRIMARY KEY (`id_vocabulaire`),
  KEY `IDX_DB1ADE7D84009D20` (`id_language`),
  KEY `IDX_DB1ADE7D79BDCA9E` (`id_source`),
  CONSTRAINT `FK_DB1ADE7D79BDCA9E` FOREIGN KEY (`id_source`) REFERENCES `source` (`id_source`),
  CONSTRAINT `FK_DB1ADE7D84009D20` FOREIGN KEY (`id_language`) REFERENCES `language` (`id_language`)
) ENGINE=InnoDB AUTO_INCREMENT=118847 DEFAULT CHARSET=utf8 COLLATE=utf8_unicode_ci;

--
-- Dumping data for table `vocabulaire`
--

INSERT INTO `vocabulaire` VALUES (1,'2018-01-09 06:55:16','2018-01-10 05:24:28','A l\'aide d\'un navigateur','à l\'aide d\'un navigateur','using a browser',0,1,'A',1,24,1,'-laide-dun-navigateur',15,1,NULL),(2,'2018-01-09 06:55:16','2018-01-10 05:24:28','Accéder au portail','','to access the portal',0,1,'A',1,19,1,'accder-au-portail',20,1,NULL),(3,'2018-01-09 06:55:16','2018-01-10 05:24:28','Accepter le contrat de licence','','to accept the licence agreement',0,1,'A',1,30,1,'accepter-le-contrat-de-licence',31,1,NULL),(4,'2018-01-09 06:55:16','2018-01-10 05:24:28','Accés à  distance / accés distant','','remote access',0,1,'A',1,35,1,'accs--distance--accs-distant',13,1,NULL),(5,'2018-01-09 06:55:16','2018-01-10 05:24:28','Accés réseau','','network access',0,1,'A',1,14,1,'accs-rseau',14,1,NULL),(6,'2018-01-09 06:55:16','2018-01-10 05:24:28','Acquisition de données','','data collection / data capture',0,1,'A',1,23,1,'acquisition-de-donnes',30,1,NULL),(7,'2018-01-09 06:55:16','2018-01-10 05:24:28','Activer la licence','','to activate the license',0,1,'A',1,18,1,'activer-la-licence',23,1,NULL),(8,'2018-01-09 06:55:16','2018-01-10 05:24:28','Ajouter dans un fichier','','to append/add to a file',0,1,'A',1,23,1,'ajouter-dans-un-fichier',23,1,NULL),(9,'2018-01-09 06:55:16','0000-00-00 00:00:00','Application logicielle','','software application',0,1,'A',1,22,1,'application-logicielle',20,1,NULL),(10,'2018-01-09 06:55:16','2018-01-10 05:24:28','Au moment de l\'exécution','','at runtime',0,1,'A',1,25,1,'au-moment-de-lexcution',10,1,NULL),(11,'2018-01-09 06:55:16','0000-00-00 00:00:00','Barre d\'outils','','tool bar',0,1,'B',1,14,1,'barre-doutils',8,1,NULL),(12,'2018-01-09 06:55:16','2018-01-11 12:39:37','Base de connaissances','','knowledge base',0,1,'B',1,21,1,'base-de-connaissances',14,1,NULL),(13,'2018-01-09 06:55:16','2018-01-09 12:15:44','Base de données','','data base',0,1,'B',1,16,1,'base-de-donnes',9,1,NULL),(14,'2018-01-09 06:55:16','2018-01-10 05:24:28','Boîte aux lettres d\'utilisateur','','user mailbox',0,1,'B',1,32,1,'bote-aux-lettres-dutilisateur',12,1,NULL),(15,'2018-01-09 06:55:16','0000-00-00 00:00:00','Boîte de message','','message box',0,1,'B',1,17,1,'bote-de-message',11,1,NULL),(16,'2018-01-09 06:55:16','2018-01-10 05:24:28','Chargement d\'un programme','','program loading',0,1,'C',1,25,1,'chargement-dun-programme',15,1,NULL),(17,'2018-01-09 06:55:16','2018-01-10 05:24:28','Choisir l\'option','','to choose the option',0,1,'C',1,16,1,'choisir-loption',20,1,NULL),(18,'2018-01-09 06:55:16','2018-01-10 05:24:28','Choisir un dossier d\'installation','','to choose an installation folder',0,1,'C',1,33,1,'choisir-un-dossier-dinstallation',32,1,NULL),(19,'2018-01-09 06:55:16','2018-01-10 05:24:28','Collecte de données','','data collection/gathering',0,1,'C',1,20,1,'collecte-de-donnes',25,1,NULL),(20,'2018-01-09 06:55:16','2018-01-10 05:24:28','Compatibilité du système','','system compatibility',0,1,'C',1,26,1,'compatibilit-du-systme',20,1,NULL),(21,'2018-01-09 06:55:16','0000-00-00 00:00:00','Copie de sauvegarde','','back-up copy',0,1,'C',1,19,1,'copie-de-sauvegarde',12,1,NULL),(22,'2018-01-09 06:55:16','2018-01-10 05:24:28','Copie sur papier','','hard copy',0,1,'C',1,16,1,'copie-sur-papier',9,1,NULL),(23,'2018-01-09 06:55:16','2018-01-10 05:24:28','Crypter/encoder/chiffrer les connexions','','to encrypt connections',0,1,'C',1,39,1,'crypterencoderchiffrer-les-connexions',22,1,NULL),(24,'2018-01-09 06:55:16','0000-00-00 00:00:00','Cumulatif de correctifs pour','','rollup of fixes for / service pack for',0,1,'C',1,28,1,'cumulatif-de-correctifs-pour',38,1,NULL),(25,'2018-01-09 06:55:16','2018-01-10 05:24:28','Demande/invite de mot de passe','','password prompt',0,1,'D',1,30,1,'demandeinvite-de-mot-de-passe',15,1,NULL),(26,'2018-01-09 06:55:16','2018-01-10 05:24:28','Désactiver le logiciel antivirus','','to disable the antivirus software',0,1,'D',1,33,1,'dsactiver-le-logiciel-antivirus',33,1,NULL),(27,'2018-01-09 06:55:16','2018-01-10 05:24:28','Détecter les logiciels malveillants','','to detect malicious software',0,1,'D',1,36,1,'dtecter-les-logiciels-malveillants',28,1,NULL),(28,'2018-01-09 06:55:16','2018-01-10 05:24:28','Disque dur','','hard disk',0,1,'D',1,10,1,'disque-dur',9,1,NULL),(29,'2018-01-09 06:55:16','0000-00-00 00:00:00','Disque magnétique','','magnetic disc',0,1,'D',1,18,1,'disque-magntique',13,1,NULL),(30,'2018-01-09 06:55:16','0000-00-00 00:00:00','Disque optique','','optical disc / laser disc',0,1,'D',1,14,1,'disque-optique',25,1,NULL),(31,'2018-01-09 06:55:16','2018-01-10 05:24:28','Données sensibles','','sensitive data',0,1,'D',1,18,1,'donnes-sensibles',14,1,NULL),(32,'2018-01-09 06:55:16','2018-01-10 05:24:28','Durant la maintenance mensuelle','','during the monthly maintenance',0,1,'D',1,31,1,'durant-la-maintenance-mensuelle',30,1,NULL),(33,'2018-01-09 06:55:16','0000-00-00 00:00:00','Echange de données informatisé (edi)','Echange de données informatisé (EDI)','Electronic data interchange (EDI)',0,1,'E',1,38,1,'change-de-donnes-informatis-EDI',33,1,NULL),(34,'2018-01-09 06:55:16','0000-00-00 00:00:00','Ecran par défaut','Ecran par défaut','default screen',0,1,'E',1,17,1,'cran-par-dfaut',14,1,NULL),(35,'2018-01-09 06:55:16','2018-01-10 05:24:28','Ecran tactile','Ecran tactile','touch screen',0,1,'E',1,13,1,'cran-tactile',12,1,NULL),(36,'2018-01-09 06:55:16','2018-01-10 05:24:28','Edition de texte','Edition de texte','text editing',0,1,'E',1,16,1,'dition-de-texte',12,1,NULL),(37,'2018-01-09 06:55:16','0000-00-00 00:00:00','Elément de sécurité','Elément de sécurité','security feature',0,1,'E',1,22,1,'lment-de-scurit',16,1,NULL),(38,'2018-01-09 06:55:16','2018-01-10 05:24:28','En mode lecture seulement','','in read-only mode',0,1,'E',1,25,1,'en-mode-lecture-seulement',17,1,NULL),(39,'2018-01-09 06:55:16','0000-00-00 00:00:00','Equipement informatique de poche','Equipement informatique de poche','handheld computing device',0,1,'E',1,32,1,'quipement-informatique-de-poche',25,1,NULL),(40,'2018-01-09 06:55:16','2018-01-10 05:24:28','Erreur dans un logiciel','','bug/software error',0,1,'E',1,23,1,'erreur-dans-un-logiciel',18,1,NULL),(41,'2018-01-09 06:55:16','2018-01-10 05:24:28','Exécuter un programme','','to execute / to run a programme',0,1,'E',1,22,1,'excuter-un-programme',31,1,NULL),(42,'2018-01-09 06:55:16','2018-01-10 05:24:28','Exigences système','','system requirements',0,1,'E',1,18,1,'exigences-systme',19,1,NULL),(43,'2018-01-09 06:55:16','2018-01-10 05:24:28','Fenêtre de configuration','','setup window',0,1,'F',1,25,1,'fentre-de-configuration',12,1,NULL),(44,'2018-01-09 06:55:16','2018-01-10 05:24:28','Fichier critique','','critical file',0,1,'F',1,16,1,'fichier-critique',13,1,NULL),(45,'2018-01-09 06:55:16','2018-01-10 05:24:28','Fichier de données','','data file',0,1,'F',1,19,1,'fichier-de-donnes',9,1,NULL),(46,'2018-01-09 06:55:16','2018-01-10 05:24:28','Générer un message d\'erreur','','to generate an error message',0,1,'G',1,29,1,'gnrer-un-message-derreur',28,1,NULL),(47,'2018-01-09 06:55:16','2018-01-10 05:24:28','Gérer les connexions','','to manage connections',0,1,'G',1,21,1,'grer-les-connexions',21,1,NULL),(48,'2018-01-09 06:55:16','2018-01-10 05:24:28','Gestion de données','','data management',0,1,'G',1,0,1,'gestion-de-donnes',15,1,NULL),(49,'2018-01-09 06:55:16','2018-01-10 05:24:28','Guide d\'utilisation','','user guide',0,1,'G',1,19,1,'guide-dutilisation',10,1,NULL),(50,'2018-01-09 06:55:16','2018-01-10 05:24:28','Guider lors du processus d\'installation','','to guide through the installation process',0,1,'G',1,39,1,'guider-lors-du-processus-dinstallation',41,1,NULL),(51,'2018-01-09 06:55:16','2018-01-10 05:24:28','Identification d\'utilisateur','','user identification',0,1,'I',1,28,1,'identification-dutilisateur',19,1,NULL),(52,'2018-01-09 06:55:16','2018-01-10 05:24:28','Identifier les domaines clés','','to identify key areas',0,1,'I',1,29,1,'identifier-les-domaines-cls',21,1,NULL),(53,'2018-01-09 06:55:16','0000-00-00 00:00:00','Imprimer un rapport de synthèse','','to print a summary report',0,1,'I',1,32,1,'imprimer-un-rapport-de-synthse',25,1,NULL),(54,'2018-01-09 06:55:16','2018-01-10 05:24:28','Installer le package/progiciel sur','','to install the package on',0,1,'I',1,34,1,'installer-le-packageprogiciel-sur',25,1,NULL),(55,'2018-01-09 06:55:16','2018-01-10 05:24:28','Installer manuellement','','to manually install',0,1,'I',1,22,1,'installer-manuellement',19,1,NULL),(56,'2018-01-09 06:55:16','2018-01-11 12:39:37','Intelligence artificielle','','artificial intelligence',0,1,'I',1,25,1,'intelligence-artificielle',23,1,NULL),(57,'2018-01-09 06:55:16','2018-01-11 12:39:37','Langage de programmation','','programming language',0,1,'L',1,24,1,'langage-de-programmation',20,1,NULL),(58,'2018-01-09 06:55:16','2018-01-10 05:24:28','Licence d\'utilisation du logiciel','','software licence',0,1,'L',1,33,1,'licence-dutilisation-du-logiciel',16,1,NULL),(59,'2018-01-09 06:55:16','0000-00-00 00:00:00','Liste déroulante','','drop-down list',0,1,'L',1,17,1,'liste-droulante',14,1,NULL),(60,'2018-01-09 06:55:16','0000-00-00 00:00:00','Localisation d\'anomalie / d\'erreur','','error detection',0,1,'L',1,34,1,'localisation-danomalie--derreur',15,1,NULL),(61,'2018-01-09 06:55:16','2018-01-10 05:24:28','Localisation/emplacement sur le système','','location on the system',0,1,'L',1,40,1,'localisationemplacement-sur-le-systme',22,1,NULL),(62,'2018-01-09 06:55:16','2018-01-10 05:24:28','Logiciel malveillant','','malware / malicious software',0,1,'L',1,20,1,'logiciel-malveillant',28,1,NULL),(63,'2018-01-09 06:55:16','2018-01-10 05:24:28','Maintenance mensuelle','','monthly maintenance',0,1,'M',1,21,1,'maintenance-mensuelle',19,1,NULL),(64,'2018-01-09 06:55:16','0000-00-00 00:00:00','Mémoire morte','','ROM, read only memory',0,1,'M',1,14,1,'mmoire-morte',21,1,NULL),(65,'2018-01-09 06:55:16','0000-00-00 00:00:00','Mémoire vive','','RAM, random access memory',0,1,'M',1,13,1,'mmoire-vive',25,1,NULL),(66,'2018-01-09 06:55:16','0000-00-00 00:00:00','Messagerie électronique','','message handling, electronic mail',0,1,'M',1,24,1,'messagerie-lectronique',33,1,NULL),(67,'2018-01-09 06:55:16','2018-01-10 05:24:28','Mettre à  jour automatiquement','','to automatically update',0,1,'M',1,30,1,'mettre--jour-automatiquement',23,1,NULL),(68,'2018-01-09 06:55:16','2018-01-10 05:24:28','Obtenir en temps réel des réponses d\'experts aux questions','','to get real time expert answers to questions',0,1,'O',1,60,2,'obtenir-en-temps-rel-des-rponses-dexperts-aux-questions',44,1,NULL),(69,'2018-01-09 06:55:16','0000-00-00 00:00:00','Ordinateur de table','','desktop computer',0,1,'O',1,19,1,'ordinateur-de-table',16,1,NULL),(70,'2018-01-09 06:55:16','0000-00-00 00:00:00','Ordinateur portable','','laptop computer',0,1,'O',1,19,1,'ordinateur-portable',15,1,NULL),(71,'2018-01-09 06:55:16','2018-01-11 12:39:37','Outil logiciel','','software tool',0,1,'O',1,14,1,'outil-logiciel',13,1,NULL),(72,'2018-01-09 06:55:16','0000-00-00 00:00:00','Page d\'accueil personnalisée','','personalised homepage',0,1,'P',1,29,1,'page-daccueil-personnalise',21,1,NULL),(73,'2018-01-09 06:55:16','0000-00-00 00:00:00','Panne de matériel','','hardware breakdown / hardware failure',0,1,'P',1,18,1,'panne-de-matriel',37,1,NULL),(74,'2018-01-09 06:55:16','2018-01-10 05:24:28','Panneau de configuration','','control panel',0,1,'P',1,24,1,'panneau-de-configuration',13,1,NULL),(75,'2018-01-09 06:55:16','0000-00-00 00:00:00','Pare-feu local','','local firewall',0,1,'P',1,14,1,'pare-feu-local',14,1,NULL),(76,'2018-01-09 06:55:16','0000-00-00 00:00:00','Plate-forme logicielle','','software platform',0,1,'P',1,22,1,'plate-forme-logicielle',17,1,NULL),(77,'2018-01-09 06:55:16','0000-00-00 00:00:00','Prendre en charge un logiciel','','to accept / to support a software',0,1,'P',1,29,1,'prendre-en-charge-un-logiciel',33,1,NULL),(78,'2018-01-09 06:55:16','0000-00-00 00:00:00','Protection des données','','data protection',0,1,'P',1,23,1,'protection-des-donnes',15,1,NULL),(79,'2018-01-09 06:55:16','0000-00-00 00:00:00','Publication assistée par ordinateur','','computer-assisted publishing / electronic publishing',0,1,'P',1,36,1,'publication-assiste-par-ordinateur',52,2,NULL),(80,'2018-01-09 06:55:16','0000-00-00 00:00:00','Réinitialisation automatique','','automatic reset',0,1,'R',1,29,1,'rinitialisation-automatique',15,1,NULL),(81,'2018-01-09 06:55:16','0000-00-00 00:00:00','Renseigner un formulaire','','to fill in a form',0,1,'R',1,24,1,'renseigner-un-formulaire',17,1,NULL),(82,'2018-01-09 06:55:16','0000-00-00 00:00:00','Répertoire de fichiers','','file directory',0,1,'R',1,23,1,'rpertoire-de-fichiers',14,1,NULL),(83,'2018-01-09 06:55:16','0000-00-00 00:00:00','Réseau à  haut débit / réseau à  très large bande','','broadband network',0,1,'R',1,53,2,'rseau--haut-dbit--rseau--trs-large-bande',17,1,NULL),(84,'2018-01-09 06:55:16','0000-00-00 00:00:00','Réseau bande étroite','','narrowband network',0,1,'R',1,22,1,'rseau-bande-troite',18,1,NULL),(85,'2018-01-09 06:55:16','2018-01-11 12:39:37','Réseau local','','local area network',0,1,'R',1,13,1,'rseau-local',18,1,NULL),(86,'2018-01-09 06:55:16','0000-00-00 00:00:00','Restaurer tous les fichiers','','to restore all files',0,1,'R',1,27,1,'restaurer-tous-les-fichiers',20,1,NULL),(87,'2018-01-09 06:55:16','0000-00-00 00:00:00','Rpv (réseau privé virtuel) dédié','','dedicated VPN (virtual private network)',0,1,'R',1,36,1,'RPV-rseau-priv-virtuel-ddi',39,1,NULL),(88,'2018-01-09 06:55:16','0000-00-00 00:00:00','Saisie de données','','data entry',0,1,'S',1,18,1,'saisie-de-donnes',10,1,NULL),(89,'2018-01-09 06:55:16','2018-01-10 05:24:28','Sauvegarde complète','','full backup',0,1,'S',1,20,1,'sauvegarde-complte',11,1,NULL),(90,'2018-01-09 06:55:16','2018-01-09 06:55:16','Serveur de fichiers','','file server',0,1,'S',1,19,1,'serveur-de-fichiers',11,1,NULL),(91,'2018-01-09 06:55:16','0000-00-00 00:00:00','Serveur indisponible','','server unavailable',0,1,'S',1,20,1,'serveur-indisponible',18,1,NULL),(92,'2018-01-09 06:55:16','0000-00-00 00:00:00','Service téléphonique avancé','','advanced telephone service',0,1,'S',1,30,1,'service-tlphonique-avanc',26,1,NULL),(93,'2018-01-09 06:55:16','0000-00-00 00:00:00','Source de données','','data source',0,1,'S',1,18,1,'source-de-donnes',11,1,NULL),(94,'2018-01-09 06:55:16','0000-00-00 00:00:00','Suite logicielle','','software suite',0,1,'S',1,16,1,'suite-logicielle',14,1,NULL),(95,'2018-01-09 06:55:16','2018-01-11 10:22:17','Système d\'exploitation','','operating system',0,1,'S',1,23,1,'systme-dexploitation',16,1,NULL),(96,'2018-01-09 06:55:16','2018-01-11 12:39:37','Système expert','','expert system',0,1,'S',1,15,1,'systme-expert',13,1,NULL),(97,'2018-01-09 06:55:16','0000-00-00 00:00:00','Systèmes d\'exploitation pris en charge','','supported operating systems',0,1,'S',1,39,1,'systmes-dexploitation-pris-en-charge',27,1,NULL),(98,'2018-01-09 06:55:16','0000-00-00 00:00:00','Technologie de pointe','','leading-edge technology / cutting-edge technology',0,1,'T',1,21,1,'technologie-de-pointe',49,2,NULL),(99,'2018-01-09 06:55:16','0000-00-00 00:00:00','Technologie serveur','','server technology',0,1,'T',1,19,1,'technologie-serveur',17,1,NULL),(100,'2018-01-09 06:55:16','0000-00-00 00:00:00','Temps de recherche','','search time',0,1,'T',1,18,1,'temps-de-recherche',11,1,NULL),(101,'2018-01-09 06:55:16','2018-01-09 12:15:44','Temps réel','','real time',0,1,'T',1,11,1,'temps-rel',9,1,NULL),(102,'2018-01-09 06:55:16','0000-00-00 00:00:00','Traitement de texte','','word processing / text processing',0,1,'T',1,19,1,'traitement-de-texte',33,1,NULL),(103,'2018-01-09 06:55:16','2018-01-10 05:24:28','Traitement par lots','','batch processing',0,1,'T',1,19,1,'traitement-par-lots',16,1,NULL),(104,'2018-01-09 06:55:16','0000-00-00 00:00:00','Valeur par défaut','','default value',0,1,'V',1,18,1,'valeur-par-dfaut',13,1,NULL),(105,'2018-01-09 06:55:16','0000-00-00 00:00:00','Vitesse de transfert','','transfer rate',0,1,'V',1,20,1,'vitesse-de-transfert',13,1,NULL),(106,'2018-01-09 06:55:16','0000-00-00 00:00:00',' l\'heure actuelle, le marché est constitué de...','A l\'heure actuelle, le marché est constitué de...','At present, the market is made up of...',0,1,'A',1,50,2,'-lheure-actuelle-le-march-est-constitu-de',39,1,NULL),(107,'2018-01-09 06:55:16','0000-00-00 00:00:00','Assister à  une présentation.','','to attend a presentation',0,1,'A',1,30,1,'assister--une-prsentation',24,1,NULL),(108,'2018-01-09 06:55:16','0000-00-00 00:00:00','Ceci nous amène à  eux','','This brings us to their',0,1,'C',1,23,1,'Ceci-nous-amne--',21,1,NULL),(109,'2018-01-09 06:55:16','0000-00-00 00:00:00','Cela nous fait prendre entièrement conscience que ','','This makes us fully aware that ',0,1,'C',1,54,2,'Cela-nous-fait-prendre-entirement-conscience-que-',34,1,NULL),(110,'2018-01-09 06:55:16','0000-00-00 00:00:00','Cela va sans dire que ','','It goes without saying that ',0,1,'C',1,25,1,'Cela-va-sans-dire-que-',31,1,NULL),(111,'2018-01-09 06:55:16','0000-00-00 00:00:00','C\'est avec plaisir que je répondrai à  toutes vos questions.','','I\'ll be glad to answer any questions. / I\'ll be glad to answer to all your questions.',0,1,'C',1,61,2,'Cest-avec-plaisir-que-je-rpondrai--toutes-vos-questions',85,2,NULL),(112,'2018-01-09 06:55:16','0000-00-00 00:00:00','C\'est un grand plaisir pour moi de ','','It gives me great pleasure to  / It is for me a great pleasure to…',0,1,'C',1,38,1,'Cest-un-grand-plaisir-pour-moi-de-',71,2,NULL),(113,'2018-01-09 06:55:16','0000-00-00 00:00:00','C\'est un honneur pour moi de ','','It\'s my honour to ..',0,1,'C',1,32,1,'Cest-un-honneur-pour-moi-de-',20,1,NULL),(114,'2018-01-09 06:55:16','0000-00-00 00:00:00','C\'est une question controversée.','','It\'s a controversial issue.',0,1,'C',1,33,1,'Cest-une-question-controverse',27,1,NULL),(115,'2018-01-09 06:55:16','0000-00-00 00:00:00','C\'est une très bonne question.','','That\'s a very good question',0,1,'C',1,31,1,'Cest-une-trs-bonne-question',27,1,NULL),(116,'2018-01-09 06:55:16','0000-00-00 00:00:00','Cette question suscite des réactions.','','This question arouses reactions.',0,1,'C',1,38,1,'Cette-question-suscite-des-ractions',32,1,NULL),(117,'2018-01-09 06:55:16','2018-01-09 06:55:16','Choisissons une date pour la prochaine réunion.','','Let\'s set a date for the next meeting.',0,1,'C',1,48,2,'Choisissons-une-date-pour-la-prochaine-runion',38,1,NULL),(118,'2018-01-09 06:55:16','0000-00-00 00:00:00','Comme je l\'ai dit plus tôt,','','As I said earlier,',0,1,'C',1,32,1,'Comme-je-lai-dit-plus-tt-',22,1,NULL),(119,'2018-01-09 06:55:16','0000-00-00 00:00:00','Comme je l\'ai montré, ','','As I showed, ',0,1,'C',1,26,1,'Comme-je-lai-montr-',16,1,NULL),(120,'2018-01-09 06:55:16','0000-00-00 00:00:00','Comme on le voit d\'après le tableau de chiffres...','','As you can see from the table of figures...',0,1,'C',1,51,2,'Comme-on-le-voit-daprs-le-tableau-de-chiffres',43,1,NULL),(121,'2018-01-09 06:55:16','0000-00-00 00:00:00','Comme vous pouvez le voir, …','','As you can see, ..',0,1,'C',1,30,1,'Comme-vous-pouvez-le-voir-',18,1,NULL),(122,'2018-01-09 06:55:16','0000-00-00 00:00:00','Concevoir une présentation','','to design a presentation',0,1,'C',1,27,1,'concevoir-une-prsentation',24,1,NULL),(123,'2018-01-09 06:55:16','0000-00-00 00:00:00','De droite à gauche','','from right to left',0,1,'D',1,19,1,'de-droite--gauche',18,1,NULL),(124,'2018-01-09 06:55:16','0000-00-00 00:00:00','De gauche à droite','','from left to right',0,1,'D',1,19,1,'de-gauche--droite',18,1,NULL),(125,'2018-01-09 06:55:16','0000-00-00 00:00:00','De haut en bas','','from top to bottom',0,1,'D',1,14,1,'de-haut-en-bas',18,1,NULL),(126,'2018-01-09 06:55:16','0000-00-00 00:00:00','En amélioration par rapport à','','in improvement with respect to',0,1,'E',1,31,1,'en-amlioration-par-rapport-',30,1,NULL),(127,'2018-01-09 06:55:16','0000-00-00 00:00:00','En bref','','In brief',0,1,'E',1,7,1,'En-bref',8,1,NULL),(128,'2018-01-09 06:55:16','0000-00-00 00:00:00','En premier lieu, j\'aimerais parler de','','First I would like to talk about …',0,1,'E',1,37,1,'En-premier-lieu-jaimerais-parler-de',36,1,NULL),(129,'2018-01-09 06:55:16','0000-00-00 00:00:00','En réalité ... / pour tout vous dire ... / il se trouve que … / à vrai dire …','','As a matter of fact …',0,1,'E',1,84,2,'En-ralit---Pour-tout-vous-dire---Il-se-trouve-que----vrai-dire-',23,1,NULL),(130,'2018-01-09 06:55:16','0000-00-00 00:00:00','Est-ce que nous pouvons commencer? / pouvons-nous commencer?','','Shall we get started?',0,1,'E',1,60,2,'Est-ce-que-nous-pouvons-commencer--Pouvons-nous-commencer',21,1,NULL),(131,'2018-01-09 06:55:16','0000-00-00 00:00:00','Est-ce que tout le monde a reçu l\'ordre du jour?','','Has everyone received a copy of the agenda?',0,1,'E',1,49,2,'Est-ce-que-tout-le-monde-a-reu-lordre-du-jour',43,1,NULL),(132,'2018-01-09 06:55:16','0000-00-00 00:00:00','Est-ce que tout le monde peut m\'entendre?','','Can you all hear me?',0,1,'E',1,41,1,'Est-ce-que-tout-le-monde-peut-mentendre',20,1,NULL),(133,'2018-01-09 06:55:16','0000-00-00 00:00:00','Est-ce que tout le monde peut voir l\'écran?','','Can everyone see the screen?',0,1,'E',1,44,1,'Est-ce-que-tout-le-monde-peut-voir-lcran',28,1,NULL),(134,'2018-01-09 06:55:16','0000-00-00 00:00:00','Est-ce qu\'il y a d\'autres commentaires?','','Are there any more comments?',0,1,'E',1,39,1,'Est-ce-quil-y-a-dautres-commentaires',28,1,NULL),(135,'2018-01-09 06:55:16','0000-00-00 00:00:00','Excusez-moi de vous interrompre.','','Excuse me for interrupting.',0,1,'E',1,32,1,'Excusez-moi-de-vous-interrompre',27,1,NULL),(136,'2018-01-09 06:55:16','0000-00-00 00:00:00','Excusez-moi, je crois que vous avez mal compris mon propos.','','Sorry, I think you misunderstood what I said.',0,1,'E',1,59,2,'Excusez-moi-je-crois-que-vous-avez-mal-compris-mon-propos',45,2,NULL),(137,'2018-01-09 06:55:16','0000-00-00 00:00:00','Il est bon de noter que …','','It \'s worth noting that … / It should be noted that …',0,1,'I',1,27,1,'Il-est-bon-de-noter-que-',57,2,NULL),(138,'2018-01-09 06:55:16','0000-00-00 00:00:00','Il serait faux de dire que …','','It would be wrong to say that …',0,1,'I',1,30,1,'Il-serait-faux-de-dire-que-',33,1,NULL),(139,'2018-01-09 06:55:16','0000-00-00 00:00:00','J\'ai le sentiment que …','','I feel as if …',0,1,'J',1,25,1,'Jai-le-sentiment-que-',16,1,NULL),(140,'2018-01-09 06:55:16','0000-00-00 00:00:00','J\'aimerais clore ce sujet.','','I would like to wrap this item/topic up.',0,1,'J',1,26,1,'Jaimerais-clore-ce-sujet',40,1,NULL),(141,'2018-01-09 06:55:16','0000-00-00 00:00:00','J\'aimerais donner la parole à …','','I would like to give the floor to …',0,1,'J',1,34,1,'Jaimerais-donner-la-parole--',37,1,NULL),(142,'2018-01-09 06:55:16','0000-00-00 00:00:00','J\'aimerais souligner l\'importance de …','','I\'d like to emphasize the importance of …',0,1,'J',1,40,1,'Jaimerais-souligner-limportance-de-',43,1,NULL),(143,'2018-01-09 06:55:16','0000-00-00 00:00:00','Je crains que nous soyons hors sujet/je crains que nous nous égarions.','','I think we are getting out of subject.',0,1,'J',1,71,2,'Je-crains-que-nous-soyons-hors-sujetJe-crains-que-nous-nous-garions',38,1,NULL),(144,'2018-01-09 06:55:16','0000-00-00 00:00:00','Je ne peux pas prendre parti.','','I cannot take sides.',0,1,'J',1,29,1,'Je-ne-peux-pas-prendre-parti',20,1,NULL),(145,'2018-01-09 06:55:16','0000-00-00 00:00:00','Je suis convaincu que …','','I am convinced that …',0,1,'J',1,25,1,'Je-suis-convaincu-que-',23,1,NULL),(146,'2018-01-09 06:55:16','0000-00-00 00:00:00','Je suis heureux de vous voir si nombreux  aujourd\'hui.','','I am pleased to see so many of you present today.',0,1,'J',1,54,2,'Je-suis-heureux-de-vous-voir-si-nombreux--aujourdhui',49,2,NULL),(147,'2018-01-09 06:55:16','0000-00-00 00:00:00','Je tiens à insister que .','','I would like to insist that …',0,1,'J',1,26,1,'Je-tiens--insister-que-',31,1,NULL),(148,'2018-01-09 06:55:16','0000-00-00 00:00:00','Je tiens à souligner que …','','I would like to emphasize that …',0,1,'J',1,29,1,'Je-tiens--souligner-que-',34,1,NULL),(149,'2018-01-09 06:55:16','0000-00-00 00:00:00','Je vais commencer ma présentation \npar …','','Let me begin my presentation by …',0,1,'J',1,43,1,'Je-vais-commencer-ma-prsentation-npar-',35,1,NULL),(150,'2018-01-09 06:55:16','0000-00-00 00:00:00','Je voudrais ajouter que …','','I\'d like to add that …',0,1,'J',1,27,1,'Je-voudrais-ajouter-que-',24,1,NULL),(151,'2018-01-09 06:55:16','0000-00-00 00:00:00','Je voudrais commencer par dire …','','I\'d like to start by saying …',0,1,'J',1,34,1,'Je-voudrais-commencer-par-dire-',31,1,NULL),(152,'2018-01-09 06:55:16','0000-00-00 00:00:00','Je voudrais mettre l\'accent sur le fait que …','','I would like to stress the fact that …',0,1,'J',1,47,2,'Je-voudrais-mettre-laccent-sur-le-fait-que-',40,1,NULL),(153,'2018-01-09 06:55:16','0000-00-00 00:00:00','Je vous propose de commencer par …','','I suggest we start with …',0,1,'J',1,36,1,'Je-vous-propose-de-commencer-par-',27,1,NULL),(154,'2018-01-09 06:55:16','0000-00-00 00:00:00','Je vous remercie de votre écoute/ merci de votre attention','','Thanks for listening',0,1,'J',1,59,2,'Je-vous-remercie-de-votre-coute-Merci-de-votre-attention',20,1,NULL),(155,'2018-01-09 06:55:16','0000-00-00 00:00:00','La question qui se pose est …','','The question that arises is …',0,1,'L',1,31,1,'La-question-qui-se-pose-est-',31,1,NULL),(156,'2018-01-09 06:55:16','0000-00-00 00:00:00','La séance est levée.','','I declare the meeting closed / The meeting is adjourned.',0,1,'L',1,22,1,'La-sance-est-leve',56,2,NULL),(157,'2018-01-09 06:55:16','0000-00-00 00:00:00','Laissez-moi vous le présenter sous un autre angle.','','Let me put this in another way.',0,1,'L',1,51,2,'Laissez-moi-vous-le-prsenter-sous-un-autre-angle',31,1,NULL),(158,'2018-01-09 06:55:16','0000-00-00 00:00:00','L\'analyse démontre...','','The analysis reveals...',0,1,'L',1,22,1,'Lanalyse-dmontre',23,1,NULL),(159,'2018-01-09 06:55:16','0000-00-00 00:00:00','Le graphique à secteurs montre la distribution de...','','The pie chart shows the distribution of...',0,1,'L',1,53,2,'Le-graphique--secteurs-montre-la-distribution-de',42,1,NULL),(160,'2018-01-09 06:55:16','0000-00-00 00:00:00','Le pour et le contre','','the pros and cons',0,1,'L',1,20,1,'le-pour-et-le-contre',17,1,NULL),(161,'2018-01-09 06:55:16','0000-00-00 00:00:00','Le sujet de ma présentation est …','','The topic of my presentation is …',0,1,'L',1,36,1,'Le-sujet-de-ma-prsentation-est-',35,1,NULL),(162,'2018-01-09 06:55:16','0000-00-00 00:00:00','Les chiffres du graphique à secteurs représentent...','','The figures on the pie chart represent...',0,1,'L',1,54,2,'Les-chiffres-du-graphique--secteurs-reprsentent',41,1,NULL),(163,'2018-01-09 06:55:16','0000-00-00 00:00:00','Les points clés que j\'aimerais que vous reteniez','','The main points I\'d like you to remember',0,1,'L',1,49,2,'Les-points-cls-que-jaimerais-que-vous-reteniez',40,1,NULL),(164,'2018-01-09 06:55:16','0000-00-00 00:00:00','L\'idée-clé est que …','','The key issue is that …',0,1,'L',1,24,1,'Lide-cl-est-que-',25,1,NULL),(165,'2018-01-09 06:55:16','0000-00-00 00:00:00','Ma présentation va durer … minutes','','My presentation will last … minutes',0,1,'M',1,37,1,'Ma-prsentation-va-durer--minutes',37,1,NULL),(166,'2018-01-09 06:55:16','0000-00-00 00:00:00','Même si …','','Even though …',0,1,'M',1,12,1,'Mme-si-',15,1,NULL),(167,'2018-01-09 06:55:16','0000-00-00 00:00:00','Merci à tous pour votre participation.','','Thank you all for attending. / Thank you all for participating.',0,1,'M',1,39,1,'Merci--tous-pour-votre-participation',63,2,NULL),(168,'2018-01-09 06:55:16','0000-00-00 00:00:00','Merci d\'être venus aujourd\'hui.','','Thank you for coming today.',0,1,'M',1,32,1,'Merci-dtre-venus-aujourdhui',27,1,NULL),(169,'2018-01-09 06:55:16','0000-00-00 00:00:00','Merci pour votre attention!','','Thank you for your attention!',0,1,'M',1,27,1,'Merci-pour-votre-attention',29,1,NULL),(170,'2018-01-09 06:55:16','0000-00-00 00:00:00','Mesdames, messieurs, bonjour.','','Ladies and Gentlemen, good morning.',0,1,'M',1,29,1,'Mesdames-Messieurs-bonjour',35,1,NULL),(171,'2018-01-09 06:55:16','0000-00-00 00:00:00','Mettons-nous au travail!','','Let\'s get down to business!',0,1,'M',1,24,1,'Mettons-nous-au-travail',27,1,NULL),(172,'2018-01-09 06:55:16','0000-00-00 00:00:00','Notre analyse indique que...','','Our analysis indicates that...',0,1,'N',1,28,1,'Notre-analyse-indique-que',30,1,NULL),(173,'2018-01-09 06:55:16','0000-00-00 00:00:00','Notre analyse porte à croire que...','','Our analysis suggests that...',0,1,'N',1,36,1,'Notre-analyse-porte--croire-que',29,1,NULL),(174,'2018-01-09 06:55:16','0000-00-00 00:00:00','Nous pouvons conclure que...','','We can conclude that...',0,1,'N',1,28,1,'Nous-pouvons-conclure-que',23,1,NULL),(175,'2018-01-09 06:55:16','0000-00-00 00:00:00','Nous sommes pris par le temps.','','We are running short of time.',0,1,'N',1,30,1,'Nous-sommes-pris-par-le-temps',29,1,NULL),(176,'2018-01-09 06:55:16','0000-00-00 00:00:00','On constate une progression régulière','','We can see steady increase',0,1,'O',1,39,1,'On-constate-une-progression-rgulire',26,1,NULL),(177,'2018-01-09 06:55:16','0000-00-00 00:00:00','On ne peut affirmer avec certitude que …','','It cannot be taken as granted that ...',0,1,'O',1,42,1,'On-ne-peut-affirmer-avec-certitude-que-',38,1,NULL),(178,'2018-01-09 06:55:16','0000-00-00 00:00:00','On ne peut nier que …','','There is no denying that …',0,1,'O',1,23,1,'On-ne-peut-nier-que-',28,1,NULL),(179,'2018-01-09 06:55:16','0000-00-00 00:00:00','On peut remarquer que …','','It can be noticed that …',0,1,'O',1,25,1,'On-peut-remarquer-que-',26,1,NULL),(180,'2018-01-09 06:55:16','0000-00-00 00:00:00','On pourrait objecter que …','','It could be objected that...',0,1,'O',1,28,1,'On-pourrait-objecter-que-',28,1,NULL),(181,'2018-01-09 06:55:16','0000-00-00 00:00:00','Passons à la diapo suivante.','','Let\'s move to the next slide.',0,1,'P',1,29,1,'Passons--la-diapo-suivante',29,1,NULL),(182,'2018-01-09 06:55:16','0000-00-00 00:00:00','Permettez-moi de résumer / pour résumer / je résume','','Let me sum up',0,1,'P',1,54,2,'Permettez-moi-de-rsumer--Pour-rsumer--Je-rsume',13,1,NULL),(183,'2018-01-09 06:55:16','0000-00-00 00:00:00','Permettez-moi de vous rappeler les points principaux.','','Let me go over the main points again.',0,1,'P',1,53,2,'Permettez-moi-de-vous-rappeler-les-points-principaux',37,1,NULL),(184,'2018-01-09 06:55:16','0000-00-00 00:00:00','Pour conclure / en conclusion','','In conclusion',0,1,'P',1,29,1,'Pour-conclure--En-conclusion',13,1,NULL),(185,'2018-01-09 06:55:16','0000-00-00 00:00:00','Pour récapituler ce que je viens de dire, …','','To recap what I just said, …',0,1,'P',1,46,2,'Pour-rcapituler-ce-que-je-viens-de-dire-',30,1,NULL),(186,'2018-01-09 06:55:16','0000-00-00 00:00:00','Pour résumer ce que je viens de vous présenter, …','','To sum up what I just said, …',0,1,'P',1,53,2,'Pour-rsumer-ce-que-je-viens-de-vous-prsenter-',31,1,NULL),(187,'2018-01-09 06:55:16','0000-00-00 00:00:00','Pourrions-nous nous en tenir au sujet?','','Could we stick to the subject matter/item?',0,1,'P',1,38,1,'Pourrions-nous-nous-en-tenir-au-sujet',42,1,NULL),(188,'2018-01-09 06:55:16','0000-00-00 00:00:00','Quelqu\'un veut-il ajouter quelque chose?','','Would anyone like to add anything?',0,1,'P',1,40,1,'Quelquun-veut-il-ajouter-quelque-chose',34,1,NULL),(189,'2018-01-09 06:55:16','0000-00-00 00:00:00','Retournons à la diapo précédente/au slide précédent','','Let\'s go back to the previous slide.',0,1,'R',1,56,2,'Retournons--la-diapo-prcdenteau-slide-prcdent',36,1,NULL),(190,'2018-01-09 06:55:16','0000-00-00 00:00:00','Revenons au sujet, s\'il vous plaît.','','Let\'s get back on track, shall we?',0,1,'R',1,36,1,'Revenons-au-sujet-sil-vous-plat',34,1,NULL),(191,'2018-01-09 06:55:16','0000-00-00 00:00:00','Rien ne prouve que …','','There is no evidence that …',0,1,'R',1,22,1,'Rien-ne-prouve-que-',29,1,NULL),(192,'2018-01-09 06:55:16','0000-00-00 00:00:00','Si nous analysons la situation actuelle, il est évident que...','','If we analyse the present situation, it is evident that.../ it is obvious that... / it is clear that',0,1,'S',1,63,2,'Si-nous-analysons-la-situation-actuelle-il-est-vident-que',100,3,NULL),(193,'2018-01-09 06:55:16','0000-00-00 00:00:00','Si vous avez des questions, je serai ravi d\'y répondre.','','If you have any questions, I\'d be glad/happy to answer them.',0,1,'S',1,56,2,'Si-vous-avez-des-questions-je-serai-ravi-dy-rpondre',60,2,NULL),(194,'2018-01-09 06:55:16','0000-00-00 00:00:00','Sous réserve que / à condition que …','','Providing that …',0,1,'S',1,40,1,'Sous-rserve-que---condition-que-',18,1,NULL),(195,'2018-01-09 06:55:16','0000-00-00 00:00:00','Sur votre droite/gauche','','on your right/left',0,1,'S',1,23,1,'sur-votre-droitegauche',18,1,NULL),(196,'2018-01-09 06:55:16','0000-00-00 00:00:00','Un diagramme en secteurs / un camembert / un graphique à secteurs','','a pie chart',0,1,'U',1,66,2,'un-diagramme-en-secteurs--un-camembert--un-graphique--secteurs',11,1,NULL),(197,'2018-01-09 06:55:16','0000-00-00 00:00:00','Un ensemble de diapositives','','a set of slides',0,1,'U',1,27,1,'un-ensemble-de-diapositives',15,1,NULL),(198,'2018-01-09 06:55:16','0000-00-00 00:00:00','Un graphique statistique','','a statistical diagram',0,1,'U',1,24,1,'un-graphique-statistique',21,1,NULL),(199,'2018-01-09 06:55:16','0000-00-00 00:00:00','Une capture d\'écran','','a screenshot',0,1,'U',1,20,1,'une-capture-dcran',12,1,NULL),(200,'2018-01-09 06:55:16','0000-00-00 00:00:00','Une ligne brisée','','a broken line',0,1,'U',1,17,1,'une-ligne-brise',13,1,NULL),(201,'2018-01-09 06:55:16','0000-00-00 00:00:00','Une ligne en pointillé','','a dotted line',0,1,'U',1,23,1,'une-ligne-en-pointill',13,1,NULL),(202,'2018-01-09 06:55:16','0000-00-00 00:00:00','Une tendance à la baisse / à la hausse','','a downward trend / an upward trend',0,1,'U',1,40,1,'une-tendance--la-baisse---la-hausse',34,1,NULL),(203,'2018-01-09 06:55:16','0000-00-00 00:00:00','Une vue d\'ensemble','','an overview',0,1,'U',1,18,1,'une-vue-densemble',11,1,NULL),(204,'2018-01-09 06:55:16','0000-00-00 00:00:00','Venez-en au fait s\'il vous plaît.','','Get to the point please.',0,1,'V',1,34,1,'Venez-en-au-fait-sil-vous-plat',24,1,NULL),(205,'2018-01-09 06:55:16','2018-01-10 05:13:07','A très bientôt.','','See you soon.',0,1,'A',1,17,1,'A-trs-bientt',13,1,NULL),(206,'2018-01-09 06:55:16','2018-01-09 06:55:16','Annuaire téléphonique','','telephone directory',0,1,'A',1,23,1,'annuaire-tlphonique',19,1,NULL),(207,'2018-01-09 06:55:16','0000-00-00 00:00:00','Annuler un appel','','to cancel a call',0,1,'A',1,16,1,'annuler-un-appel',16,1,NULL),(208,'2018-01-09 06:55:16','0000-00-00 00:00:00','Appel interurbain / communication interurbaine','','long distance call / toll call',0,1,'A',1,46,2,'appel-interurbain--communication-interurbaine',30,1,NULL),(209,'2018-01-09 06:55:16','0000-00-00 00:00:00','Appel sans frais','','toll free call',0,1,'A',1,16,1,'appel-sans-frais',14,1,NULL),(210,'2018-01-09 06:55:16','0000-00-00 00:00:00','Appeler à frais virés','','to call collect',0,1,'A',1,23,1,'appeler--frais-virs',15,1,NULL),(211,'2018-01-09 06:55:16','0000-00-00 00:00:00','Appeler les services de renseignements','','to call the inquiry services',0,1,'A',1,38,1,'appeler-les-services-de-renseignements',28,1,NULL),(212,'2018-01-09 06:55:16','0000-00-00 00:00:00','Attendre la tonalité','','to wait for the dial tone',0,1,'A',1,21,1,'attendre-la-tonalit',25,1,NULL),(213,'2018-01-09 06:55:16','0000-00-00 00:00:00','Bonjour, mr x à l\'appareil.','','Hello, this is Mister X. /  Hello, Mr X speaking.',0,1,'B',1,28,1,'Bonjour-Mr-X--lappareil',49,2,NULL),(214,'2018-01-09 06:55:16','0000-00-00 00:00:00','Bouton de mise en attente','','call hold button',0,1,'B',1,25,1,'bouton-de-mise-en-attente',16,1,NULL),(215,'2018-01-09 06:55:16','0000-00-00 00:00:00','Cabine téléphonique','','telephone box / telephone booth',0,1,'C',1,21,1,'cabine-tlphonique',31,1,NULL),(216,'2018-01-09 06:55:16','2018-01-10 05:13:07','C\'est à quel sujet, s\'il vous plaît?','','What is the reason for your call, please?',0,1,'C',1,38,1,'Cest--quel-sujet-sil-vous-plat',41,1,NULL),(217,'2018-01-09 06:55:16','2018-01-10 05:13:07','C\'est de la part de qui, s\'il vous plaît ?','','Who is this call from, please?',0,1,'C',1,43,1,'Cest-de-la-part-de-qui-sil-vous-plat-',30,1,NULL),(218,'2018-01-09 06:55:16','0000-00-00 00:00:00','Comme convenu, je vous envoie un courrier de confirmation.','','As agreed, I\'ll send you a letter as confirmation.',0,1,'C',1,58,2,'Comme-convenu-je-vous-envoie-un-courrier-de-confirmation',50,2,NULL),(219,'2018-01-09 06:55:16','2018-01-10 05:13:07','Comme convenu, je vous rappelle la semaine prochaine.','','As agreed, I\'ll call you back next week.',0,1,'C',1,53,2,'Comme-convenu-je-vous-rappelle-la-semaine-prochaine',40,1,NULL),(220,'2018-01-09 06:55:16','2018-01-09 06:55:16','Comment puis-je vous aider?','','How can I help you?',0,1,'C',1,27,1,'Comment-puis-je-vous-aider',19,1,NULL),(221,'2018-01-09 06:55:16','2018-01-10 05:13:07','Comment téléphoner à l’extérieur?','','How do I make an outside call?',0,1,'C',1,39,1,'Comment-tlphoner--lextrieur',30,1,NULL),(222,'2018-01-09 06:55:16','0000-00-00 00:00:00','Composer un numéro','','to dial a number',0,1,'C',1,19,1,'composer-un-numro',16,1,NULL),(223,'2018-01-09 06:55:16','2018-01-09 06:55:16','Conférence téléphonique','','conference call',0,1,'C',1,26,1,'confrence-tlphonique',15,1,NULL),(224,'2018-01-09 06:55:16','2018-01-10 05:13:07','Désirez-vous laisser un message ?','','Would you like to leave a message?',0,1,'D',1,34,1,'Dsirez-vous-laisser-un-message-',34,1,NULL),(225,'2018-01-09 06:55:16','2018-01-10 05:13:07','Donc, nous nous rencontrons jeudi prochain à 10h dans vos locaux.','','So, we\'ll meet next Thursday at 10 am in your office.',0,1,'D',1,66,2,'Donc-nous-nous-rencontrons-jeudi-prochain--h-dans-vos-locaux',53,2,NULL),(226,'2018-01-09 06:55:16','2018-01-10 05:13:07','Donner un coup de téléphone','','to make a telephone call',0,1,'D',1,29,1,'donner-un-coup-de-tlphone',24,1,NULL),(227,'2018-01-09 06:55:16','2018-01-10 05:13:07','Etre coupé','être coupé','to get cut off',0,1,'E',1,11,1,'tre-coup',14,1,NULL),(228,'2018-01-09 06:55:16','2018-01-10 05:13:07','Excusez-moi de vous faire attendre.','','Sorry to keep you waiting.',0,1,'E',1,35,1,'Excusez-moi-de-vous-faire-attendre',26,1,NULL),(229,'2018-01-09 06:55:16','0000-00-00 00:00:00','Excusez-moi, j’ai composé un mauvais numéro / faux numéro','','Sorry, I’ve dialled a wrong number.',0,1,'E',1,62,2,'Excusez-moi-jai-compos-un-mauvais-numro--faux-numro',37,1,NULL),(230,'2018-01-09 06:55:16','0000-00-00 00:00:00','Facturer un appel','','to charge a call',0,1,'F',1,17,1,'facturer-un-appel',16,1,NULL),(231,'2018-01-09 06:55:16','2018-01-10 05:13:07','Il y a du brouillage sur la ligne','','There is some jamming on the line',0,1,'I',1,33,1,'Il-y-a-du-brouillage-sur-la-ligne',33,1,NULL),(232,'2018-01-09 06:55:16','0000-00-00 00:00:00','Indicatif téléphonique d\'un pays','','telephone country code',155815,1,'I ',1,34,1,'indicatif-tlphonique-dun-pays',22,1,NULL),(233,'2018-01-09 06:55:16','2018-01-10 05:13:07','J’appelle de la part de ...','','I am calling on behalf of...',0,1,'J',1,29,1,'Jappelle-de-la-part-de-',28,1,NULL),(234,'2018-01-09 06:55:16','2018-01-10 05:13:07','J’essaie de joindre ...','','I am trying to contact ...',0,1,'J',1,25,1,'Jessaie-de-joindre-',26,1,NULL),(235,'2018-01-09 06:55:16','2018-01-10 05:13:07','Je suis désolée mais il vient de partir.','','I am sorry but Mr X has just left.',0,1,'J',1,42,1,'Je-suis-dsole-mais-il-vient-de-partir',34,1,NULL),(236,'2018-01-09 06:55:16','2018-01-10 05:13:07','Je suis désolée mais mr x est en voyage d’affaires.','','I am sorry but Mr X is away on business.',0,1,'J',1,55,2,'Je-suis-dsole-mais-Mr-X-est-en-voyage-daffaires',40,1,NULL),(237,'2018-01-09 06:55:16','2018-01-10 05:13:07','Je suis désolée mais mr x n\'est pas là.','','I am sorry but Mr X is not here at the moment.',0,1,'J',1,42,1,'Je-suis-dsole-mais-Mr-X-nest-pas-l',46,2,NULL),(238,'2018-01-09 06:55:16','0000-00-00 00:00:00','Je voudrais parler à mr  dupont, s\'il vous plait.','','May I speak to Mr Dupont, please ?',0,1,'J',1,50,2,'Je-voudrais-parler--Mr--Dupont-sil-vous-plait',34,1,NULL),(239,'2018-01-09 06:55:16','2018-01-10 05:13:07','Je vous entends mal.','','I can’t hear you very well.',0,1,'J',1,20,1,'Je-vous-entends-mal',29,1,NULL),(240,'2018-01-09 06:55:16','2018-01-10 05:13:07','Je vous passe mr ...','','I am putting you through to Mr ...',0,1,'J',1,20,1,'Je-vous-passe-Mr-',34,1,NULL),(241,'2018-01-09 06:55:16','0000-00-00 00:00:00','La ligne est occupée.','','The line is engaged.',0,1,'L',1,22,1,'La-ligne-est-occupe',20,1,NULL),(242,'2018-01-09 06:55:16','0000-00-00 00:00:00','Laisser le téléphone décroché','','to leave the phone off the hook',0,1,'L',1,33,1,'laisser-le-tlphone-dcroch',31,1,NULL),(243,'2018-01-09 06:55:16','0000-00-00 00:00:00','Laisser un message sur la boîte vocale','','to leave a voice mail message',0,1,'L',1,39,1,'laisser-un-message-sur-la-bote-vocale',29,1,NULL),(244,'2018-01-09 06:55:16','2018-01-10 05:13:07','Le poste demandé ne répond pas','','The extension number requested is not answering',0,1,'L',1,32,1,'Le-poste-demand-ne-rpond-pas',47,2,NULL),(245,'2018-01-09 06:55:16','2018-01-10 05:13:07','Le téléphone sonne','','the telephone is ringing',0,1,'L',1,20,1,'le-tlphone-sonne',24,1,NULL),(246,'2018-01-09 06:55:16','2018-01-10 05:13:07','Merci de votre appel.','','Thank you for calling.',0,1,'M',1,21,1,'Merci-de-votre-appel',22,1,NULL),(247,'2018-01-09 06:55:16','0000-00-00 00:00:00','Mettre en attente','','to put on hold',0,1,'M',1,17,1,'mettre-en-attente',14,1,NULL),(248,'2018-01-09 06:55:16','2018-01-10 05:13:07','Mr /mme x à l’appareil.','','Mr / Mrs X speaking.',0,1,'M',1,26,1,'Mr-Mme-X--lappareil',20,1,NULL),(249,'2018-01-09 06:55:16','2018-01-10 05:13:07','Mr dupont est déjà en ligne','','Mr Dupont is already on a call',0,1,'M',1,29,1,'Mr-Dupont-est-dj-en-ligne',30,1,NULL),(250,'2018-01-09 06:55:16','2018-01-10 05:13:07','Mr x est en ligne pour vous.','','There is Mr X on the line for you.',0,1,'M',1,28,1,'Mr-X-est-en-ligne-pour-vous',34,1,NULL),(251,'2018-01-09 06:55:16','2018-01-10 05:13:07','Ne quittez pas, s\'il vous plaît','','Hold the line, please.',0,1,'N',1,32,1,'Ne-quittez-pas-sil-vous-plat',22,1,NULL),(252,'2018-01-09 06:55:16','2018-01-10 05:13:07','Ne raccrochez pas.','','Don’t hang up.',0,1,'N',1,18,1,'Ne-raccrochez-pas',16,1,NULL),(253,'2018-01-09 06:55:16','2018-01-10 05:13:07','Nous avons été coupés.','','We have been cut off.',0,1,'N',1,25,1,'Nous-avons-t-coups',21,1,NULL),(254,'2018-01-09 06:55:16','2018-01-10 05:13:07','Nous recherchons votre correspondant.','','We are trying to connect you.',0,1,'N',1,37,1,'Nous-recherchons-votre-correspondant',29,1,NULL),(255,'2018-01-09 06:55:16','0000-00-00 00:00:00','Pages jaunes','','yellow pages',0,1,'P',1,12,1,'pages-jaunes',12,1,NULL),(256,'2018-01-09 06:55:16','0000-00-00 00:00:00','Poste n° ...','','extension number...',0,1,'P',1,13,1,'poste-n-',19,1,NULL),(257,'2018-01-09 06:55:16','0000-00-00 00:00:00','Pourrais-je parler à mr john?','','May I speak to Mr Jones?',0,1,'P',1,30,1,'Pourrais-je-parler--Mr-John',24,1,NULL),(258,'2018-01-09 06:55:16','2018-01-10 05:13:07','Pouvez-vous épeler votre nom, s\'il vous plaît?','','Could you spell your name for me, please?',0,1,'P',1,48,2,'Pouvez-vous-peler-votre-nom-sil-vous-plat',41,1,NULL),(259,'2018-01-09 06:55:16','2018-01-10 05:13:07','Pouvez-vous lui demander de me rappeler?','','Could you ask him to ring me back?',0,1,'P',1,40,1,'Pouvez-vous-lui-demander-de-me-rappeler',34,1,NULL),(260,'2018-01-09 06:55:16','0000-00-00 00:00:00','Pouvez-vous me dire …','','Could you tell me …',0,1,'P',1,23,1,'Pouvez-vous-me-dire-',21,1,NULL),(261,'2018-01-09 06:55:16','2018-01-10 05:13:07','Pouvez-vous me passer mr z, s\'il vous plait.','','Could you put me through to Mister Z please ?',0,1,'P',1,44,1,'Pouvez-vous-me-passer-Mr-Z-sil-vous-plait',45,2,NULL),(262,'2018-01-09 06:55:16','2018-01-10 05:13:07','Pouvez-vous parler un peu plus lentement, s\'il vous plaît ?','','Would you mind speaking more slowly please?',0,1,'P',1,60,2,'Pouvez-vous-parler-un-peu-plus-lentement-sil-vous-plat-',43,1,NULL),(263,'2018-01-09 06:55:16','2018-01-10 05:13:07','Pouvez-vous rappeler dans une heure?','','Could you call back in an hour?',0,1,'P',1,36,1,'Pouvez-vous-rappeler-dans-une-heure',31,1,NULL),(264,'2018-01-09 06:55:16','2018-01-10 05:13:07','Pouvez-vous rappeler plus tard?','','Could you call back later?',0,1,'P',1,31,1,'Pouvez-vous-rappeler-plus-tard',26,1,NULL),(265,'2018-01-09 06:55:16','2018-01-10 05:13:07','Pouvez-vous répéter, s’il vous plait ?','','Could you repeat that, please ?',0,1,'P',1,42,1,'Pouvez-vous-rpter-sil-vous-plait-',31,1,NULL),(266,'2018-01-09 06:55:16','2018-01-10 05:13:07','Préférez-vous patienter ou laisser un message ?','','Would you mind waiting or would you like to leave a message?',0,1,'P',1,49,2,'Prfrez-vous-patienter-ou-laisser-un-message-',60,2,NULL),(267,'2018-01-09 06:55:16','2018-01-10 05:13:07','Prendre un appel','','to take a call',0,1,'P',1,16,1,'prendre-un-appel',14,1,NULL),(268,'2018-01-09 06:55:16','0000-00-00 00:00:00','Puis-je laisser un  message?','','Can I leave a message?',0,1,'P',1,28,1,'Puis-je-laisser-un--message',22,1,NULL),(269,'2018-01-09 06:55:16','0000-00-00 00:00:00','Puis-je parler à ...','','May I speak to...',0,1,'P',1,21,1,'Puis-je-parler--',17,1,NULL),(270,'2018-01-09 06:55:16','2018-01-10 05:13:07','Puis-je prendre un message?','','Can I take a message?',0,1,'P',1,27,1,'Puis-je-prendre-un-message',21,1,NULL),(271,'2018-01-09 06:55:16','2018-01-10 10:04:19','Puis-je vous aider?','','Can I help you?',0,1,'P',1,19,1,'Puis-je-vous-aider',15,1,NULL),(272,'2018-01-09 06:55:16','0000-00-00 00:00:00','Puis-je vous passer quelqu’un d’autre?','','Can I put you through to someone else?',0,1,'P',1,42,1,'Puis-je-vous-passer-quelquun-dautre',38,1,NULL),(273,'2018-01-09 06:55:16','2018-01-10 05:13:07','Puis-je vous rappeler dans quelques minutes ?','','May I call you back in a few minutes?',0,1,'P',1,45,2,'Puis-je-vous-rappeler-dans-quelques-minutes-',37,1,NULL),(274,'2018-01-09 06:55:16','2018-01-10 05:13:07','Quand me conseillez-vous de le rappeler?','','When do you advise me to call him back?',0,1,'Q',1,40,1,'Quand-me-conseillez-vous-de-le-rappeler',39,1,NULL),(275,'2018-01-09 06:55:16','2018-01-10 05:13:07','Que puis-je faire pour vous ?','','What can I do for you?',0,1,'Q',1,29,1,'Que-puis-je-faire-pour-vous-',22,1,NULL),(276,'2018-01-09 06:55:16','2018-01-10 05:13:07','Quel est le meilleur moment pour la joindre?','','When is the best time to catch her?',0,1,'Q',1,44,1,'Quel-est-le-meilleur-moment-pour-la-joindre',35,1,NULL),(277,'2018-01-09 06:55:16','2018-01-10 05:13:07','Quel jour vous conviendrait le mieux ?','','Which day would suit you better?',0,1,'Q',1,38,1,'Quel-jour-vous-conviendrait-le-mieux-',32,1,NULL),(278,'2018-01-09 06:55:16','2018-01-10 05:13:07','Qui demandez-vous?','','Who do you want to speak to?',0,1,'Q',1,18,1,'Qui-demandez-vous',28,1,NULL),(279,'2018-01-09 06:55:16','2018-01-10 05:13:07','Qui dois-je annoncer?','','Who shall I say is calling?',0,1,'Q',1,21,1,'Qui-dois-je-annoncer',27,1,NULL),(280,'2018-01-09 06:55:16','2018-01-10 05:13:07','Qui est à l’appareil?','','Who is calling, please?',0,1,'Q',1,24,1,'Qui-est--lappareil',23,1,NULL),(281,'2018-01-09 06:55:16','0000-00-00 00:00:00','Répondre au téléphone','','to answer the phone',0,1,'R',1,24,1,'rpondre-au-tlphone',19,1,NULL),(282,'2018-01-09 06:55:16','0000-00-00 00:00:00','Transférer l\'appel','','to forward the call',0,1,'T',1,19,1,'transfrer-lappel',19,1,NULL),(283,'2018-01-09 06:55:16','2018-01-10 05:13:07','Un instant s\'il vous plaît','','One moment please.',0,1,'U',1,27,1,'Un-instant-sil-vous-plat',18,1,NULL),(284,'2018-01-09 06:55:16','0000-00-00 00:00:00','Utiliser une carte de téléphone','','to use a phone card',0,1,'U',1,33,1,'utiliser-une-carte-de-tlphone',19,1,NULL),(285,'2018-01-09 06:55:16','2018-01-10 05:13:07','Veuillez patienter','','Please wait / Please hold the line',0,1,'V',1,18,1,'Veuillez-patienter',34,1,NULL),(286,'2018-01-09 06:55:16','2018-01-10 05:13:07','Voulez-vous qu’il vous rappelle?','','Would you like him to call you back?',0,1,'V',1,34,1,'Voulez-vous-quil-vous-rappelle',36,1,NULL),(287,'2018-01-09 06:55:16','2021-07-16 17:38:30','Accord contractuel','','contractual agreement',0,1,'A',1,18,1,'accord-contractuel',21,1,NULL),(288,'2018-01-09 06:55:16','0000-00-00 00:00:00','Acheteur potentiel','','potential buyer',0,1,'A',1,18,1,'acheteur-potentiel',15,1,NULL),(289,'2018-01-09 06:55:16','2018-01-11 10:24:46','Actif immobilisé','','fixed asset',0,1,'A',1,17,1,'actif-immobilis',11,1,NULL),(290,'2018-01-09 06:55:16','0000-00-00 00:00:00','Action au porteur','','bearer share',0,1,'A',1,17,1,'action-au-porteur',12,1,NULL),(291,'2018-01-09 06:55:16','0000-00-00 00:00:00','Action cotée en bourse','','listed share',0,1,'A',1,23,1,'action-cote-en-bourse',12,1,NULL),(292,'2018-01-09 06:55:16','0000-00-00 00:00:00','Action différée','','deferred share',0,1,'A',1,17,1,'action-diffre',14,1,NULL),(293,'2018-01-09 06:55:16','0000-00-00 00:00:00','Action ordinaire','','ordinary share',0,1,'A',1,16,1,'action-ordinaire',14,1,NULL),(294,'2018-01-09 06:55:16','0000-00-00 00:00:00','Actions avec valeur nominative','','Par value stock',0,1,'A',1,30,1,'actions-avec-valeur-nominative',15,1,NULL),(295,'2018-01-09 06:55:16','0000-00-00 00:00:00','Actions privilégiées','','preference share / preferred stock',0,1,'A',1,22,1,'actions-privilgies',34,1,NULL),(296,'2018-01-09 06:55:16','0000-00-00 00:00:00','Agence de notation','','credit rating agency (CRA)',0,1,'A',1,18,1,'agence-de-notation',26,1,NULL),(297,'2018-01-09 06:55:16','0000-00-00 00:00:00','Agent commissionnaire','','commission agent',0,1,'A',1,21,1,'agent-commissionnaire',16,1,NULL),(298,'2018-01-09 06:55:16','0000-00-00 00:00:00','Analyste financier','','financial analyst ',0,1,'A',1,18,1,'analyste-financier',19,1,NULL),(299,'2018-01-09 06:55:16','0000-00-00 00:00:00','Banque dépositaire','','depositing bank',0,1,'B',1,19,1,'banque-dpositaire',15,1,NULL),(300,'2018-01-09 06:55:16','0000-00-00 00:00:00','Bénéfice par action (bpa)','','earnings per share (EPS)',0,1,'B',1,27,1,'bnfice-par-action-BPA',24,1,NULL),(301,'2018-01-09 06:55:16','0000-00-00 00:00:00','Bourse des valeurs','','Stock market / Stock exchange',0,1,'B',1,18,1,'Bourse-des-valeurs',29,1,NULL),(302,'2018-01-09 06:55:16','0000-00-00 00:00:00','Cote de la bourse','','quotation board / share list',0,1,'C',1,17,1,'cote-de-la-bourse',28,1,NULL),(303,'2018-01-09 06:55:16','0000-00-00 00:00:00','Coupon couru','','accrued interest',0,1,'C',1,12,1,'coupon-couru',16,1,NULL),(304,'2018-01-09 06:55:16','0000-00-00 00:00:00','Coupon de dividende','','dividend warrant / coupon',0,1,'C',1,19,1,'coupon-de-dividende',25,1,NULL),(305,'2018-01-09 06:55:16','0000-00-00 00:00:00','Cours de clôture','','closing price',0,1,'C',1,17,1,'cours-de-clture',13,1,NULL),(306,'2018-01-09 06:55:16','0000-00-00 00:00:00','Cours d\'ouverture','','opening price',0,1,'C',1,17,1,'cours-douverture',13,1,NULL),(307,'2018-01-09 06:55:16','0000-00-00 00:00:00','Courtier libre','','commercial broker / outside broker / outside stock broker',0,1,'C',1,14,1,'courtier-libre',57,2,NULL),(308,'2018-01-09 06:55:16','0000-00-00 00:00:00','Coût des capitaux propres','','cost of equity',0,1,'C',1,26,1,'cot-des-capitaux-propres',14,1,NULL),(309,'2018-01-09 06:55:16','0000-00-00 00:00:00','Crédit croisé','','cross currency swap',0,1,'C',1,15,1,'crdit-crois',19,1,NULL),(310,'2018-01-09 06:55:16','0000-00-00 00:00:00','Date butoir','','cut-off date',0,1,'D',1,11,1,'date-butoir',12,1,NULL),(311,'2018-01-09 06:55:16','0000-00-00 00:00:00','Délit d\'initié','','illegal insider trading',0,1,'D',1,16,1,'dlit-diniti',23,1,NULL),(312,'2018-01-09 06:55:16','0000-00-00 00:00:00','Dénouement de transaction interne','','repayment of internal transaction',0,1,'D',1,34,1,'dnouement-de-transaction-interne',33,1,NULL),(313,'2018-01-09 06:55:16','0000-00-00 00:00:00','Dividende par action (dpa)','','dividend per share (DPS)',0,1,'D',1,26,1,'dividende-par-action-DPA',24,1,NULL),(314,'2018-01-09 06:55:16','0000-00-00 00:00:00','Emprunter des titres','','to borrow bonds',0,1,'E',1,20,1,'emprunter-des-titres',15,1,NULL),(315,'2018-01-09 06:55:16','0000-00-00 00:00:00','Encaissement d\'un coupon','','to cash a security',0,1,'E',1,24,1,'encaissement-dun-coupon',18,1,NULL),(316,'2018-01-09 06:55:16','0000-00-00 00:00:00','Fonds commun de placement','','investment fund / mutual fund / balanced fund',0,1,'F',1,25,1,'fonds-commun-de-placement',45,2,NULL),(317,'2018-01-09 06:55:16','0000-00-00 00:00:00','Fonds de roulement','','operating capital',0,1,'F',1,18,1,'fonds-de-roulement',17,1,NULL),(318,'2018-01-09 06:55:16','0000-00-00 00:00:00','Fonds spéculatif','','hedge fund',0,1,'F',1,17,1,'fonds-spculatif',10,1,NULL),(319,'2018-01-09 06:55:16','0000-00-00 00:00:00','Garçon à la bourse','','stock exchange attendant',0,1,'G',1,20,1,'garon--la-Bourse',24,1,NULL),(320,'2018-01-09 06:55:16','0000-00-00 00:00:00','Gestion comptable des opérations','','accounting management of operations',0,1,'G',1,33,1,'gestion-comptable-des-oprations',35,1,NULL),(321,'2018-01-09 06:55:16','0000-00-00 00:00:00','Grandes institutions financières mondiales','','large world financial institutions',0,1,'G',1,43,1,'grandes-institutions-financires-mondiales',34,1,NULL),(322,'2018-01-09 06:55:16','0000-00-00 00:00:00','Honoraire d\'émission','','issuing fee',0,1,'H',1,21,1,'honoraire-dmission',11,1,NULL),(323,'2018-01-09 06:55:16','0000-00-00 00:00:00','Immobilisation corporelle','','tangible asset',0,1,'I',1,25,1,'immobilisation-corporelle',14,1,NULL),(324,'2018-01-09 06:55:16','2018-01-09 12:41:13','Immobilisation incorporelle','','intangible asset',0,1,'I',1,27,1,'immobilisation-incorporelle',16,1,NULL),(325,'2018-01-09 06:55:16','0000-00-00 00:00:00','Impact fiscal','','fiscal impact',0,1,'I',1,13,1,'impact-fiscal',13,1,NULL),(326,'2018-01-09 06:55:16','0000-00-00 00:00:00','Instrument du marché monétaire','','instrument of the money market',0,1,'I',1,32,1,'instrument-du-march-montaire',30,1,NULL),(327,'2018-01-09 06:55:16','0000-00-00 00:00:00','Jouer en bourse','','to gamble on the Stock Exchange',0,1,'J',1,15,1,'jouer-en-bourse',31,1,NULL),(328,'2018-01-09 06:55:16','0000-00-00 00:00:00','La bourse monte/descend','','The market is going up / down',0,1,'L',1,23,1,'La-Bourse-montedescend',29,1,NULL),(329,'2018-01-09 06:55:16','0000-00-00 00:00:00','Livraison physique du titre','','physical delivery of the bond certificate',0,1,'L',1,27,1,'livraison-physique-du-titre',41,1,NULL),(330,'2018-01-09 06:55:16','0000-00-00 00:00:00','Loi de l\'offre et de la demande','','law of supply and demand',0,1,'L',1,31,1,'loi-de-loffre-et-de-la-demande',24,1,NULL),(331,'2018-01-09 06:55:16','0000-00-00 00:00:00','Marché à terme d\'instruments financiers','','financial futures market',0,1,'M',1,41,1,'march--terme-dinstruments-financiers',24,1,NULL),(332,'2018-01-09 06:55:16','0000-00-00 00:00:00','Marché au comptant','','spot market',0,1,'M',1,19,1,'march-au-comptant',11,1,NULL),(333,'2018-01-09 06:55:16','0000-00-00 00:00:00','Marché baissier / marché à la baisse','','bear market',0,1,'M',1,39,1,'march-baissier--march--la-baisse',11,1,NULL),(334,'2018-01-09 06:55:16','0000-00-00 00:00:00','Marché de devises','','currency market',0,1,'M',1,18,1,'march-de-devises',15,1,NULL),(335,'2018-01-09 06:55:16','0000-00-00 00:00:00','Marché de titres','','Bonds market',0,1,'M',1,17,1,'march-de-titres',12,1,NULL),(336,'2018-01-09 06:55:16','0000-00-00 00:00:00','Marché des matières premières','','commodity market',0,1,'M',1,32,1,'march-des-matires-premires',16,1,NULL),(337,'2018-01-09 06:55:16','0000-00-00 00:00:00','Marché des valeurs','','market for securities',0,1,'M',1,19,1,'march-des-valeurs',21,1,NULL),(338,'2018-01-09 06:55:16','0000-00-00 00:00:00','Marché domestique','','domestic market',0,1,'M',1,18,1,'march-domestique',15,1,NULL),(339,'2018-01-09 06:55:16','0000-00-00 00:00:00','Marché haussier / marché à la hausse','','bull market',0,1,'M',1,39,1,'march-haussier--march--la-hausse',11,1,NULL),(340,'2018-01-09 06:55:16','0000-00-00 00:00:00','Marché liquide','','liquid market',0,1,'M',1,15,1,'march-liquide',13,1,NULL),(341,'2018-01-09 06:55:16','0000-00-00 00:00:00','Marché maussade','','dull market',0,1,'M',1,16,1,'march-maussade',11,1,NULL),(342,'2018-01-09 06:55:16','0000-00-00 00:00:00','Marchés financiers','','financial markets',0,1,'M',1,19,1,'marchs-financiers',17,1,NULL),(343,'2018-01-09 06:55:16','2018-01-09 08:07:52','Marge bénéficiaire','','profit margin',0,1,'M',1,20,1,'marge-bnficiaire',13,1,NULL),(344,'2018-01-09 06:55:16','0000-00-00 00:00:00','Marge brute','','gross margin',0,1,'M',1,11,1,'marge-brute',12,1,NULL),(345,'2018-01-09 06:55:16','0000-00-00 00:00:00','Masse salariale','','total wages bill',0,1,'M',1,15,1,'masse-salariale',16,1,NULL),(346,'2018-01-09 06:55:16','0000-00-00 00:00:00','Membre de la bourse','','member of the stock exchange',0,1,'M',1,19,1,'membre-de-la-Bourse',28,1,NULL),(347,'2018-01-09 06:55:16','0000-00-00 00:00:00','Métal précieux','','precious metal',0,1,'M',1,16,1,'mtal-prcieux',14,1,NULL),(348,'2018-01-09 06:55:16','0000-00-00 00:00:00','Négociation transfrontalière de titres','','trans border / cross-border negotiation of bonds',0,1,'N',1,40,1,'ngociation-transfrontalire-de-titres',48,2,NULL),(349,'2018-01-09 06:55:16','0000-00-00 00:00:00','Nouvelle émission','','new emission',0,1,'N',1,18,1,'nouvelle-mission',12,1,NULL),(350,'2018-01-09 06:55:16','0000-00-00 00:00:00','Objectif d\'investissement','','investment objective',0,1,'O',1,25,1,'objectif-dinvestissement',20,1,NULL),(351,'2018-01-09 06:55:16','0000-00-00 00:00:00','Obligation à lots','','lottery premium bond / prize bond',0,1,'O',1,18,1,'obligation--lots',33,1,NULL),(352,'2018-01-09 06:55:16','0000-00-00 00:00:00','Obligation adossée à des actifs','','collateralised debt obligation',0,1,'O',1,33,1,'obligation-adosse--des-actifs',30,1,NULL),(353,'2018-01-09 06:55:16','2018-01-11 10:24:46','Obligation convertible','','convertible bond',0,1,'O',1,22,1,'obligation-convertible',16,1,NULL),(354,'2018-01-09 06:55:16','0000-00-00 00:00:00','Obligation domestique','','domestic bond',0,1,'O',1,21,1,'obligation-domestique',13,1,NULL),(355,'2018-01-09 06:55:16','0000-00-00 00:00:00','Obligation étrangère','','foreign bond',0,1,'O',1,22,1,'obligation-trangre',12,1,NULL),(356,'2018-01-09 06:55:16','0000-00-00 00:00:00','Obligation hypothécaire','','debenture bond',0,1,'O',1,24,1,'obligation-hypothcaire',14,1,NULL),(357,'2018-01-09 06:55:16','0000-00-00 00:00:00','Obligation industrielle','','industrial bond',0,1,'O',1,23,1,'obligation-industrielle',15,1,NULL),(358,'2018-01-09 06:55:16','0000-00-00 00:00:00','Opération des marchés','','market operations',0,1,'O',1,23,1,'opration-des-marchs',17,1,NULL),(359,'2018-01-09 06:55:16','0000-00-00 00:00:00','Particulier admis aux transactions','','stockjobber  / floor trader',0,1,'P',1,34,1,'particulier-admis-aux-transactions',27,1,NULL),(360,'2018-01-09 06:55:16','0000-00-00 00:00:00','Plan d\'options sur titres','','stock option plan',0,1,'P',1,25,1,'plan-doptions-sur-titres',17,1,NULL),(361,'2018-01-09 06:55:16','0000-00-00 00:00:00','Position de change','','spot position',0,1,'P',1,18,1,'position-de-change',13,1,NULL),(362,'2018-01-09 06:55:16','2018-01-10 05:20:49','Position de trésorerie','','cash position',0,1,'P',1,23,1,'position-de-trsorerie',13,1,NULL),(363,'2018-01-09 06:55:16','0000-00-00 00:00:00','Prix offert','','bid price',0,1,'P',1,11,1,'prix-offert',9,1,NULL),(364,'2018-01-09 06:55:16','0000-00-00 00:00:00','Publications financières','','financial publications',0,1,'P',1,25,1,'publications-financires',22,1,NULL),(365,'2018-01-09 06:55:16','0000-00-00 00:00:00','Ratio réglementaire','','regulatory ratio',0,1,'R',1,20,1,'ratio-rglementaire',16,1,NULL),(366,'2018-01-09 06:55:16','0000-00-00 00:00:00','Remboursable à la parité','','redeemable at par',0,1,'R',1,26,1,'remboursable--la-parit',17,1,NULL),(367,'2018-01-09 06:55:16','0000-00-00 00:00:00','Salle de la bourse','','exchange hall / floor',0,1,'S',1,18,1,'salle-de-la-Bourse',21,1,NULL),(368,'2018-01-09 06:55:16','0000-00-00 00:00:00','Société actionnaire du groupe','','shareholding company of the group',0,1,'S',1,31,1,'socit-actionnaire-du-groupe',33,1,NULL),(369,'2018-01-09 06:55:16','0000-00-00 00:00:00','Suivre la performance','','to monitor the performance',0,1,'S',1,21,1,'suivre-la-performance',26,1,NULL),(370,'2018-01-09 06:55:16','0000-00-00 00:00:00','Taux (de l\'argent) sans risque','','risk free rate',0,1,'T',1,30,1,'taux-de-largent-sans-risque',14,1,NULL),(371,'2018-01-09 06:55:16','0000-00-00 00:00:00','Taux de rendement courant','','current yield',0,1,'T',1,25,1,'taux-de-rendement-courant',13,1,NULL),(372,'2018-01-09 06:55:16','0000-00-00 00:00:00','Taux de rentabilité interne (tri)','','internal rate of return (IRR)',0,1,'T',1,34,1,'taux-de-rentabilit-interne-TRI',29,1,NULL),(373,'2018-01-09 06:55:16','0000-00-00 00:00:00','Titre adossé à des actifs','','asset-backed security (ABS)',0,1,'T',1,27,1,'titre-adoss--des-actifs',27,1,NULL),(374,'2018-01-09 06:55:16','0000-00-00 00:00:00','Valeur actuelle nette (van)','','net present value (NPV)',0,1,'V',1,27,1,'valeur-actuelle-nette-VAN',23,1,NULL),(375,'2018-01-09 06:55:16','0000-00-00 00:00:00','Valeur de premier ordre','','blue chip',0,1,'V',1,23,1,'valeur-de-premier-ordre',9,1,NULL),(376,'2018-01-09 06:55:16','0000-00-00 00:00:00','Vente de titres','','selling of bonds',0,1,'V',1,15,1,'vente-de-titres',16,1,NULL),(377,'2018-01-09 06:55:16','0000-00-00 00:00:00','Accord de participation aux bénéfices','','profit share agreement',0,1,'A',1,39,1,'accord-de-participation-aux-bnfices',22,1,NULL),(378,'2018-01-09 06:55:16','0000-00-00 00:00:00','Actifs incorporel / corporels','','intangible / tangible assets',0,1,'A',1,29,1,'actifs-incorporel--corporels',28,1,NULL),(379,'2018-01-09 06:55:16','2018-01-09 06:55:16','Activité non rentable','','under-performing business',0,1,'A',1,22,1,'activit-non-rentable',25,1,NULL),(380,'2018-01-09 06:55:16','0000-00-00 00:00:00','Aide-comptable','','book-keeper',0,1,'A',1,14,1,'aide-comptable',11,1,NULL),(381,'2018-01-09 06:55:16','0000-00-00 00:00:00','Allouer un budget','','to allocate a budget',0,1,'A',1,17,1,'allouer-un-budget',20,1,NULL),(382,'2018-01-09 06:55:16','2018-01-11 12:46:31','Amélioration continue','','continuous improvement',0,1,'A',1,22,1,'amlioration-continue',22,1,NULL),(383,'2018-01-09 06:55:16','0000-00-00 00:00:00','Amélioration opérationnelle','','operational improvement',0,1,'A',1,29,1,'amlioration-oprationnelle',23,1,NULL),(384,'2018-01-09 06:55:16','0000-00-00 00:00:00','Analyse de l\'écart','','gap analysis',0,1,'A',1,19,1,'analyse-de-lcart',12,1,NULL),(385,'2018-01-09 06:55:16','2018-01-09 08:30:57','Analyse de résultats','','analysis of the results',0,1,'A',1,21,1,'analyse-de-rsultats',23,1,NULL),(386,'2018-01-09 06:55:16','0000-00-00 00:00:00','Année exceptionnelle','','outstanding year',0,1,'A',1,21,1,'anne-exceptionnelle',16,1,NULL),(387,'2018-01-09 06:55:16','0000-00-00 00:00:00','Audit des procédures','','review of procedures',0,1,'A',1,21,1,'audit-des-procdures',20,1,NULL),(388,'2018-01-09 06:55:16','0000-00-00 00:00:00','Audit informatique','','computer audit',0,1,'A',1,18,1,'audit-informatique',14,1,NULL),(389,'2018-01-09 06:55:16','0000-00-00 00:00:00','Avoir des résultats au-dessous de la norme','','to underperform',0,1,'A',1,43,1,'avoir-des-rsultats-au-dessous-de-la-norme',15,1,NULL),(390,'2018-01-09 06:55:16','0000-00-00 00:00:00','Banque d\'investissement','','investment banking',0,1,'B',1,23,1,'banque-dinvestissement',18,1,NULL),(391,'2018-01-09 06:55:16','0000-00-00 00:00:00','Bilan des points forts et des faiblesses','','appraisal of weak and strong points',0,1,'B',1,40,1,'bilan-des-points-forts-et-des-faiblesses',35,1,NULL),(392,'2018-01-09 06:55:16','0000-00-00 00:00:00','Capital assuré','','face value',0,1,'C',1,15,1,'capital-assur',10,1,NULL),(393,'2018-01-09 06:55:16','0000-00-00 00:00:00','Capital d\'exploitation','','operating capital',0,1,'C',1,22,1,'capital-dexploitation',17,1,NULL),(394,'2018-01-09 06:55:16','0000-00-00 00:00:00','Chiffre d\'affaires annuel','','annual turnover',0,1,'C',1,25,1,'chiffre-daffaires-annuel',15,1,NULL),(395,'2018-01-09 06:55:16','0000-00-00 00:00:00','Clôture mensuelle des comptes','','monthly account closing',0,1,'C',1,30,1,'clture-mensuelle-des-comptes',23,1,NULL),(396,'2018-01-09 06:55:16','0000-00-00 00:00:00','Collectivités territoriales','','local government bodies',0,1,'C',1,28,1,'collectivits-territoriales',23,1,NULL),(397,'2018-01-09 06:55:16','0000-00-00 00:00:00','Commissaire aux comptes','','statutory auditor',0,1,'C',1,23,1,'commissaire-aux-comptes',17,1,NULL),(398,'2018-01-09 06:55:16','0000-00-00 00:00:00','Conclure un accord','','to clinch/close a deal',0,1,'C',1,18,1,'conclure-un-accord',22,1,NULL),(399,'2018-01-09 06:55:16','0000-00-00 00:00:00','Conseiller en gestion','','management consultant',0,1,'C',1,21,1,'conseiller-en-gestion',21,1,NULL),(400,'2018-01-09 06:55:16','0000-00-00 00:00:00','Contrôle de l\'administration fiscale','','tax examination',0,1,'C',1,37,1,'contrle-de-ladministration-fiscale',15,1,NULL),(401,'2018-01-09 06:55:16','2018-01-09 06:55:16','Contrôler les performances et les résultats','','to monitor performance and results',0,1,'C',1,45,2,'contrler-les-performances-et-les-rsultats',34,1,NULL),(402,'2018-01-09 06:55:16','2018-01-10 10:13:20','Coûts directs','','direct costs',0,1,'C',1,14,1,'cots-directs',12,1,NULL),(403,'2018-01-09 06:55:16','0000-00-00 00:00:00','Coûts indirects de production','','manufacturing overhead costs',0,1,'C',1,30,1,'cots-indirects-de-production',28,1,NULL),(404,'2018-01-09 06:55:16','0000-00-00 00:00:00','Coûts indirects de ventes','','selling overhead costs',0,1,'C',1,26,1,'cots-indirects-de-ventes',22,1,NULL),(405,'2018-01-09 06:55:16','0000-00-00 00:00:00','Coûts standards','','standard costs',0,1,'C',1,16,1,'cots-standards',14,1,NULL),(406,'2018-01-09 06:55:16','2018-01-10 10:13:20','Coûts variables','','variable costs',0,1,'C',1,16,1,'cots-variables',14,1,NULL),(407,'2018-01-09 06:55:16','0000-00-00 00:00:00','Délais impartis','','time limits',0,1,'D',1,16,1,'dlais-impartis',11,1,NULL),(408,'2018-01-09 06:55:16','0000-00-00 00:00:00','Dépenses d\'entretien','','maintenance expenses',0,1,'D',1,21,1,'dpenses-dentretien',20,1,NULL),(409,'2018-01-09 06:55:16','2018-01-09 06:55:16','Dépenses engagées','','expenses incurred',0,1,'D',1,19,1,'dpenses-engages',17,1,NULL),(410,'2018-01-09 06:55:16','0000-00-00 00:00:00','Dettes fournisseurs','','suppliers\' debt',0,1,'D',1,19,1,'dettes-fournisseurs',15,1,NULL),(411,'2018-01-09 06:55:16','0000-00-00 00:00:00','Ecarts de coûts','écarts de coûts','costs variances',0,1,'E',1,16,1,'carts-de-cots',15,1,NULL),(412,'2018-01-09 06:55:16','0000-00-00 00:00:00','Ecarts de volume','écarts de volume','volume variances',0,1,'E',1,16,1,'carts-de-volume',16,1,NULL),(413,'2018-01-09 06:55:16','0000-00-00 00:00:00','Elaboration de budget','élaboration de budget','budgeting process',0,1,'E',1,21,1,'laboration-de-budget',17,1,NULL),(414,'2018-01-09 06:55:16','0000-00-00 00:00:00','Entreprise publique','','public corporation',0,1,'E',1,19,1,'entreprise-publique',18,1,NULL),(415,'2018-01-09 06:55:16','0000-00-00 00:00:00','Etablissement des comptes annuels','établissement des comptes annuels','compilation of the annual accounts',0,1,'E',1,33,1,'tablissement-des-comptes-annuels',34,1,NULL),(416,'2018-01-09 06:55:16','0000-00-00 00:00:00','Evolution des marchés','évolution des marchés','market growth/evolution',0,1,'E',1,22,1,'volution-des-marchs',23,1,NULL),(417,'2018-01-09 06:55:16','0000-00-00 00:00:00','Examen de la situation financière','','balance sheet audit',0,1,'E',1,34,1,'examen-de-la-situation-financire',19,1,NULL),(418,'2018-01-09 06:55:16','0000-00-00 00:00:00','Excédent net d\'exploitation','','net operating surplus',0,1,'E',1,28,1,'excdent-net-dexploitation',21,1,NULL),(419,'2018-01-09 06:55:16','0000-00-00 00:00:00','Expert comptable','','chartered accountant',0,1,'E',1,16,1,'expert-comptable',20,1,NULL),(420,'2018-01-09 06:55:16','0000-00-00 00:00:00','Facteur de capitalisation','','interest factor',0,1,'F',1,25,1,'facteur-de-capitalisation',15,1,NULL),(421,'2018-01-09 06:55:16','0000-00-00 00:00:00','Faire faillite','','to go bankrupt',0,1,'F',1,14,1,'faire-faillite',14,1,NULL),(422,'2018-01-09 06:55:16','2018-01-10 05:13:07','Fonds d\'investissement','','investment funds',0,1,'F',1,22,1,'fonds-dinvestissement',16,1,NULL),(423,'2018-01-09 06:55:16','2018-01-10 10:09:24','Frais administratifs','','administrative expenses',0,1,'F',1,20,1,'frais-administratifs',23,1,NULL),(424,'2018-01-09 06:55:16','0000-00-00 00:00:00','Frais commerciaux','','commercial expenses',0,1,'F',1,17,1,'frais-commerciaux',19,1,NULL),(425,'2018-01-09 06:55:16','0000-00-00 00:00:00','Frais de personnel','','personnel costs / staff expenses',0,1,'F',1,18,1,'frais-de-personnel',32,1,NULL),(426,'2018-01-09 06:55:16','0000-00-00 00:00:00','Frais de siège','','head office expenses',0,1,'F',1,15,1,'frais-de-sige',20,1,NULL),(427,'2018-01-09 06:55:16','0000-00-00 00:00:00','Frais généraux','','overhead expenditures',0,1,'F',1,16,1,'frais-gnraux',21,1,NULL),(428,'2018-01-09 06:55:16','0000-00-00 00:00:00','Frais généraux incompressibles','','fixed charges / standing charges',0,1,'F',1,32,1,'frais-gnraux-incompressibles',32,1,NULL),(429,'2018-01-09 06:55:16','2018-01-09 06:55:16','Frais supplémentaires','','additional charges',0,1,'F',1,22,1,'frais-supplmentaires',18,1,NULL),(430,'2018-01-09 06:55:16','0000-00-00 00:00:00','Garanties subsidiaires','','additional agreements',0,1,'G',1,22,1,'garanties-subsidiaires',21,1,NULL),(431,'2018-01-09 06:55:16','0000-00-00 00:00:00','Gestion d\'actifs','','asset management',0,1,'G',1,16,1,'gestion-dactifs',16,1,NULL),(432,'2018-01-09 06:55:16','0000-00-00 00:00:00','Gestion de stock','','stock management',0,1,'G',1,16,1,'gestion-de-stock',16,1,NULL),(433,'2018-01-09 06:55:16','0000-00-00 00:00:00','Gestion des risques','','assessment of risk',0,1,'G',1,19,1,'gestion-des-risques',18,1,NULL),(434,'2018-01-09 06:55:16','0000-00-00 00:00:00','Grande entreprise','','major corporation',0,1,'G',1,17,1,'grande-entreprise',17,1,NULL),(435,'2018-01-09 06:55:16','0000-00-00 00:00:00','Identifier la rentabilité','','to measure the profitability',0,1,'I',1,26,1,'identifier-la-rentabilit',28,1,NULL),(436,'2018-01-09 06:55:16','0000-00-00 00:00:00','Impératifs de gestion','','constraints of management',0,1,'I',1,22,1,'impratifs-de-gestion',25,1,NULL),(437,'2018-01-09 06:55:16','2018-01-10 05:13:07','Marge bénéficiaire nette','','net profit margin',0,1,'M',1,26,1,'marge-bnficiaire-nette',17,1,NULL),(438,'2018-01-09 06:55:16','0000-00-00 00:00:00','Marge brut d\'autofinancement','','cash flow/funds from operation',0,1,'M',1,28,1,'marge-brut-dautofinancement',30,1,NULL),(439,'2018-01-09 06:55:16','2018-01-11 13:11:45','Modalités de paiement','','terms of payment',0,1,'M',1,22,1,'modalits-de-paiement',16,1,NULL),(440,'2018-01-09 06:55:16','0000-00-00 00:00:00','Moins-value','','capital loss',0,1,'M',1,11,1,'moins-value',12,1,NULL),(441,'2018-01-09 06:55:16','0000-00-00 00:00:00','Montant/somme globale','','aggregate amount',0,1,'M',1,21,1,'montantsomme-globale',16,1,NULL),(442,'2018-01-09 06:55:16','0000-00-00 00:00:00','Obtenir des gains de productivité','','to obtain productivity gains',0,1,'O',1,34,1,'obtenir-des-gains-de-productivit',28,1,NULL),(443,'2018-01-09 06:55:16','2018-01-11 10:24:46','Part de marché','','market share',0,1,'P',1,15,1,'part-de-march',12,1,NULL),(444,'2018-01-09 06:55:16','2018-01-09 11:24:18','Participation aux bénéfices','','participation in profits',0,1,'P',1,29,1,'participation-aux-bnfices',24,1,NULL),(445,'2018-01-09 06:55:16','0000-00-00 00:00:00','Performance à long terme','','long term performance',0,1,'P',1,25,1,'performance--long-terme',21,1,NULL),(446,'2018-01-09 06:55:16','2018-01-09 06:55:16','Perte partielle','','partial loss',0,1,'P',1,15,1,'perte-partielle',12,1,NULL),(447,'2018-01-09 06:55:16','2018-01-09 06:55:16','Perte totale','','total loss',0,1,'P',1,12,1,'perte-totale',10,1,NULL),(448,'2018-01-09 06:55:16','0000-00-00 00:00:00','Prévision logistique','','logistic forecast',0,1,'P',1,21,1,'prvision-logistique',17,1,NULL),(449,'2018-01-09 06:55:16','0000-00-00 00:00:00','Prévisions à 3 mois','','3-month forecast estimates',0,1,'P',1,21,1,'prvisions---mois',26,1,NULL),(450,'2018-01-09 06:55:16','0000-00-00 00:00:00','Prévisions annuelles','','annual forecasts',0,1,'P',1,21,1,'prvisions-annuelles',16,1,NULL),(451,'2018-01-09 06:55:16','0000-00-00 00:00:00','Prix de revient','','cost price',0,1,'P',1,15,1,'prix-de-revient',10,1,NULL),(452,'2018-01-09 06:55:16','0000-00-00 00:00:00','Processus de provisionnement des garanties','','guarantee providing system',0,1,'P',1,42,1,'processus-de-provisionnement-des-garanties',26,1,NULL),(453,'2018-01-09 06:55:16','0000-00-00 00:00:00','Production vendue','','sold output/production',0,1,'P',1,17,1,'production-vendue',22,1,NULL),(454,'2018-01-09 06:55:16','2018-01-11 13:05:39','Rapport de gestion','','management report',0,1,'R',1,18,1,'rapport-de-gestion',17,1,NULL),(455,'2018-01-09 06:55:16','0000-00-00 00:00:00','Restructuration post-fusion','','post-merger restructuring',0,1,'R',1,27,1,'restructuration-post-fusion',25,1,NULL),(456,'2018-01-09 06:55:16','2018-01-11 10:24:46','Résultat d\'exploitation','','operating income',0,1,'R',1,24,1,'rsultat-dexploitation',16,1,NULL),(457,'2018-01-09 06:55:16','2018-01-10 09:52:16','Retour sur investissement','','return on investment',0,1,'R',1,25,1,'retour-sur-investissement',20,1,NULL),(458,'2018-01-09 06:55:16','0000-00-00 00:00:00','Risques divers','','miscellaneous expenses',0,1,'R',1,14,1,'risques-divers',22,1,NULL),(459,'2018-01-09 06:55:16','0000-00-00 00:00:00','Se développer sur un marché','','to grow on a market',0,1,'S',1,29,1,'se-dvelopper-sur-un-march',19,1,NULL),(460,'2018-01-09 06:55:16','0000-00-00 00:00:00','Service comptabilité','','accountancy department',0,1,'S',1,21,1,'service-comptabilit',22,1,NULL),(461,'2018-01-09 06:55:16','0000-00-00 00:00:00','Société par actions','','joint-stock company',0,1,'S',1,21,1,'socit-par-actions',19,1,NULL),(462,'2018-01-09 06:55:16','0000-00-00 00:00:00',' l\'arrivée de la cargaison au port de débarquement, les autorités douanières ont mis sous scellés les  marchandises dont les caisses n\'étaient pas conformes aux normes exigées.','À l\'arrivée de la cargaison au port de débarquement, les autorités douanières ont mis sous scellés les  marchandises dont les caisses n\'étaient pas conformes aux normes exigées.','On arrival at the port of entry, local customs officials impounded the disembarked cargo because the crates were non-standard.',0,1,'A',1,183,5,'-larrive-de-la-cargaison-au-port-de-dbarquement-les-autorits-douanires-ont-mis-sous-scells-les--marchandises-dont-les-caisses-ntaient-pas-conformes-aux-normes-exiges',126,3,NULL),(463,'2018-01-09 06:55:16','0000-00-00 00:00:00','Afin d\'honorer la date de livraison prévue, nous avons réemballé/mis les produits dans de nouvelles caisses. toutefois, nous devons vous aviser des frais supplémentaires qui en découlent. cordialement,','','In view of the fact that your goods must meet a strict delivery deadline we have proceeded with recrating but must warn you of the additional expenses incurred. Sincerely,',0,1,'A',1,206,5,'Afin-dhonorer-la-date-de-livraison-prvue-nous-avons-remballmis-les-produits-dans-de-nouvelles-caisses-Toutefois-nous-devons-vous-aviser-des-frais-supplmentaires-qui-en-dcoulent-Cordialement',171,4,NULL),(464,'2018-01-09 06:55:16','2018-01-11 12:41:02','Certains des articles présentés pourraient être utilisés dans nos procédés de fabrication.','','Some of the items presented could be of use in our own manufacturing processes.',0,1,'C',1,96,3,'Certains-des-articles-prsents-pourraient-tre-utiliss-dans-nos-procds-de-fabrication',79,2,NULL),(465,'2018-01-09 06:55:16','0000-00-00 00:00:00','Cher m. crane merci de nous avoir informé des dommages survenus à votre lot [numéro d\'inventaire]. avec nos anciennes transactions, vous avez dû vous rendre compte que ce genre de problème est assez inhabituel. cela dit, nous nous excusons des désag','','Dear Mr. Crane Thank you for informing us about the damage to our consignment [Inv. No ]. From our previous transactions you will realize that this sort of problem is quite unusual. Nevertheless, we are sorry about the inconvenience it has caused you.',0,1,'C',1,255,6,'Cher-M-Crane-Merci-de-nous-avoir-inform-des-dommages-survenus--votre-lot-numro-dinventaire-Avec-nos-anciennes-transactions-vous-avez-d-vous-rendre-compte-que-ce-genre-de-problme-est-assez-inhabituel-Cela-dit-nous-nous-excusons-des-dsagrments-que-cela-a-pu',251,6,NULL),(466,'2018-01-09 06:55:16','0000-00-00 00:00:00','Cher m. crane,  \nnous avons le plaisir de vous informer que nous avons expédié sur le ss marconissa la commande ci-dessus. vous devrez la recevoir dans les 10 prochains jours.','','Dear Mr. Crane, \nWe are pleased to tell you that the above order has been shipped on the SS Marconissa and should reach you in the next 10 days.',0,1,'C',1,177,5,'Cher-M-Crane--nNous-avons-le-plaisir-de-vous-informer-que-nous-avons-expdi-sur-le-SS-Marconissa-la-commande-ci-dessus-Vous-devrez-la-recevoir-dans-les--prochains-jours',144,4,NULL),(467,'2018-01-09 06:55:16','0000-00-00 00:00:00','Dans cette attente, nous vous prions de croire à l\'assurance de nos sentiments les meilleurs.','','Sincerely, / We\'re looking forward to your reply Best regards/Yours sincerely',0,1,'D',1,94,3,'Dans-cette-attente-nous-vous-prions-de-croire--lassurance-de-nos-sentiments-les-meilleurs',77,2,NULL),(468,'2018-01-09 06:55:16','0000-00-00 00:00:00','En raison d\'une forte demande pour les ventilateurs en cette période de l\'année, veuillez prévoir au moins six semaines pour la livraison.','','As there is a heavy demand for fans at this time of year, please allow at least six weeks for delivery.',0,1,'E',1,141,4,'En-raison-dune-forte-demande-pour-les-ventilateurs-en-cette-priode-de-lanne-veuillez-prvoir-au-moins-six-semaines-pour-la-livraison',103,3,NULL),(469,'2018-01-09 06:55:16','0000-00-00 00:00:00','En référence à ma lettre du 10 août, veuillez trouver ci-jointes les factures en copie de votre relevé du mois de juin, dont le solde n\'est toujours pas réglé.','','With reference to my letter of 10 August, l enclose copy invoices which made up your June statement, the balance of which still remains outstanding.',0,1,'E',1,166,4,'En-rfrence--ma-lettre-du--aot-veuillez-trouver-ci-jointes-les-factures-en-copie-de-votre-relev-du-mois-de-juin-dont-le-solde-nest-toujours-pas-rgl',148,4,NULL),(470,'2018-01-09 06:55:16','0000-00-00 00:00:00','En réponse à votre demande de renseignements, nous vous prions de trouver, ci-jointe, la documentation sur les produits qui vous intéressent.','','In reply to your inquiry, we are pleased to enclose literature on the products which interest you.',0,1,'E',1,144,4,'En-rponse--votre-demande-de-renseignements-nous-vous-prions-de-trouver-ci-jointe-la-documentation-sur-les-produits-qui-vous-intressent',98,3,NULL),(471,'2018-01-09 06:55:16','0000-00-00 00:00:00','En réponse à votre demande renseignements, je vous prie de trouver ci-jointes nos conditions habituelles de paiement en ce qui concerne le règlement des commandes à l\'étranger.','','Thank you for your inquiry. Please find below our usual terms of settlement for foreign orders.',0,1,'E',1,181,5,'En-rponse--votre-demande-renseignements-je-vous-prie-de-trouver-ci-jointes-nos-conditions-habituelles-de-paiement-en-ce-qui-concerne-le-rglement-des-commandes--ltranger',95,3,NULL),(472,'2018-01-09 06:55:16','0000-00-00 00:00:00','En réponse à votre lettre du 10 mars, nous avons le plaisir de vous adresser notre dernier catalogue. il contient l\'ensemble de notre gamme actuelle et les pages 9 à 12 présentent les modèles qui vous intéressent.','','In reply to your letter of 10 March we are pleased to enclose our latest catalogue. It features the complete range of our current lines. The models you are interested in are presented on pages 9 to 12.',0,1,'E',1,219,5,'En-rponse--votre-lettre-du--mars-nous-avons-le-plaisir-de-vous-adresser-notre-dernier-catalogue-Il-contient-lensemble-de-notre-gamme-actuelle-et-les-pages----prsentent-les-modles-qui-vous-intressent',201,5,NULL),(473,'2018-01-09 06:55:16','0000-00-00 00:00:00','En vous remerciant de votre intérêt pour nos produits, nous vous prions d\'agréer, monsieur, nos sincères salutations.','','Thank you for your interest in our products, Sincerely,',0,1,'E',1,121,3,'En-vous-remerciant-de-votre-intrt-pour-nos-produits-nous-vous-prions-dagrer-Monsieur-nos-sincres-salutations',55,2,NULL),(474,'2018-01-09 06:55:16','0000-00-00 00:00:00','Le catalogue que nous avons envoyé en pièce jointe vous donnera un aperçu du type de matériel de sonorisation que nous fabriquons, mais nous vous suggérons de visiter les showrooms de nos représentants à rotterdam où vous pourrez voir un large év','','The enclosed catalogue will give you an idea of the type of sound equipment we produce, but may we suggest that you also visit our agent’s showrooms in Rotterdam where you can see a wide range of units? The address is…',0,1,'L',1,255,6,'Le-catalogue-que-nous-avons-envoy-en-pice-jointe-vous-donnera-un-aperu-du-type-de-matriel-de-sonorisation-que-nous-fabriquons-mais-nous-vous-suggrons-de-visiter-les-showrooms-de-nos-reprsentants--Rotterdam-o-vous-pourrez-voir-un-large-ventail-dappareils-L',222,6,NULL),(475,'2018-01-09 06:55:16','0000-00-00 00:00:00','Le devis ci-joint couvre la main-d\'œuvre et les pièces avec une garantie de six mois sur tous les travaux accomplis.','','The enclosed estimate covers Labour and Parts and carries a six-month guarantee on all work completed.',0,1,'L',1,118,3,'Le-devis-ci-joint-couvre-la-main-duvre-et-les-pices-avec-une-garantie-de-six-mois-sur-tous-les-travaux-accomplis',102,3,NULL),(476,'2018-01-09 06:55:16','0000-00-00 00:00:00','Le paiement s\'effectue généralement par virement bancaire dans les trente jours suivant la réception du relevé. dès que votre banque nous aura confirmé le virement de fonds, nous préparerons immédiatement l\'expédition de votre commande, en attend','','The usual method of payment is by bank transfer within 30 days of receipt of statement. As soon as  we receive confirmation of credit  transfer from your bank, we will immediately  prepare your order for  shipment, while awaiting dispatching instructions',0,1,'L',1,255,6,'Le-paiement-seffectue-gnralement-par-virement-bancaire-dans-les-trente-jours-suivant-la-rception-du-relev-Ds-que-votre-banque-nous-aura-confirm-le-virement-de-fonds-nous-prparerons-immdiatement-lexpdition-de-votre-commande-en-attendant-les-instructions',254,6,NULL),(477,'2018-01-09 06:55:16','0000-00-00 00:00:00','Le prix net de cet article est de 100,00 £ auquel il faut ajouter la tva de 17,5 % donnant un prix brut de …£','','The net price of this article is £100.00, to which VAT must be added at 17.5%, making a gross price of £ …',0,1,'L',1,113,3,'Le-prix-net-de-cet-article-est-de---auquel-il-faut-ajouter-la-TVA-de---donnant-un-prix-brut-de-',110,3,NULL),(478,'2018-01-09 06:55:16','0000-00-00 00:00:00','Les marchandises vous seront remises uniquement lorsqu\'elles seront remballées et après paiement des frais spéciaux prélevés sur les articles à redédouaner.','','The goods will be released only when they are repacked and after payment of a  special fee imposed for shipments which are resubmitted for clearance.',0,1,'L',1,163,4,'Les-marchandises-vous-seront-remises-uniquement-lorsquelles-seront-remballes-et-aprs-paiement-des-frais-spciaux-prlevs-sur-les-articles--reddouaner',149,4,NULL),(479,'2018-01-09 06:55:16','0000-00-00 00:00:00','M\'accorderiez-vous 60 jours supplémentaires pour régulariser ma situation, et établir une nouvelle facture en mon nom, avec un intérêt de 6 % par exemple ajouté en raison du délai supplémentaire ? je vous serais reconnaissant de bien vouloir m\'aid','','Could you allow me a further 60 days to clear my account, and draw a new bill on me, with interest of, say, 6% added for the extension of time? I would be most grateful if you could help me in this matter.',0,1,'M',1,255,6,'Maccorderiez-vous--jours-supplmentaires-pour-rgulariser-ma-situation-et-tablir-une-nouvelle-facture-en-mon-nom-avec-un-intrt-de---par-exemple-ajout-en-raison-du-dlai-supplmentaire--Je-vous-serais-reconnaissant-de-bien-vouloir-maider--ce-sujet',205,5,NULL),(480,'2018-01-09 06:55:16','0000-00-00 00:00:00','Nous accusons réception de votre lettre de change pour le montant de votre dernier relevé de compte. avec l\'espoir de toujours vous compter parmi nos clients, nous vous prions de croire, monsieur, en l\'expression de nos sentiments dévoués.','','We are pleased to confirm receipt of your Bill of Exchange for the amount shown on your last statement.We hope to have the pleasure of doing business with you again. Sincerely,',0,1,'N',1,243,6,'Nous-accusons-rception-de-votre-lettre-de-change-pour-le-montant-de-votre-dernier-relev-de-compte-Avec-lespoir-de-toujours-vous-compter-parmi-nos-clients-nous-vous-prions-de-croire-Monsieur-en-lexpression-de-nos-sentiments-dvous',176,4,NULL),(481,'2018-01-09 06:55:16','2018-01-11 12:41:02','Nous avons bien reçu votre brochure présentant les nouveaux produits de votre gamme.','','We have received your brochure introducing the new products in your line.',0,1,'N',1,86,2,'Nous-avons-bien-reu-votre-brochure-prsentant-les-nouveaux-produits-de-votre-gamme',73,2,NULL),(482,'2018-01-09 06:55:16','0000-00-00 00:00:00','Nous avons le regret de vous annoncer que nous ne produisons plus le type d\'agrafeuse auquel vous faites référence, car la demande n\'est pas suffisante. nous sommes navrés de ne pas pouvoir vous aider.','','I regret to say that we no longer produce the type of stapler you refer to as there is no longer sufficient demand for it. l am sorry we cannot help you.',0,1,'N',1,204,5,'Nous-avons-le-regret-de-vous-annoncer-que-nous-ne-produisons-plus-le-type-dagrafeuse-auquel-vous-faites-rfrence-car-la-demande-nest-pas-suffisante-Nous-sommes-navrs-de-ne-pas-pouvoir-vous-aider',153,4,NULL),(483,'2018-01-09 06:55:16','0000-00-00 00:00:00','Nous envoyons en joint notre catalogue d\'été qui n\'est malheureusement publiée qu\'en anglais. toutefois, nous avons ajouté une traduction en allemand pour les pages pertinentes () et nous espérons qu\'elles vous seront utiles.','','We enclose our summer catalogue, which unfortunately is only published in English. However, we have included a German translation for the relevant pages ( ) and hope this will prove helpful.',0,1,'N',1,230,6,'Nous-envoyons-en-joint-notre-catalogue-dt-qui-nest-malheureusement-publie-quen-anglais-Toutefois-nous-avons-ajout-une-traduction-en-allemand-pour-les-pages-pertinentes--et-nous-esprons-quelles-vous-seront-utiles',190,5,NULL),(484,'2018-01-09 06:55:16','0000-00-00 00:00:00','Nous espérons avoir de vos nouvelles bientôt. veuillez agréer nos salutations distinguées.','','We hope to hear from you soon. Yours faithfully,',0,1,'N',1,94,3,'Nous-esprons-avoir-de-vos-nouvelles-bientt-Veuillez-agrer-nos-salutations-distingues',48,2,NULL),(485,'2018-01-09 06:55:16','0000-00-00 00:00:00','Nous fabriquons le produit que vous demandez, mais nous ne traitons qu\'avec des grossistes et non avec des détaillants. nous vous proposons par conséquent de contacter notre agent r. l. depré sa, rue montpellier 28, paris','','We manufacture the product you require, but we only deal with wholesalers, not retailers. Therefore, I suggest you contact our agent, R. L. Depré SA, rue Montpellier 28, Paris',0,1,'N',1,224,6,'Nous-fabriquons-le-produit-que-vous-demandez-mais-nous-ne-traitons-quavec-des-grossistes-et-non-avec-des-dtaillants-Nous-vous-proposons-par-consquent-de-contacter-notre-agent-R-L-Depr-SA-rue-Montpellier--Paris',176,4,NULL),(486,'2018-01-09 06:55:16','0000-00-00 00:00:00','Nous nous ferons un plaisir de vous fournir toute autre information dont vous pourrez avoir besoin sur les produits et les prix','','We will be happy to supply any additional information you may require about products and prices.',0,1,'N',1,127,3,'Nous-nous-ferons-un-plaisir-de-vous-fournir-toute-autre-information-dont-vous-pourrez-avoir-besoin-sur-les-produits-et-les-prix',96,3,NULL),(487,'2018-01-09 06:55:16','0000-00-00 00:00:00','Nous offrons un escompte de 3 % pour paiement dans un délai d\'un mois.','','We allow a 3% cash discount for payment within one month.',0,1,'N',1,71,2,'Nous-offrons-un-escompte-de---pour-paiement-dans-un-dlai-dun-mois',57,2,NULL),(488,'2018-01-09 06:55:16','0000-00-00 00:00:00','Nous pouvons livrer les produits à partir du stock et nous n\'aurons aucun mal à respecter votre délai de livraison.','','We can supply from stock and will have no trouble in meeting your delivery date.',0,1,'N',1,118,3,'Nous-pouvons-livrer-les-produits--partir-du-stock-et-nous-naurons-aucun-mal--respecter-votre-dlai-de-livraison',80,2,NULL),(489,'2018-01-09 06:55:16','0000-00-00 00:00:00','Nous pouvons vous assurer que l\'alpha 2000 est l\'une des machines les plus exceptionnelles du marché et sa fiabilité est renforcée par notre garantie de cinq ans.','','We can assure you that the Alpha 2000 is one of the most outstanding machines on the market, and our conï¬dence in it is supported by our ï¬ve-year guarantee.',0,1,'N',1,165,4,'Nous-pouvons-vous-assurer-que-lAlpha--est-lune-des-machines-les-plus-exceptionnelles-du-march-et-sa-fiabilit-est-renforce-par-notre-garantie-de-cinq-ans',160,4,NULL),(490,'2018-01-09 06:55:16','0000-00-00 00:00:00','Nous serons ravis d\'organiser une visite et une démonstration avec notre représentant, car la brochure que nous avons envoyée en pièce jointe ne témoigne pas de la réelle efficacité du système. si vous êtes intéressé par une visite, veuillez re','','As the enclosed booklet cannot really show the efficiency of this system, we would be happy to arrange for our representative to visit you and give a demonstration. If you are interested in a visit, please ï¬ll in the enclosed pre-paid card and return it',0,1,'N',1,255,6,'Nous-serons-ravis-dorganiser-une-visite-et-une-dmonstration-avec-notre-reprsentant-car-la-brochure-que-nous-avons-envoye-en-pice-jointe-ne-tmoigne-pas-de-la-relle-efficacit-du-systme-Si-vous-tes-intress-par-une-visite-veuillez-remplir-la-carte-prpaye-envo',255,6,NULL),(491,'2018-01-09 06:55:16','2018-01-11 12:41:02','Nous sommes certains que la qualité de nos marchandises et de nos services répondront à votre attente.','','We are sure you will be satisfied with the quality of our goods and services.',0,1,'N',1,105,3,'Nous-sommes-certains-que-la-qualit-de-nos-marchandises-et-de-nos-services-rpondront--votre-attente',77,2,NULL),(492,'2018-01-09 06:55:16','0000-00-00 00:00:00','Nous sommes disposés à proposer des facilités pour compte ouvert si vous nous fournissez les références bancaires nécessaires.','','We are willing to consider open account facilities if you can provide the necessary bank reference.',0,1,'N',1,132,3,'Nous-sommes-disposs--proposer-des-facilits-pour-compte-ouvert-si-vous-nous-fournissez-les-rfrences-bancaires-ncessaires',99,3,NULL),(493,'2018-01-09 06:55:16','0000-00-00 00:00:00','Nous vous adressons en pièce jointe notre facture proforma d\'un montant de 2 237 € , ainsi que notre facture pour votre commande 4p. dès règlement de cette dernière, nous demanderons à nos agents transitaires d\'expédier votre commande.','','Please find enclosed our pro forma invoice in the amount of € 2,237 as well as the final invoice for your order number 4P, on payment of which we will instruct our agents to forward your order.',0,1,'N',1,245,6,'Nous-vous-adressons-en-pice-jointe-notre-facture-proforma-dun-montant-de---ainsi-que-notre-facture-pour-votre-commande-P-Ds-rglement-de-cette-dernire-nous-demanderons--nos-agents-transitaires-dexpdier-votre-commande',195,5,NULL),(494,'2018-01-09 06:55:16','0000-00-00 00:00:00','Nous vous saurions gré de nous fournir de plus amples détails sur cette gamme, ainsi que vos tarifs actuels, en indiquant vos conditions de livraison à l\'étranger.','','We would be obliged if you would forward further details of the range together with your current price-list quoting terms for overseas delivery.',0,1,'N',1,167,4,'Nous-vous-saurions-gr-de-nous-fournir-de-plus-amples-dtails-sur-cette-gamme-ainsi-que-vos-tarifs-actuels-en-indiquant-vos-conditions-de-livraison--ltranger',144,4,NULL),(495,'2018-01-09 06:55:16','0000-00-00 00:00:00','Pouvez-vous confirmer que vous acceptez ces nouvelles conditions de paiement, car nous prévoyons d\'envoyer une autre commande d\'ici un mois ?','','As we are planning to send another order within the month, could you please confirm that you agree to these new terms of payment?',0,1,'P',1,142,4,'Pouvez-vous-confirmer-que-vous-acceptez-ces-nouvelles-conditions-de-paiement-car-nous-prvoyons-denvoyer-une-autre-commande-dici-un-mois-',129,3,NULL),(496,'2018-01-09 06:55:16','0000-00-00 00:00:00','Selon vos instructions, nous avons expédié vos marchandises. nous avons, cependant, le regret de vous informer du problème suivant : il semblerait que le règlement relatif aux emballages de marchandises a été récemment modifié.','','We have proceeded with the shipment of your goods as requested but regret to inform you that we have encountered a problem. It would appear that regulations governing the packing  of imported goods have recently been modified.',0,1,'S',1,235,6,'Selon-vos-instructions-nous-avons-expdi-vos-marchandises-Nous-avons-cependant-le-regret-de-vous-informer-du-problme-suivant--il-semblerait-que-le-rglement-relatif-aux-emballages-de-marchandises-a-t-rcemment-modifi',226,6,NULL),(497,'2018-01-09 06:55:16','0000-00-00 00:00:00','Si vous désirez des renseignements plus précis sur l\'un de ces appareils, n\'hésitez pas à nous contacter. retournez-nous la carte réponse prévue à cet effet. nous ne manquerons pas de vous faire parvenir aussitôt tous les détails.','','Should you wish to obtain more detailed information about any of these appliances, do not hesitate to contact us, by returning the enclosed reply-card. We will be sure to provide full particulars as soon as possible.',0,1,'S',1,239,6,'Si-vous-dsirez-des-renseignements-plus-prcis-sur-lun-de-ces-appareils-nhsitez-pas--nous-contacter-Retournez-nous-la-carte-rponse-prvue--cet-effet-Nous-ne-manquerons-pas-de-vous-faire-parvenir-aussitt-tous-les-dtails',216,5,NULL),(498,'2018-01-09 06:55:16','0000-00-00 00:00:00','Veuillez agréer, monsieur, l\'expression de nos sentiments distingués.','','Sincerely / Best regards',0,1,'V',1,71,2,'Veuillez-agrer-Monsieur-lexpression-de-nos-sentiments-distingus',24,1,NULL),(499,'2018-01-09 06:55:16','0000-00-00 00:00:00','Veuillez nous fournir une explication ou nous envoyer un chèque pour régulariser votre situation dans les sept prochains jours.','','Please would you either reply with an explanation or send us a cheque to clear the account within the next seven days?',0,1,'V',1,129,3,'Veuillez-nous-fournir-une-explication-ou-nous-envoyer-un-chque-pour-rgulariser-votre-situation-dans-les-sept-prochains-jours',118,3,NULL),(500,'2018-01-09 06:55:16','0000-00-00 00:00:00','Veuillez nous recontacter au numéro de téléphone ou à l\'adresse ci-dessus si vous avez des questions.','','Please contact us again if you have any questions, using the above telephone number or address.',0,1,'V',1,105,3,'Veuillez-nous-recontacter-au-numro-de-tlphone-ou--ladresse-ci-dessus-si-vous-avez-des-questions',95,3,NULL),(501,'2018-01-09 06:55:16','0000-00-00 00:00:00','Veuillez nous retourner le lot entier et nous demanderons à l\'entreprise d\'expédition de vérifier les dommages pour qu\'elle puisse prévoir une indemnisation.','','Please would you return the whole consignment to us and we will ask the shipping company to inspect the damage so that they can arrange compensation.',0,1,'V',1,161,4,'Veuillez-nous-retourner-le-lot-entier-et-nous-demanderons--lentreprise-dexpdition-de-vrifier-les-dommages-pour-quelle-puisse-prvoir-une-indemnisation',149,4,NULL),(502,'2018-01-09 06:55:16','0000-00-00 00:00:00','Application des argiles','','application of the clays',0,1,'A',1,23,1,'application-des-argiles',24,1,NULL),(503,'2018-01-09 06:55:16','0000-00-00 00:00:00','Argile de couleur','','coloured clay',0,1,'A',1,17,1,'argile-de-couleur',13,1,NULL),(504,'2018-01-09 06:55:16','0000-00-00 00:00:00','Beauté globale','','total beauty',0,1,'B',1,15,1,'beaut-globale',12,1,NULL),(505,'2018-01-09 06:55:16','0000-00-00 00:00:00','Beaux ongles','','beautiful nails',0,1,'B',1,12,1,'beaux-ongles',15,1,NULL),(506,'2018-01-09 06:55:16','0000-00-00 00:00:00','Beurre de karité','','Shea butter',0,1,'B',1,17,1,'beurre-de-karit',11,1,NULL),(507,'2018-01-09 06:55:16','0000-00-00 00:00:00','Brillant à lèvres / gloss à lèvres','','lip gloss',0,1,'B',1,38,1,'brillant--lvres--gloss--lvres',9,1,NULL),(508,'2018-01-09 06:55:16','0000-00-00 00:00:00','Cacher une imperfection','','to hide an imperfection',0,1,'C',1,23,1,'cacher-une-imperfection',23,1,NULL),(509,'2018-01-09 06:55:16','0000-00-00 00:00:00','Capital eau','','water capital',0,1,'C',1,11,1,'capital-eau',13,1,NULL),(510,'2018-01-09 06:55:16','0000-00-00 00:00:00','Cheveux secs','','dry hair',0,1,'C',1,12,1,'cheveux-secs',8,1,NULL),(511,'2018-01-09 06:55:16','0000-00-00 00:00:00','Circulation sanguine','','blood circulation',0,1,'C',1,20,1,'circulation-sanguine',17,1,NULL),(512,'2018-01-09 06:55:16','0000-00-00 00:00:00','Collections couleur','','colour collections',0,1,'C',1,19,1,'collections-couleur',18,1,NULL),(513,'2018-01-09 06:55:16','0000-00-00 00:00:00','Coloration pour les cheveux','','hair colouring',0,1,'C',1,27,1,'coloration-pour-les-cheveux',14,1,NULL),(514,'2018-01-09 06:55:16','0000-00-00 00:00:00','Complément alimentaire','','dietary / food supplement',0,1,'C',1,23,1,'complment-alimentaire',25,1,NULL),(515,'2018-01-09 06:55:16','0000-00-00 00:00:00','Crayon à sourcils','','eyebrow pencil',0,1,'C',1,18,1,'crayon--sourcils',14,1,NULL),(516,'2018-01-09 06:55:16','0000-00-00 00:00:00','Crayon contour des lèvres','','lip liner',0,1,'C',1,26,1,'crayon-contour-des-lvres',9,1,NULL),(517,'2018-01-09 06:55:16','0000-00-00 00:00:00','Crème bébé','','baby cream',0,1,'C',1,13,1,'crme-bb',10,1,NULL),(518,'2018-01-09 06:55:16','0000-00-00 00:00:00','Crème de jour','','day cream',0,1,'C',1,14,1,'crme-de-jour',9,1,NULL),(519,'2018-01-09 06:55:16','0000-00-00 00:00:00','Crème de nuit','','night cream',0,1,'C',1,14,1,'crme-de-nuit',11,1,NULL),(520,'2018-01-09 06:55:16','0000-00-00 00:00:00','Crème fond de teint','','foundation cream',0,1,'C',1,20,1,'crme-fond-de-teint',16,1,NULL),(521,'2018-01-09 06:55:16','0000-00-00 00:00:00','Crème protectrice','','protection cream',0,1,'C',1,18,1,'crme-protectrice',16,1,NULL),(522,'2018-01-09 06:55:16','0000-00-00 00:00:00','Débarrasser la peau de ses toxines','','to free the skin from toxins',0,1,'D',1,35,1,'dbarrasser-la-peau-de-ses-toxines',28,1,NULL),(523,'2018-01-09 06:55:16','0000-00-00 00:00:00','Dissolvant à ongles','','nail polish remover',0,1,'D',1,20,1,'dissolvant--ongles',19,1,NULL),(524,'2018-01-09 06:55:16','0000-00-00 00:00:00','Durcisseur d\'ongles','','nail hardener',0,1,'D',1,19,1,'durcisseur-dongles',13,1,NULL),(525,'2018-01-09 06:55:16','0000-00-00 00:00:00','Eau de soin','','care water / treatment water',0,1,'E',1,11,1,'eau-de-soin',28,1,NULL),(526,'2018-01-09 06:55:16','0000-00-00 00:00:00','Effet durable et visible','','long lasting and visible effect',0,1,'E',1,24,1,'effet-durable-et-visible',31,1,NULL),(527,'2018-01-09 06:55:16','0000-00-00 00:00:00','Eliminer les impuretés','éliminer les impuretés','to eliminate impurities',0,1,'E',1,23,1,'liminer-les-impurets',23,1,NULL),(528,'2018-01-09 06:55:16','0000-00-00 00:00:00','Exfoliant visage','','face scrub',0,1,'E',1,16,1,'exfoliant-visage',10,1,NULL),(529,'2018-01-09 06:55:16','0000-00-00 00:00:00','Extraits de plantes','','herb extracts',0,1,'E',1,19,1,'extraits-de-plantes',13,1,NULL),(530,'2018-01-09 06:55:16','0000-00-00 00:00:00','Fard à paupières / ombre à paupières','','eye shadow',0,1,'F',1,40,1,'fard--paupires--ombre--paupires',10,1,NULL),(531,'2018-01-09 06:55:16','0000-00-00 00:00:00','Fluide essentiel','','essential fluid',0,1,'F',1,16,1,'fluide-essentiel',15,1,NULL),(532,'2018-01-09 06:55:16','0000-00-00 00:00:00','Fond de teint','','make-up foundation / colour equalizer',0,1,'F',1,13,1,'fond-de-teint',37,1,NULL),(533,'2018-01-09 06:55:16','0000-00-00 00:00:00','Gant de toilette','','face flannel',0,1,'G',1,16,1,'gant-de-toilette',12,1,NULL),(534,'2018-01-09 06:55:16','0000-00-00 00:00:00','Gel de nettoyage','','cleansing gel',0,1,'G',1,16,1,'gel-de-nettoyage',13,1,NULL),(535,'2018-01-09 06:55:16','0000-00-00 00:00:00','Gel douche','','body wash / shower gel',0,1,'G',1,10,1,'gel-douche',22,1,NULL),(536,'2018-01-09 06:55:16','0000-00-00 00:00:00','Glycérine végétale','','vegetable glycerine',0,1,'G',1,21,1,'glycrine-vgtale',19,1,NULL),(537,'2018-01-09 06:55:16','0000-00-00 00:00:00','Grain de peau','','skin texture',0,1,'G',1,13,1,'grain-de-peau',12,1,NULL),(538,'2018-01-09 06:55:16','0000-00-00 00:00:00','Huile d\'argan','','argan oil',0,1,'H',1,13,1,'huile-dargan',9,1,NULL),(539,'2018-01-09 06:55:16','0000-00-00 00:00:00','Huile végétale','','vegetal oil',0,1,'H',1,16,1,'huile-vgtale',11,1,NULL),(540,'2018-01-09 06:55:16','0000-00-00 00:00:00','Huiles essentielles','','essential oils',0,1,'H',1,19,1,'huiles-essentielles',14,1,NULL),(541,'2018-01-09 06:55:16','0000-00-00 00:00:00','Institut de beauté','','beauty salon / beauty parlour',0,1,'I',1,19,1,'institut-de-beaut',29,1,NULL),(542,'2018-01-09 06:55:16','0000-00-00 00:00:00','Jambes légères','','light legs',0,1,'J',1,16,1,'jambes-lgres',10,1,NULL),(543,'2018-01-09 06:55:16','0000-00-00 00:00:00','Jambes lourdes','','heavy legs',0,1,'J',1,14,1,'jambes-lourdes',10,1,NULL),(544,'2018-01-09 06:55:16','0000-00-00 00:00:00','Lait démaquillant','','cleansing milk',0,1,'L',1,18,1,'lait-dmaquillant',14,1,NULL),(545,'2018-01-09 06:55:16','0000-00-00 00:00:00','Ligne anti temps/vieillissement','','anti-ageing line',0,1,'L',1,31,1,'ligne-anti-tempsvieillissement',16,1,NULL),(546,'2018-01-09 06:55:16','0000-00-00 00:00:00','Ligne homme','','men\'s line / men\'s collection',0,1,'L',1,11,1,'ligne-homme',29,1,NULL),(547,'2018-01-09 06:55:16','0000-00-00 00:00:00','Lotion capillaire','','hair lotion',0,1,'L',1,17,1,'lotion-capillaire',11,1,NULL),(548,'2018-01-09 06:55:16','0000-00-00 00:00:00','Lotion tonique','','toning lotion',0,1,'L',1,14,1,'lotion-tonique',13,1,NULL),(549,'2018-01-09 06:55:16','0000-00-00 00:00:00','Maquillage aux couleurs gourmandes','','make-up in voluptuous colours',0,1,'M',1,34,1,'maquillage-aux-couleurs-gourmandes',29,1,NULL),(550,'2018-01-09 06:55:16','0000-00-00 00:00:00','Mise en beauté des cheveux','','hair beauty enhancement / hair highlighting',0,1,'M',1,27,1,'mise-en-beaut-des-cheveux',43,1,NULL),(551,'2018-01-09 06:55:16','0000-00-00 00:00:00','Nature de peau','','skin type / skin nature',0,1,'N',1,14,1,'nature-de-peau',23,1,NULL),(552,'2018-01-09 06:55:16','0000-00-00 00:00:00','Nettoyage de peau','','skin cleansing',0,1,'N',1,17,1,'nettoyage-de-peau',14,1,NULL),(553,'2018-01-09 06:55:16','0000-00-00 00:00:00','Nouvelle marque','','new brand',0,1,'N',1,15,1,'nouvelle-marque',9,1,NULL),(554,'2018-01-09 06:55:16','0000-00-00 00:00:00','Ombre crème','','cream shadow',0,1,'O',1,12,1,'ombre-crme',12,1,NULL),(555,'2018-01-09 06:55:16','0000-00-00 00:00:00','Ongle cassé','','broken nail',0,1,'O',1,12,1,'ongle-cass',11,1,NULL),(556,'2018-01-09 06:55:16','0000-00-00 00:00:00','Ongle naturel','','natural / real nail',0,1,'O',1,13,1,'ongle-naturel',19,1,NULL),(557,'2018-01-09 06:55:16','0000-00-00 00:00:00','Peau claire','','light skin',0,1,'P',1,11,1,'peau-claire',10,1,NULL),(558,'2018-01-09 06:55:16','0000-00-00 00:00:00','Peau grasse','','greasy skin',0,1,'P',1,11,1,'peau-grasse',11,1,NULL),(559,'2018-01-09 06:55:16','0000-00-00 00:00:00','Peau normale','','normal skin',0,1,'P',1,12,1,'peau-normale',11,1,NULL),(560,'2018-01-09 06:55:16','0000-00-00 00:00:00','Peau sèche','','dry skin',0,1,'P',1,11,1,'peau-sche',8,1,NULL),(561,'2018-01-09 06:55:16','0000-00-00 00:00:00','Peau sensible','','sensitive skin / delicate skin',0,1,'P',1,13,1,'peau-sensible',30,1,NULL),(562,'2018-01-09 06:55:16','0000-00-00 00:00:00','Perfectionner le bronzage','','to perfect the tan',0,1,'P',1,25,1,'perfectionner-le-bronzage',18,1,NULL),(563,'2018-01-09 06:55:16','0000-00-00 00:00:00','Pince à ongles','','nail clippers',0,1,'P',1,15,1,'pince--ongles',13,1,NULL),(564,'2018-01-09 06:55:16','0000-00-00 00:00:00','Poser les faux ongles','','to apply false nails',0,1,'P',1,21,1,'poser-les-faux-ongles',20,1,NULL),(565,'2018-01-09 06:55:16','0000-00-00 00:00:00','Poudre pour le visage','','face powder',0,1,'P',1,21,1,'poudre-pour-le-visage',11,1,NULL),(566,'2018-01-09 06:55:16','0000-00-00 00:00:00','Pouvoir lavant naturel de l\'argile','','natural cleansing properties of clay',0,1,'P',1,34,1,'pouvoir-lavant-naturel-de-largile',36,1,NULL),(567,'2018-01-09 06:55:16','0000-00-00 00:00:00','Programme beauté','','beauty program',0,1,'P',1,17,1,'programme-beaut',14,1,NULL),(568,'2018-01-09 06:55:16','0000-00-00 00:00:00','Propriétés cosmétiques','','cosmetic properties',0,1,'P',1,25,1,'proprits-cosmtiques',19,1,NULL),(569,'2018-01-09 06:55:16','0000-00-00 00:00:00','Rajeunir la peau','','to rejuvenate the skin',0,1,'R',1,16,1,'rajeunir-la-peau',22,1,NULL),(570,'2018-01-09 06:55:16','0000-00-00 00:00:00','Reflet opalescent','','opalescent shine',0,1,'R',1,17,1,'reflet-opalescent',16,1,NULL),(571,'2018-01-09 06:55:16','0000-00-00 00:00:00','Renouvellement des cellules cutanées','','renewal of skin cells',0,1,'R',1,37,1,'renouvellement-des-cellules-cutanes',21,1,NULL),(572,'2018-01-09 06:55:16','0000-00-00 00:00:00','Répartir uniformément','','to spread / to apply uniformly',0,1,'R',1,23,1,'rpartir-uniformment',30,1,NULL),(573,'2018-01-09 06:55:16','0000-00-00 00:00:00','Se plier aux caprices de la mode','','to bend to the whims of fashion',0,1,'S',1,32,1,'se-plier-aux-caprices-de-la-mode',31,1,NULL),(574,'2018-01-09 06:55:16','0000-00-00 00:00:00','Séchage rapide','','rapid drying',0,1,'S',1,15,1,'schage-rapide',12,1,NULL),(575,'2018-01-09 06:55:16','0000-00-00 00:00:00','Segment ongles','','finger nail segment',0,1,'S',1,14,1,'segment-ongles',19,1,NULL),(576,'2018-01-09 06:55:16','0000-00-00 00:00:00','Soins capillaires','','hair care',0,1,'S',1,17,1,'soins-capillaires',9,1,NULL),(577,'2018-01-09 06:55:16','0000-00-00 00:00:00','Soins des ongles','','nail care',0,1,'S',1,16,1,'soins-des-ongles',9,1,NULL),(578,'2018-01-09 06:55:16','0000-00-00 00:00:00','Solution antibactérienne','','anti-bacterial solution',0,1,'S',1,25,1,'solution-antibactrienne',23,1,NULL),(579,'2018-01-09 06:55:16','0000-00-00 00:00:00','Taux d\'hydratation','','moisturising rate',0,1,'T',1,18,1,'taux-dhydratation',17,1,NULL),(580,'2018-01-09 06:55:16','0000-00-00 00:00:00','Teint clair','','fair complexion / fair skin',0,1,'T',1,11,1,'teint-clair',27,1,NULL),(581,'2018-01-09 06:55:16','0000-00-00 00:00:00','Teint lumineux','','light complexion / luminous complexion',0,1,'T',1,14,1,'teint-lumineux',38,1,NULL),(582,'2018-01-09 06:55:16','0000-00-00 00:00:00','Teintes pastel','','pastel shades',0,1,'T',1,14,1,'teintes-pastel',13,1,NULL),(583,'2018-01-09 06:55:16','0000-00-00 00:00:00','Texture très fraîche','','cool texture',0,1,'T',1,22,1,'texture-trs-frache',12,1,NULL),(584,'2018-01-09 06:55:16','0000-00-00 00:00:00','Type de cheveux','','hair type',0,1,'T',1,15,1,'type-de-cheveux',9,1,NULL),(585,'2018-01-09 06:55:16','0000-00-00 00:00:00','Vaincre les effets du temps','','to overcome the effects of time',0,1,'V',1,27,1,'vaincre-les-effets-du-temps',31,1,NULL),(586,'2018-01-09 06:55:16','0000-00-00 00:00:00','Vapeur d\'eucalyptus','','eucalyptus vapour',0,1,'V',1,19,1,'vapeur-deucalyptus',17,1,NULL),(587,'2018-01-09 06:55:16','0000-00-00 00:00:00','Vernis à ongles','','nail polish',0,1,'V',1,16,1,'vernis--ongles',11,1,NULL),(588,'2018-01-09 06:55:16','0000-00-00 00:00:00','Vieillissement prématuré de la peau','','premature skin ageing',0,1,'V',1,37,1,'vieillissement-prmatur-de-la-peau',21,1,NULL),(589,'2018-01-09 06:55:16','0000-00-00 00:00:00','Visage et corps','','face and body',0,1,'V',1,15,1,'visage-et-corps',13,1,NULL),(590,'2018-01-09 06:55:16','0000-00-00 00:00:00','Après avoir bien vérifié le…','','After double-checking the…',0,1,'A',1,33,1,'Aprs-avoir-bien-vrifi-le',28,1,NULL),(591,'2018-01-09 06:55:16','0000-00-00 00:00:00','Auriez-vous l\'amabilité de…','','Would you mind if…',0,1,'A',1,30,1,'Auriez-vous-lamabilit-de',20,1,NULL),(592,'2018-01-09 06:55:16','0000-00-00 00:00:00','Auriez-vous l\'obligeance de nous envoyer... / pourriez-vous nous faire parvenir…','','Would you please send us…',0,1,'A',1,82,2,'Auriez-vous-lobligeance-de-nous-envoyer--Pourriez-vous-nous-faire-parvenir',27,1,NULL),(593,'2018-01-09 06:55:16','0000-00-00 00:00:00','Avec nos remerciements anticipés.','','Thank you in advance.',0,1,'A',1,34,1,'Avec-nos-remerciements-anticips',21,1,NULL),(594,'2018-01-09 06:55:16','0000-00-00 00:00:00','C’est avec grande inquiétude que…','','It is with deep concern that…',0,1,'C',1,38,1,'Cest-avec-grande-inquitude-que',31,1,NULL),(595,'2018-01-09 06:55:16','0000-00-00 00:00:00','C’est avec un grand intérêt que…','','It is with great interest that…',0,1,'C',1,38,1,'Cest-avec-un-grand-intrt-que',33,1,NULL),(596,'2018-01-09 06:55:16','0000-00-00 00:00:00','Ceci est une confirmation de notre accord verbal du…','','This is to confirm our verbal order dated…',0,1,'C',1,54,2,'Ceci-est-une-confirmation-de-notre-accord-verbal-du',44,1,NULL),(597,'2018-01-09 06:55:16','0000-00-00 00:00:00','Ces articles ne sont malheureusement plus disponibles. nous sommes par conséquent dans l\'obligation d\'annuler votre commande.','','Unfortunately these articles are no longer available/are out of stock, so we will have to cancel your order.',0,1,'C',1,126,3,'Ces-articles-ne-sont-malheureusement-plus-disponibles-Nous-sommes-par-consquent-dans-lobligation-dannuler-votre-commande',108,3,NULL),(598,'2018-01-09 06:55:16','0000-00-00 00:00:00','Comme convenu lors de notre entretien téléphonique du…','','As agreed during our telephone conversation on...',0,1,'C',1,58,2,'Comme-convenu-lors-de-notre-entretien-tlphonique-du',49,2,NULL),(599,'2018-01-09 06:55:16','0000-00-00 00:00:00','Dans l\'attente de vous lire, ....','','We look forward to hearing from you.',0,1,'D',1,33,1,'Dans-lattente-de-vous-lire-',36,1,NULL),(600,'2018-01-09 06:55:16','0000-00-00 00:00:00','En référence à…','','With reference to…',0,1,'E',1,20,1,'En-rfrence-',20,1,NULL),(601,'2018-01-09 06:55:16','0000-00-00 00:00:00','Encore toutes nos excuses pour…','','Once again, our apologies for the…',0,1,'E',1,33,1,'Encore-toutes-nos-excuses-pour',36,1,NULL),(602,'2018-01-09 06:55:16','0000-00-00 00:00:00','Il a été retardé à cause de…','','It has been delayed due to…',0,1,'I',1,34,1,'Il-a-t-retard--cause-de',29,1,NULL),(603,'2018-01-09 06:55:16','0000-00-00 00:00:00','Je vous écris de la part de…','','I am writing to you on behalf of…',0,1,'J',1,31,1,'Je-vous-cris-de-la-part-de',35,1,NULL),(604,'2018-01-09 06:55:16','0000-00-00 00:00:00','J\'écris afin de me renseigner sur…','','I am writing to enquire about…',0,1,'J',1,37,1,'Jcris-afin-de-me-renseigner-sur',32,1,NULL),(605,'2018-01-09 06:55:16','0000-00-00 00:00:00','Merci de nous confirmer par écrit si…','','Please confirm in writing if…',0,1,'M',1,40,1,'Merci-de-nous-confirmer-par-crit-si',31,1,NULL),(606,'2018-01-09 06:55:16','0000-00-00 00:00:00','Merci de nous confirmer votre accord.','','Please let us know if you agree',0,1,'M',1,37,1,'Merci-de-nous-confirmer-votre-accord',31,1,NULL),(607,'2018-01-09 06:55:16','0000-00-00 00:00:00','Merci de répondre dès que possible.','','Please reply as soon as possible.',0,1,'M',1,37,1,'Merci-de-rpondre-ds-que-possible',33,1,NULL),(608,'2018-01-09 06:55:16','0000-00-00 00:00:00','N\'hésitez pas à nous appeler si vous avez besoin de renseignements plus précis.','','Please feel free to call us if you need more precise information.',0,1,'N',1,82,2,'Nhsitez-pas--nous-appeler-si-vous-avez-besoin-de-renseignements-plus-prcis',65,2,NULL),(609,'2018-01-09 06:55:16','0000-00-00 00:00:00','N\'hésitez pas à nous contacter pour toute aide supplémentaire.','','If we can be of any further assistance, please let us know.',0,1,'N',1,65,2,'Nhsitez-pas--nous-contacter-pour-toute-aide-supplmentaire',59,2,NULL),(610,'2018-01-09 06:55:16','0000-00-00 00:00:00','N\'hésitez pas à nous contacter si vous avez besoin de plus amples renseignements.','','Please do not hesitate to contact us should you require any further information.',0,1,'N',1,83,2,'Nhsitez-pas--nous-contacter-si-vous-avez-besoin-de-plus-amples-renseignements',80,2,NULL),(611,'2018-01-09 06:55:16','0000-00-00 00:00:00','Notre intention est de…','','It is our intention to…',0,1,'N',1,25,1,'Notre-intention-est-de',25,1,NULL),(612,'2018-01-09 06:55:16','0000-00-00 00:00:00','Nous accusons réception de votre courrier du 14 janvier …','','We acknowledge receipt of your letter dated 14th January',0,1,'N',1,60,2,'Nous-accusons-rception-de-votre-courrier-du--janvier-',56,2,NULL),(613,'2018-01-09 06:55:16','0000-00-00 00:00:00','Nous attirons votre attention sur le fait que...','','We would like to draw your attention to the fact that...',0,1,'N',1,48,2,'Nous-attirons-votre-attention-sur-le-fait-que',56,2,NULL),(614,'2018-01-09 06:55:16','0000-00-00 00:00:00','Nous aurions besoin de plus de détails sur…','','We may need a more detailed description of…',0,1,'N',1,46,2,'Nous-aurions-besoin-de-plus-de-dtails-sur',45,2,NULL),(615,'2018-01-09 06:55:16','0000-00-00 00:00:00','Nous avons bien noté que...','','We have taken note of the fact that...',0,1,'N',1,28,1,'Nous-avons-bien-not-que',38,1,NULL),(616,'2018-01-09 06:55:16','0000-00-00 00:00:00','Nous avons bien reçu votre courrier du …','','We have received your letter/e-mail dated..',0,1,'N',1,43,1,'Nous-avons-bien-reu-votre-courrier-du-',43,1,NULL),(617,'2018-01-09 06:55:16','0000-00-00 00:00:00','Nous avons également besoin de l\'équipement et services suivants :','','We also need the following equipment and services:',0,1,'N',1,68,2,'Nous-avons-galement-besoin-de-lquipement-et-services-suivants-',50,2,NULL),(618,'2018-01-09 06:55:16','0000-00-00 00:00:00','Nous avons étudié votre proposition avec la plus grande attention et…','','We carefully considered your proposal and…',0,1,'N',1,73,2,'Nous-avons-tudi-votre-proposition-avec-la-plus-grande-attention-et',44,1,NULL),(619,'2018-01-09 06:55:16','0000-00-00 00:00:00','Nous avons le plaisir de vous informer que...','','We are pleased to inform you that...',0,1,'N',1,45,2,'Nous-avons-le-plaisir-de-vous-informer-que',36,1,NULL),(620,'2018-01-09 06:55:16','0000-00-00 00:00:00','Nous comprenons de part votre publicité que vous produisez…','','We understand from your advertisement that you produce…',0,1,'N',1,62,2,'Nous-comprenons-de-part-votre-publicit-que-vous-produisez',57,2,NULL),(621,'2018-01-09 06:55:16','0000-00-00 00:00:00','Nous considérons l\'achat de…','','We are considering the purchase of…',0,1,'N',1,31,1,'Nous-considrons-lachat-de',37,1,NULL),(622,'2018-01-09 06:55:16','0000-00-00 00:00:00','Nous demeurons à votre disposition pour…','','We remain at your disposal to ...',0,1,'N',1,43,1,'Nous-demeurons--votre-disposition-pour',33,1,NULL),(623,'2018-01-09 06:55:16','0000-00-00 00:00:00','Nous espérons avoir de vos nouvelles dans le courant de cette semaine','','We hope to hear from you some time this week',0,1,'N',1,70,2,'Nous-esprons-avoir-de-vos-nouvelles-dans-le-courant-de-cette-semaine',44,1,NULL),(624,'2018-01-09 06:55:16','0000-00-00 00:00:00','Nous espérons qu’une de ces solutions vous conviendra','','We hope one of those solutions will satisfy you',0,1,'N',1,56,2,'Nous-esprons-quune-de-ces-solutions-vous-conviendra',47,2,NULL),(625,'2018-01-09 06:55:16','0000-00-00 00:00:00','Nous espérons recevoir votre réponse par retour de courrier.','','We hope to receive your reply by return mail.',0,1,'N',1,62,2,'Nous-esprons-recevoir-votre-rponse-par-retour-de-courrier',45,2,NULL),(626,'2018-01-09 06:55:16','0000-00-00 00:00:00','Nous espérons vous lire bientôt.','','We look forward to hearing from you soon.',0,1,'N',1,34,1,'Nous-esprons-vous-lire-bientt',41,1,NULL),(627,'2018-01-09 06:55:16','0000-00-00 00:00:00','Nous nous permettons de vous conseiller de…','','We respectfully advise you to...',0,1,'N',1,45,2,'Nous-nous-permettons-de-vous-conseiller-de',32,1,NULL),(628,'2018-01-09 06:55:16','0000-00-00 00:00:00','Nous nous permettons de vous demander si...','','We respectfully ask you whether...',0,1,'N',1,43,1,'Nous-nous-permettons-de-vous-demander-si',34,1,NULL),(629,'2018-01-09 06:55:16','0000-00-00 00:00:00','Nous nous réjouissons de la possibilité d\'une future collaboration.','','We look forward to the possibility of working together.',0,1,'N',1,69,2,'Nous-nous-rjouissons-de-la-possibilit-dune-future-collaboration',55,2,NULL),(630,'2018-01-09 06:55:16','0000-00-00 00:00:00','Nous proposons ci-dessous','','We propose here below…',0,1,'N',1,25,1,'Nous-proposons-ci-dessous',24,1,NULL),(631,'2018-01-09 06:55:16','0000-00-00 00:00:00','Nous regrettons de ne pas avoir répondu plus rapidement à votre e-mail du...','','We are sorry not to have replied sooner to your e-mail dated ....',0,1,'N',1,78,2,'Nous-regrettons-de-ne-pas-avoir-rpondu-plus-rapidement--votre-e-mail-du',65,2,NULL),(632,'2018-01-09 06:55:16','0000-00-00 00:00:00','Nous restons à votre entière disposition pour tout renseignement complémentaire.','','We remain at your disposal should you require any further information.',0,1,'N',1,83,2,'Nous-restons--votre-entire-disposition-pour-tout-renseignement-complmentaire',70,2,NULL),(633,'2018-01-09 06:55:16','0000-00-00 00:00:00','Nous sommes intéressés par ... et nous désirerions savoir …','','We are interested in ... and we would like to know …',0,1,'N',1,64,2,'Nous-sommes-intresss-par--et-nous-dsirerions-savoir-',54,2,NULL),(634,'2018-01-09 06:55:16','0000-00-00 00:00:00','Nous sommes intéressés par la réception de…','','We are interested in obtaining/receiving…',0,1,'N',1,48,2,'Nous-sommes-intresss-par-la-rception-de',43,1,NULL),(635,'2018-01-09 06:55:16','0000-00-00 00:00:00','Nous sommes ravis de passer une commande auprès de votre entreprise pour…','','We are pleased to place an order with your company for …',0,1,'N',1,76,2,'Nous-sommes-ravis-de-passer-une-commande-auprs-de-votre-entreprise-pour',58,2,NULL),(636,'2018-01-09 06:55:16','0000-00-00 00:00:00','Nous voudrions nous excuser de…','','We would like to apologize for…',0,1,'N',1,33,1,'Nous-voudrions-nous-excuser-de',33,1,NULL),(637,'2018-01-09 06:55:16','0000-00-00 00:00:00','Nous vous confirmons notre participation à…','','We confirm our participation in ...',0,1,'N',1,46,2,'Nous-vous-confirmons-notre-participation-',35,1,NULL),(638,'2018-01-09 06:55:16','0000-00-00 00:00:00','Nous vous contacterons dès que nous aurons des nouvelles à ce sujet.','','We will get in touch with you again as soon as we have any news.',0,1,'N',1,70,2,'Nous-vous-contacterons-ds-que-nous-aurons-des-nouvelles--ce-sujet',64,2,NULL),(639,'2018-01-09 06:55:16','0000-00-00 00:00:00','Nous vous écrivons au sujet de…','','We are writing in connection with…',0,1,'N',1,34,1,'Nous-vous-crivons-au-sujet-de',36,1,NULL),(640,'2018-01-09 06:55:16','0000-00-00 00:00:00','Nous vous écrivons concernant...','','We are writing to you regarding…',0,1,'N',1,33,1,'Nous-vous-crivons-concernant',34,1,NULL),(641,'2018-01-09 06:55:16','0000-00-00 00:00:00','Nous vous envoyons par courrier traditionnel...','','We are sending you by surface mail…',0,1,'N',1,47,2,'Nous-vous-envoyons-par-courrier-traditionnel',37,1,NULL),(642,'2018-01-09 06:55:16','0000-00-00 00:00:00','Nous vous prions de bien vouloir lire les documents ci-joints, et de nous communiquer votre avis dès que possible.','','Would you be so kind as to read the enclosed documents and let us have your opinion as soon as possible?',0,1,'N',1,115,3,'Nous-vous-prions-de-bien-vouloir-lire-les-documents-ci-joints-et-de-nous-communiquer-votre-avis-ds-que-possible',104,3,NULL),(643,'2018-01-09 06:55:16','0000-00-00 00:00:00','Nous vous remercions de votre e-mail du 5 décembre.','','Thank you for your e-mail of 5th December.',0,1,'N',1,52,2,'Nous-vous-remercions-de-votre-e-mail-du--dcembre',42,1,NULL),(644,'2018-01-09 06:55:16','0000-00-00 00:00:00','Nous vous saurions gré de...','','We would be most obliged if… / We would be grateful if you could...',0,1,'N',1,29,1,'Nous-vous-saurions-gr-de',69,2,NULL),(645,'2018-01-09 06:55:16','0000-00-00 00:00:00','Nous vous saurions gré d\'effectuer le règlement dans les jours à venir.','','We would appreciate if you could settle your account within the next few days.',0,1,'N',1,74,2,'Nous-vous-saurions-gr-deffectuer-le-rglement-dans-les-jours--venir',78,2,NULL),(646,'2018-01-09 06:55:16','0000-00-00 00:00:00','Nous vous serions reconnaissants de bien vouloir envoyer...','','We would be grateful if you would send...',0,1,'N',1,59,2,'Nous-vous-serions-reconnaissants-de-bien-vouloir-envoyer',41,1,NULL),(647,'2018-01-09 06:55:16','0000-00-00 00:00:00','Nous vous serions reconnaissants de respecter le caractère confidentiel de ces informations.','','We should be grateful if you would treat this information as confidential.',0,1,'N',1,93,3,'Nous-vous-serions-reconnaissants-de-respecter-le-caractre-confidentiel-de-ces-informations',74,2,NULL),(648,'2018-01-09 06:55:16','0000-00-00 00:00:00','Nous vous serions reconnaissants si vous pouviez étudier cette question aussi rapidement que possible.','','We would be most grateful if you would look into this matter as soon as possible.',0,1,'N',1,103,3,'Nous-vous-serions-reconnaissants-si-vous-pouviez-tudier-cette-question-aussi-rapidement-que-possible',81,2,NULL),(649,'2018-01-09 06:55:16','0000-00-00 00:00:00','Par conséquent, veuillez prendre les dispositions nécessaires pour…','','Therefore, please make the necessary arrangements for ...',0,1,'P',1,71,2,'Par-consquent-veuillez-prendre-les-dispositions-ncessaires-pour',57,2,NULL),(650,'2018-01-09 06:55:16','0000-00-00 00:00:00','Pourriez-vous recommander…','','Could you recommend…',0,1,'P',1,28,1,'Pourriez-vous-recommander',22,1,NULL),(651,'2018-01-09 06:55:16','0000-00-00 00:00:00','Pourriez-vous soit me contacter personnellement, soit mon assistante  afin de convenir d\'un nouveau rendez-vous?','','Could you please contact me or my assistant in order to arrange another appointment?',0,1,'P',1,113,3,'Pourriez-vous-soit-me-contacter-personnellement-soit-mon-assistante-afin-de-convenir-dun-nouveau-rendez-vous',84,2,NULL),(652,'2018-01-09 06:55:16','0000-00-00 00:00:00','Puis-je vous rappeler que…','','May I remind you that…',0,1,'P',1,28,1,'Puis-je-vous-rappeler-que',24,1,NULL),(653,'2018-01-09 06:55:16','0000-00-00 00:00:00','Quelle est votre liste des prix pour…','','What is your current price list for…',0,1,'Q',1,39,1,'Quelle-est-votre-liste-des-prix-pour',38,1,NULL),(654,'2018-01-09 06:55:16','0000-00-00 00:00:00','Sauf avis contraire de votre part,...','','Unless you inform us otherwise...',0,1,'S',1,37,1,'Sauf-avis-contraire-de-votre-part',33,1,NULL),(655,'2018-01-09 06:55:16','0000-00-00 00:00:00','Sauf erreur de notre part, ...','','If we are not mistaken, ...',0,1,'S',1,30,1,'Sauf-erreur-de-notre-part-',27,1,NULL),(656,'2018-01-09 06:55:16','0000-00-00 00:00:00','Selon nos archives, nous n\'avons toujours pas reçu de paiement pour la facture ci-dessus.','','According to our records, we have not yet received a remittance for above invoice.',0,1,'S',1,90,3,'Selon-nos-archives-nous-navons-toujours-pas-reu-de-paiement-pour-la-facture-ci-dessus',82,2,NULL),(657,'2018-01-09 06:55:16','0000-00-00 00:00:00','Serait-il possible de réduire notre commande de...à…','','Would it be possible to reduce our order from...to…',0,1,'S',1,56,2,'Serait-il-possible-de-rduire-notre-commande-de',53,2,NULL),(658,'2018-01-09 06:55:16','0000-00-00 00:00:00','Serait-il possible de retarder la commande jusqu\'au…','','Would it be possible to delay the order until…',0,1,'S',1,54,2,'Serait-il-possible-de-retarder-la-commande-jusquau',48,2,NULL),(659,'2018-01-09 06:55:16','0000-00-00 00:00:00','Suite à l’erreur qui a été commise sur la facture, nous…','','Following the mistake on the invoice, we...',0,1,'S',1,63,2,'Suite--lerreur-qui-a-t-commise-sur-la-facture-nous',43,1,NULL),(660,'2018-01-09 06:55:16','0000-00-00 00:00:00','Suite à notre conversation téléphonique','','Further to our telephone conversation',0,1,'S',1,42,1,'Suite--notre-conversation-tlphonique',37,1,NULL),(661,'2018-01-09 06:55:16','0000-00-00 00:00:00','Suite à votre demande nous vous envoyons …','','As requested we are sending you…',0,1,'S',1,45,2,'Suite--votre-demande-nous-vous-envoyons-',34,1,NULL),(662,'2018-01-09 06:55:16','0000-00-00 00:00:00','Suite à votre e-mail du ...','','With reference to your e-mail, ...',0,1,'S',1,28,1,'Suite--votre-e-mail-du-',34,1,NULL),(663,'2018-01-09 06:55:16','0000-00-00 00:00:00','Veuillez noter que...','','Please note that...',0,1,'V',1,21,1,'Veuillez-noter-que',19,1,NULL),(664,'2018-01-09 06:55:16','0000-00-00 00:00:00','Veuillez nous faire parvenir...','','Could you please send us....',0,1,'V',1,31,1,'Veuillez-nous-faire-parvenir',28,1,NULL),(665,'2018-01-09 06:55:16','0000-00-00 00:00:00','Veuillez trouvez ci-joint la facture n°... pour…','','Please find enclosed invoice no. … for …',0,1,'V',1,51,2,'Veuillez-trouvez-ci-joint-la-facture-n-pour',44,1,NULL),(666,'2018-01-09 06:55:16','0000-00-00 00:00:00','Votre demande sera traitée aussi rapidement que possible.','','Your request will be processed as quickly as possible.',0,1,'V',1,58,2,'Votre-demande-sera-traite-aussi-rapidement-que-possible',54,2,NULL),(667,'2018-01-09 06:55:16','0000-00-00 00:00:00','Votre société fut recommandée par…','','Your company was highly recommended by…',0,1,'V',1,39,1,'Votre-socit-fut-recommande-par',41,1,NULL),(668,'2018-01-09 06:55:16','0000-00-00 00:00:00','Vous trouverez ci-joint deux copies du contrat.','','Please find attached two copies of the contract',0,1,'V',1,47,2,'Vous-trouverez-ci-joint-deux-copies-du-contrat',47,2,NULL),(669,'2018-01-09 06:55:16','0000-00-00 00:00:00','Suite à votre récent e-mail, je vous écris …','','I am writing with regard to your recent email …',0,1,'S',1,49,2,'Suite--votre-rcent-e-mail-je-vous-cris-',49,2,NULL),(670,'2018-01-09 06:55:16','0000-00-00 00:00:00','Suite à votre demande d\'informations','','Referring to your request for information',0,1,'S',1,37,1,'Suite--votre-demande-dinformations',41,1,NULL),(671,'2018-01-09 06:55:16','0000-00-00 00:00:00','Suite à votre dernier e-mail','','Further to your last email',0,1,'S',1,29,1,'Suite--votre-dernier-e-mail',26,1,NULL),(672,'2018-01-09 06:55:16','0000-00-00 00:00:00','Si vous avez besoin de plus amples informations, n\'hésitez pas à me contacter','','If you need any further information, feel free to contact me',0,1,'S',1,79,2,'Si-vous-avez-besoin-de-plus-amples-informations-nhsitez-pas--me-contacter',60,2,NULL),(673,'2018-01-09 06:55:16','0000-00-00 00:00:00','Merci pour votre retour rapide','','Thank you for your prompt reply',0,1,'M',1,30,1,'Merci-pour-votre-retour-rapide',31,1,NULL),(674,'2018-01-09 06:55:16','0000-00-00 00:00:00','Merci de revenir vers moi','','Thank you for getting back to me',0,1,'M',1,25,1,'Merci-de-revenir-vers-moi',32,1,NULL),(675,'2018-01-09 06:55:16','0000-00-00 00:00:00','J\'attends de vos nouvelles','','I look forward to hearing from you soon',0,1,'J',1,26,1,'Jattends-de-vos-nouvelles',39,1,NULL),(676,'2018-01-09 06:55:16','0000-00-00 00:00:00','Agneau de lait','','new season\'s lamb',0,1,'A',1,14,1,'agneau-de-lait',17,1,NULL),(677,'2018-01-09 06:55:16','0000-00-00 00:00:00','Bœuf haché','','minced meat / ground beef',0,1,'B',1,12,1,'buf-hach',25,1,NULL),(678,'2018-01-09 06:55:16','0000-00-00 00:00:00','Boucherie chevaline','','horsemeat butcher / horse butcher',0,1,'C',1,19,1,'boucherie-chevaline',33,1,NULL),(679,'2018-01-09 06:55:16','0000-00-00 00:00:00','Carré d\'agneau','','rack of lamb',0,1,'C',1,15,1,'carr-dagneau',12,1,NULL),(680,'2018-01-09 06:55:16','0000-00-00 00:00:00','Cochon de lait','','suckling pig',0,1,'C',1,14,1,'cochon-de-lait',12,1,NULL),(681,'2018-01-09 06:55:16','0000-00-00 00:00:00','Côte de bœuf','','T-bone steak without fillet',0,1,'C',1,14,1,'cte-de-buf',27,1,NULL),(682,'2018-01-09 06:55:16','0000-00-00 00:00:00','Côte de porc','','pork chops',0,1,'C',1,13,1,'cte-de-porc',10,1,NULL),(683,'2018-01-09 06:55:16','0000-00-00 00:00:00','Côte de veau','','veal chop',0,1,'C',1,13,1,'cte-de-veau',9,1,NULL),(684,'2018-01-09 06:55:16','0000-00-00 00:00:00','Côtes d\'agneau','','lamb chops',0,1,'C',1,15,1,'ctes-dagneau',10,1,NULL),(685,'2018-01-09 06:55:16','0000-00-00 00:00:00','Couennes rissolées','','pork crackling',0,1,'C',1,19,1,'couennes-rissoles',14,1,NULL),(686,'2018-01-09 06:55:16','0000-00-00 00:00:00','Escalope de veau','','veal scallop',0,1,'E',1,16,1,'escalope-de-veau',12,1,NULL),(687,'2018-01-09 06:55:16','0000-00-00 00:00:00','Filet de bœuf','','filet of beef',0,1,'F',1,14,1,'filet-de-buf',13,1,NULL),(688,'2018-01-09 06:55:16','0000-00-00 00:00:00','Foie de veau','','liver of veal',0,1,'F',1,12,1,'foie-de-veau',13,1,NULL),(689,'2018-01-09 06:55:16','0000-00-00 00:00:00','Pied de porc','','pig\'s trotter',0,1,'P',1,12,1,'pied-de-porc',13,1,NULL),(690,'2018-01-09 06:55:16','0000-00-00 00:00:00','Rognon d\'agneau','','kidney of lamb',0,1,'R',1,15,1,'rognon-dagneau',14,1,NULL),(691,'2018-01-09 06:55:16','0000-00-00 00:00:00','Rognon de veau','','kidney of veal',0,1,'R',1,14,1,'rognon-de-veau',14,1,NULL),(692,'2018-01-09 06:55:16','0000-00-00 00:00:00','Travers de porc','','spare ribs',0,1,'T',1,15,1,'travers-de-porc',10,1,NULL),(693,'2018-01-09 06:55:16','0000-00-00 00:00:00','Chausson aux pommes','','apple turnover',0,1,'C',1,19,1,'chausson-aux-pommes',14,1,NULL),(694,'2018-01-09 06:55:16','0000-00-00 00:00:00','Crème à fouetter','','heavy / double cream',0,1,'C',1,18,1,'crme--fouetter',20,1,NULL),(695,'2018-01-09 06:55:16','0000-00-00 00:00:00','Crème caramel','','caramel custard',0,1,'C',1,14,1,'crme-caramel',15,1,NULL),(696,'2018-01-09 06:55:16','0000-00-00 00:00:00','Crème chantilly','','whipped cream',0,1,'C',1,16,1,'crme-Chantilly',13,1,NULL),(697,'2018-01-09 06:55:16','0000-00-00 00:00:00','Omelette norvégienne','','baked Alaska',0,1,'O',1,21,1,'omelette-norvgienne',12,1,NULL),(698,'2018-01-09 06:55:16','0000-00-00 00:00:00','Pain au levain','','sourdough bread',0,1,'P',1,14,1,'pain-au-levain',15,1,NULL),(699,'2018-01-09 06:55:16','0000-00-00 00:00:00','Pain aux châtaignes','','bread with chestnuts',0,1,'P',1,20,1,'pain-aux-chtaignes',20,1,NULL),(700,'2018-01-09 06:55:16','0000-00-00 00:00:00','Pain aux figues','','bread with figs',0,1,'P',1,15,1,'pain-aux-figues',15,1,NULL),(701,'2018-01-09 06:55:16','0000-00-00 00:00:00','Pain aux raisins','','raisin bun / Danish pastry',0,1,'P',1,16,1,'pain-aux-raisins',26,1,NULL),(702,'2018-01-09 06:55:16','0000-00-00 00:00:00','Pain bio','','organic bread',0,1,'P',1,8,1,'pain-bio',13,1,NULL),(703,'2018-01-09 06:55:16','0000-00-00 00:00:00','Pain bis','','brown bread',0,1,'P',1,8,1,'pain-bis',11,1,NULL),(704,'2018-01-09 06:55:16','0000-00-00 00:00:00','Pain blanc','','white bread',0,1,'P',1,10,1,'pain-blanc',11,1,NULL),(705,'2018-01-09 06:55:16','0000-00-00 00:00:00','Pain brioché','','brioche bread',0,1,'P',1,13,1,'pain-brioch',13,1,NULL),(706,'2018-01-09 06:55:16','0000-00-00 00:00:00','Pain complet','','whole wheat / wholemeal bread',0,1,'P',1,12,1,'pain-complet',29,1,NULL),(707,'2018-01-09 06:55:16','0000-00-00 00:00:00','Pain de mie','','sandwich bread',0,1,'P',1,11,1,'pain-de-mie',14,1,NULL),(708,'2018-01-09 06:55:16','0000-00-00 00:00:00','Pain de seigle','','rye bread',0,1,'P',1,14,1,'pain-de-seigle',9,1,NULL),(709,'2018-01-09 06:55:16','0000-00-00 00:00:00','Pain de son','','bran bread',0,1,'P',1,11,1,'pain-de-son',10,1,NULL),(710,'2018-01-09 06:55:16','0000-00-00 00:00:00','Pain sans gluten','','gluten-free bread',0,1,'P',1,16,1,'pain-sans-gluten',17,1,NULL),(711,'2018-01-09 06:55:16','0000-00-00 00:00:00','Pain traditionnel','','traditional bread',0,1,'P',1,17,1,'pain-traditionnel',17,1,NULL),(712,'2018-01-09 06:55:16','0000-00-00 00:00:00','Pain viennois','','Vienna bread',0,1,'P',1,13,1,'pain-viennois',12,1,NULL),(713,'2018-01-09 06:55:16','0000-00-00 00:00:00','Paix aux noisettes','','bread with hazelnuts',0,1,'P',1,18,1,'paix-aux-noisettes',20,1,NULL),(714,'2018-01-09 06:55:16','0000-00-00 00:00:00','Pâte feuilletée','','flaky pastry / puff pastry',0,1,'P',1,17,1,'pte-feuillete',26,1,NULL),(715,'2018-01-09 06:55:16','0000-00-00 00:00:00','Sirop d\'érable','','maple syrup',0,1,'S',1,15,1,'sirop-drable',11,1,NULL),(716,'2018-01-09 06:55:16','0000-00-00 00:00:00','Tarte à la crème','','cream tart',0,1,'T',1,18,1,'tarte--la-crme',10,1,NULL),(717,'2018-01-09 06:55:16','0000-00-00 00:00:00','Tarte aux abricots','','apricot tart',0,1,'T',1,18,1,'tarte-aux-abricots',12,1,NULL),(718,'2018-01-09 06:55:16','0000-00-00 00:00:00','Tarte aux fruits','','fruit tart',0,1,'T',1,16,1,'tarte-aux-fruits',10,1,NULL),(719,'2018-01-09 06:55:16','0000-00-00 00:00:00','Tarte aux pommes','','apple tart',0,1,'T',1,16,1,'tarte-aux-pommes',10,1,NULL),(720,'2018-01-09 06:55:16','0000-00-00 00:00:00','Fécule de pomme de terre','','potato flour',0,1,'F',1,25,1,'fcule-de-pomme-de-terre',12,1,NULL),(721,'2018-01-09 06:55:16','0000-00-00 00:00:00','Papier sulfurisé','','greaseproof paper',0,1,'P',1,17,1,'papier-sulfuris',17,1,NULL),(722,'2018-01-09 06:55:16','0000-00-00 00:00:00','Pâte à choux','','chou pastry',0,1,'P',1,14,1,'pte--choux',11,1,NULL),(723,'2018-01-09 06:55:16','0000-00-00 00:00:00','Pâte brisée','','short crust pastry (UK), pie pastry (US)',0,1,'P',1,13,1,'pte-brise',40,1,NULL),(724,'2018-01-09 06:55:16','0000-00-00 00:00:00','Pâte d\'amande','','marzipan / almond paste',0,1,'P',1,14,1,'pte-damande',23,1,NULL),(725,'2018-01-09 06:55:16','0000-00-00 00:00:00','Pâte sucrée','','flan pastry / sweet pie pastry',0,1,'P',1,13,1,'pte-sucre',30,1,NULL),(726,'2018-01-09 06:55:16','0000-00-00 00:00:00','Sucre cristallisé/semoule','','granulated sugar',0,1,'S',1,26,1,'sucre-cristallissemoule',16,1,NULL),(727,'2018-01-09 06:55:16','0000-00-00 00:00:00','Sucre en poudre','','castor sugar',0,1,'S',1,15,1,'sucre-en-poudre',12,1,NULL),(728,'2018-01-09 06:55:16','0000-00-00 00:00:00','Sucre glace','','icing sugar',0,1,'S',1,11,1,'sucre-glace',11,1,NULL),(729,'2018-01-09 06:55:16','0000-00-00 00:00:00','Sucre roux / cassonade','','Demerara sugar',0,1,'S',1,22,1,'sucre-roux--cassonade',14,1,NULL),(730,'2018-01-09 06:55:16','0000-00-00 00:00:00','Plats cuisinés','','cooked dishes',0,1,'P',1,15,1,'plats-cuisins',13,1,NULL),(731,'2018-01-09 06:55:16','0000-00-00 00:00:00','Fromage de brebis','','ewe\'s cheese',0,1,'F',1,17,1,'fromage-de-brebis',12,1,NULL),(732,'2018-01-09 06:55:16','0000-00-00 00:00:00','Fromage de chèvre/ chèvre','','goat cheese',0,1,'F',1,27,1,'fromage-de-chvre-chvre',11,1,NULL),(733,'2018-01-09 06:55:16','0000-00-00 00:00:00','Fromage de vache','','cow milk cheese',0,1,'F',1,16,1,'fromage-de-vache',15,1,NULL),(734,'2018-01-09 06:55:16','0000-00-00 00:00:00','Fromage frais','','soft white cheese',0,1,'F',1,13,1,'fromage-frais',17,1,NULL),(735,'2018-01-09 06:55:16','0000-00-00 00:00:00','Lait cru','','non-pasteurised milk',0,1,'L',1,8,1,'lait-cru',20,1,NULL),(736,'2018-01-09 06:55:16','0000-00-00 00:00:00','Canard sauvage','','wild duck',0,1,'C',1,14,1,'canard-sauvage',9,1,NULL),(737,'2018-01-09 06:55:16','0000-00-00 00:00:00','Champignon sauvage','','wild mushroom',0,1,'C',1,18,1,'champignon-sauvage',13,1,NULL),(738,'2018-01-09 06:55:16','0000-00-00 00:00:00','Chou de bruxelles','','Brussels sprout',0,1,'C',1,17,1,'chou-de-Bruxelles',15,1,NULL),(739,'2018-01-09 06:55:16','0000-00-00 00:00:00','Chou palmiste','','heart of palm',0,1,'C',1,13,1,'chou-palmiste',13,1,NULL),(740,'2018-01-09 06:55:16','0000-00-00 00:00:00','Chou rouge','','red cabbage',0,1,'C',1,10,1,'chou-rouge',11,1,NULL),(741,'2018-01-09 06:55:16','0000-00-00 00:00:00','Chou vert','','Savoy cabbage',0,1,'C',1,9,1,'chou-vert',13,1,NULL),(742,'2018-01-09 06:55:16','0000-00-00 00:00:00','Cresson de fontaine','','water cress',0,1,'C',1,19,1,'cresson-de-fontaine',11,1,NULL),(743,'2018-01-09 06:55:16','0000-00-00 00:00:00','Haricot blanc','','haricot bean',0,1,'H',1,13,1,'haricot-blanc',12,1,NULL),(744,'2018-01-09 06:55:16','0000-00-00 00:00:00','Haricot rouge','','kidney bean',0,1,'H',1,13,1,'haricot-rouge',11,1,NULL),(745,'2018-01-09 06:55:16','0000-00-00 00:00:00','Haricot sec','','dried bean',0,1,'H',1,11,1,'haricot-sec',10,1,NULL),(746,'2018-01-09 06:55:16','0000-00-00 00:00:00','Haricot vert','','French bean',0,1,'H',1,12,1,'haricot-vert',11,1,NULL),(747,'2018-01-09 06:55:16','0000-00-00 00:00:00','Haricot mange-tout','','snap bean',0,1,'M',1,18,1,'haricot-mange-tout',9,1,NULL),(748,'2018-01-09 06:55:16','0000-00-00 00:00:00','Oignon doux','','Spanish onion',0,1,'O',1,11,1,'oignon-doux',13,1,NULL),(749,'2018-01-09 06:55:16','0000-00-00 00:00:00','Pois cassés','','split peas',0,1,'P',1,12,1,'pois-casss',10,1,NULL),(750,'2018-01-09 06:55:16','0000-00-00 00:00:00','Hareng de la baltique','','Baltic herring',0,1,'H',1,21,1,'hareng-de-la-Baltique',14,1,NULL),(751,'2018-01-09 06:55:16','0000-00-00 00:00:00','Omble chevalier','','arctic char',0,1,'O',1,15,1,'omble-chevalier',11,1,NULL),(752,'2018-01-09 06:55:16','0000-00-00 00:00:00','Rouget barbet','','red mullet',0,1,'R',1,13,1,'rouget-barbet',10,1,NULL),(753,'2018-01-09 06:55:16','2018-01-09 06:55:16','Actifs circulants','','current assets',0,1,'A',1,17,1,'actifs-circulants',14,1,NULL),(754,'2018-01-09 06:55:16','0000-00-00 00:00:00','Actifs immobilisés','','fixed assets',0,1,'A',1,19,1,'actifs-immobiliss',12,1,NULL),(755,'2018-01-09 06:55:16','2018-01-11 10:24:46','Actifs financiers immobilisés','','financial fixed assets',0,1,'A',1,30,1,'actifs-financiers-immobiliss',22,1,NULL),(756,'2018-01-09 06:55:16','2018-01-11 10:24:46','Actifs immobilisés corporels','','tangible fixed assets',0,1,'A',1,29,1,'actifs-immobiliss-corporels',21,1,NULL),(757,'2018-01-09 06:55:16','2018-01-11 10:24:46','Actifs immobilisés incorporels','','intangible fixed assets',0,1,'A',1,31,1,'actifs-immobiliss-incorporels',23,1,NULL),(758,'2018-01-09 06:55:16','2018-01-11 10:24:46','Amortissement des créances clients','','depreciation of trade receivables',0,1,'A',1,35,1,'amortissement-des-crances-clients',33,1,NULL),(759,'2018-01-09 06:55:16','2018-01-11 10:24:46','Analyse du seuil de rentabilité','','break-even analysis',0,1,'A',1,32,1,'analyse-du-seuil-de-rentabilit',19,1,NULL),(760,'2018-01-09 06:55:16','2018-01-11 10:24:46','Analyse financière','','financial analysis',0,1,'A',1,19,1,'analyse-financire',18,1,NULL),(761,'2018-01-09 06:55:16','2018-01-11 10:24:46','Analyse par les ratios / analyse de ratios','','ratio analysis',0,1,'A',1,42,1,'analyse-par-les-ratios--analyse-de-ratios',14,1,NULL),(762,'2018-01-09 06:55:16','2018-01-11 10:24:46','Annexe des états financiers','','note to financial statements',0,1,'A',1,28,1,'annexe-des-tats-financiers',28,1,NULL),(763,'2018-01-09 06:55:16','2018-01-11 10:24:46','Bénéfice avant impôts','','income before taxes',0,1,'B',1,24,1,'bnfice-avant-impts',19,1,NULL),(764,'2018-01-09 06:55:16','2018-01-11 10:24:46','Capital-risque','','venture capital',0,1,'C',1,14,1,'capital-risque',15,1,NULL),(765,'2018-01-09 06:55:16','2018-01-11 10:24:46','Commander un audit / demander un audit','','to commission an audit',0,1,'C',1,38,1,'commander-un-audit--demander-un-audit',22,1,NULL),(766,'2018-01-09 06:55:16','2018-01-11 10:24:46','Compte de résultat','','nominal accounts',0,1,'C',1,19,1,'compte-de-rsultat',16,1,NULL),(767,'2018-01-09 06:55:16','2018-01-11 10:24:46','Dépenses fiscales','','tax expenditures',0,1,'D',1,18,1,'dpenses-fiscales',16,1,NULL),(768,'2018-01-09 06:55:16','2018-01-11 10:24:46','Dépenses hors-cadre budgétaire','','non budgeted expenses',0,1,'D',1,32,1,'dpenses-hors-cadre-budgtaire',21,1,NULL),(769,'2018-01-09 06:55:16','2018-01-11 10:24:46','Dépenses incompressibles','','core expenditures',0,1,'D',1,25,1,'dpenses-incompressibles',17,1,NULL),(770,'2018-01-09 06:55:16','2018-01-11 10:24:46','Dépenses réglées en liquidités','','cash outlay / cash expense',0,1,'D',1,34,1,'dpenses-rgles-en-liquidits',26,1,NULL),(771,'2018-01-09 06:55:16','2018-01-11 10:24:46','Dilution des actions','','stock dilution',0,1,'D',1,20,1,'dilution-des-actions',14,1,NULL),(772,'2018-01-09 06:55:16','2018-01-11 10:24:46','Direction par objectifs / gestion par objectifs','','management by objectives',0,1,'D',1,47,2,'direction-par-objectifs--gestion-par-objectifs',24,1,NULL),(773,'2018-01-09 06:55:16','2018-01-11 10:24:46','Durée d’amortissement','','depreciation period',0,1,'D',1,24,1,'dure-damortissement',19,1,NULL),(774,'2018-01-09 06:55:16','2018-01-11 10:24:46','Entreprise en début de croissance','','early stage company',0,1,'E',1,34,1,'entreprise-en-dbut-de-croissance',19,1,NULL),(775,'2018-01-09 06:55:16','2018-01-11 10:24:46','Entreprise naissante / démarrage d’activité','','start-up business',0,1,'E',1,47,2,'entreprise-naissante--dmarrage-dactivit',17,1,NULL),(776,'2018-01-09 06:55:16','2018-01-11 10:24:46','Estimation des coûts / devis','','cost estimate',0,1,'E',1,29,1,'estimation-des-cots--devis',13,1,NULL),(777,'2018-01-09 06:55:16','2018-01-11 10:24:46','Etablir la balance âgée du portefeuille','établir la balance âgée du portefeuille','to age the portfolio',0,1,'E',1,41,1,'tablir-la-balance-ge-du-portefeuille',20,1,NULL),(778,'2018-01-09 06:55:16','2018-01-11 10:24:46','Etat de la situation financière','état de la situation financière','financial situation statement',0,1,'E',1,32,1,'tat-de-la-situation-financire',29,1,NULL),(779,'2018-01-09 06:55:16','2018-01-11 10:24:46','Etat des flux de trésorerie','état des flux de trésorerie','cash flow statement',0,1,'E',1,28,1,'tat-des-flux-de-trsorerie',19,1,NULL),(780,'2018-01-09 06:55:16','2018-01-11 10:24:46','Etats financiers audités','états financiers audités','audited financial statements',0,1,'E',1,25,1,'tats-financiers-audits',28,1,NULL),(781,'2018-01-09 06:55:16','2018-01-11 10:24:46','Etats financiers consolidés','états financiers consolidés','consolidated financial statement',0,1,'E',1,28,1,'tats-financiers-consolids',32,1,NULL),(782,'2018-01-09 06:55:16','2018-01-11 10:24:46','Etude d’impact','étude d’impact','impact assessment',0,1,'E',1,16,1,'tude-dimpact',17,1,NULL),(783,'2018-01-09 06:55:16','0000-00-00 00:00:00','Facilités de découvert','','overdraft facilities',0,1,'F',1,24,1,'facilits-de-dcouvert',20,1,NULL),(784,'2018-01-09 06:55:16','2018-01-11 10:24:46','Financement par capitaux propres','','equity financing',0,1,'F',1,32,1,'financement-par-capitaux-propres',16,1,NULL),(785,'2018-01-09 06:55:16','2018-01-11 10:24:46','Financement provisoire','','interim financing',0,1,'F',1,22,1,'financement-provisoire',17,1,NULL),(786,'2018-01-09 06:55:16','2018-01-11 10:24:46','Financement reposant sur l’actif','','asset-based lending',0,1,'F',1,34,1,'financement-reposant-sur-lactif',19,1,NULL),(787,'2018-01-09 06:55:16','2018-01-11 10:24:46','Financement subordonné','','subordinate financing',0,1,'F',1,23,1,'financement-subordonn',21,1,NULL),(788,'2018-01-09 06:55:16','2018-01-11 10:24:46','Fonds d’investissement','','investment funds',0,1,'F',1,24,1,'fonds-dinvestissement',16,1,NULL),(789,'2018-01-09 06:55:16','2018-01-11 10:24:46','Fonds de capital de risque','','venture capital funds',0,1,'F',1,26,1,'fonds-de-capital-de-risque',21,1,NULL),(790,'2018-01-09 06:55:16','2018-01-11 10:24:46','Immobilisations incorporelles','','intangible assets',0,1,'I',1,29,1,'immobilisations-incorporelles',17,1,NULL),(791,'2018-01-09 06:55:16','2018-01-11 10:24:46','Incubateurs d’entreprises','','business incubators',0,1,'I',1,27,1,'incubateurs-dentreprises',19,1,NULL),(792,'2018-01-09 06:55:16','2018-01-11 10:24:46','Indicateur d’efficacité','','efficiency indicator',0,1,'I',1,26,1,'indicateur-defficacit',20,1,NULL),(793,'2018-01-09 06:55:16','2018-01-11 10:24:46','Indicateur de croissance','','growth indicator',0,1,'I',1,24,1,'indicateur-de-croissance',16,1,NULL),(794,'2018-01-09 06:55:16','2018-01-11 10:24:46','Indicateur de gestion','','management indicator',0,1,'I',1,21,1,'indicateur-de-gestion',20,1,NULL),(795,'2018-01-09 06:55:16','2018-01-11 10:24:46','Indicateur de performance','','performance indicator',0,1,'I',1,25,1,'indicateur-de-performance',21,1,NULL),(796,'2018-01-09 06:55:16','2018-01-11 10:24:46','Information de gestion','','management information',0,1,'I',1,22,1,'information-de-gestion',22,1,NULL),(797,'2018-01-09 06:55:16','2018-01-11 10:24:46','Investisseur providentiel','','business angel / angel investor',0,1,'I',1,25,1,'investisseur-providentiel',31,1,NULL),(798,'2018-01-09 06:55:16','2018-01-11 10:24:46','Liquidités oisives / liquidités improductives','','idle cash',0,1,'L',1,47,2,'liquidits-oisives--liquidits-improductives',9,1,NULL),(799,'2018-01-09 06:55:16','2018-01-11 10:24:46','Marge bénéficiaire brute','','gross margin',0,1,'M',1,26,1,'marge-bnficiaire-brute',12,1,NULL),(800,'2018-01-09 06:55:16','2018-01-11 10:24:46','Modélisation financière','','financial modelling',0,1,'M',1,25,1,'modlisation-financire',19,1,NULL),(801,'2018-01-09 06:55:16','2018-01-11 10:24:46','Montant porteur d\'intérêt','','interest bearing amount',0,1,'M',1,27,1,'montant-porteur-dintrt',23,1,NULL),(802,'2018-01-09 06:55:16','2018-01-11 10:24:46','Montants et publication d’information','','amounts and disclosures',0,1,'M',1,39,1,'montants-et-publication-dinformation',23,1,NULL),(803,'2018-01-09 06:55:16','2018-01-11 10:24:46','Multiplicateur de fonds propres','','equity multiplier',0,1,'M',1,31,1,'multiplicateur-de-fonds-propres',17,1,NULL),(804,'2018-01-09 06:55:16','2018-01-11 10:24:46','Niveau de liquidité obligatoire / niveau de trésorerie obligatoire','','liquidity requirements',0,1,'N',1,68,2,'niveau-de-liquidit-obligatoire--niveau-de-trsorerie-obligatoire',22,1,NULL),(805,'2018-01-09 06:55:16','2018-01-11 10:24:46','Normes applicables à l’information financière','','financial standards / standards for financial reporting',0,1,'N',1,49,2,'normes-applicables--linformation-financire',55,2,NULL),(806,'2018-01-09 06:55:16','2018-01-11 10:24:46','Normes internationales d’information financière','','international financial reporting standards',0,1,'N',1,50,2,'normes-internationales-dinformation-financire',43,1,NULL),(807,'2018-01-09 06:55:16','2018-01-11 10:24:46','Note à la direction / lettre de recommandations','','management letter',0,1,'N',1,48,2,'note--la-direction--lettre-de-recommandations',17,1,NULL),(808,'2018-01-09 06:55:16','2018-01-11 10:24:46','Numéro de compte analytique','','descriptive account number',0,1,'N',1,28,1,'numro-de-compte-analytique',26,1,NULL),(809,'2018-01-09 06:55:16','2018-01-11 10:24:46','Paiement au comptant','','cash payment',0,1,'P',1,20,1,'paiement-au-comptant',12,1,NULL),(810,'2018-01-09 06:55:16','2018-01-11 10:24:46','Partage des coûts / répartition des charges','','cost sharing',0,1,'P',1,45,2,'partage-des-cots--rpartition-des-charges',12,1,NULL),(811,'2018-01-09 06:55:16','2018-01-11 10:24:46','Passif à court terme','','current liabilities',0,1,'P',1,21,1,'passif--court-terme',19,1,NULL),(812,'2018-01-09 06:55:16','2018-01-11 10:24:46','Passif à long terme','','long-term liabilities',0,1,'P',1,20,1,'passif--long-terme',21,1,NULL),(813,'2018-01-09 06:55:16','2018-01-11 10:24:46','Passif financier','','financial liabilities',0,1,'P',1,16,1,'passif-financier',21,1,NULL),(814,'2018-01-09 06:55:16','2018-01-11 10:24:46','Plan d’action pour le capital-risque','','action plan for venture capital',0,1,'P',1,38,1,'plan-daction-pour-le-capital-risque',31,1,NULL),(815,'2018-01-09 06:55:16','2018-01-11 10:24:46','Planification de développement','','business planning',0,1,'P',1,31,1,'planification-de-dveloppement',17,1,NULL),(816,'2018-01-09 06:55:16','2018-01-11 10:24:46','Planification globale','','comprehensive planning',0,1,'P',1,21,1,'planification-globale',22,1,NULL),(817,'2018-01-09 06:55:16','2018-01-11 10:24:46','Planification indicative','','guidance planning / indicative planning',0,1,'P',1,24,1,'planification-indicative',39,1,NULL),(818,'2018-01-09 06:55:16','2018-01-11 10:24:46','Planification stratégique','','strategic planning',0,1,'P',1,26,1,'planification-stratgique',18,1,NULL),(819,'2018-01-09 06:55:16','2018-01-11 10:24:46','Provision / dotation pour dépenses à venir','','provision for future costs',0,1,'P',1,44,1,'provision--dotation-pour-dpenses--venir',26,1,NULL),(820,'2018-01-09 06:55:16','2018-01-11 10:24:46','Rachat d’entreprise par des investisseurs et des cadres','','company buyout by investors and managers',0,1,'R',1,57,2,'rachat-dentreprise-par-des-investisseurs-et-des-cadres',40,1,NULL),(821,'2018-01-09 06:55:16','2018-01-11 10:24:46','Rachat d’entreprise par les salariés','','employee company buyout',0,1,'R',1,39,1,'rachat-dentreprise-par-les-salaris',23,1,NULL),(822,'2018-01-09 06:55:16','2018-01-11 10:24:46','Ratio de liquidité générale','','general liquidity ratio',0,1,'R',1,30,1,'ratio-de-liquidit-gnrale',23,1,NULL),(823,'2018-01-09 06:55:16','2018-01-11 10:24:46','Ratio de liquidité relative','','quick liquidity ratio',0,1,'R',1,28,1,'ratio-de-liquidit-relative',21,1,NULL),(824,'2018-01-09 06:55:16','2018-01-11 10:24:46','Ratio de rentabilité des ventes','','sales profitability ratio / return on sales ratio',0,1,'R',1,32,1,'ratio-de-rentabilit-des-ventes',49,2,NULL),(825,'2018-01-09 06:55:16','2018-01-11 10:24:46','Ratio du fonds de roulement','','working capital ratio',0,1,'R',1,27,1,'ratio-du-fonds-de-roulement',21,1,NULL),(826,'2018-01-09 06:55:16','2018-01-11 10:24:46','Relevé de banque','','bank statement',0,1,'R',1,17,1,'relev-de-banque',14,1,NULL),(827,'2018-01-09 06:55:16','2018-01-11 13:05:39','Rendement des capitaux propres','','return on equity',0,1,'R',1,30,1,'rendement-des-capitaux-propres',16,1,NULL),(828,'2018-01-09 06:55:16','2018-01-11 10:24:46','Résultat courant avant impôts sur les bénéfices des sociétés','','operating result before corporate tax on profit',0,1,'R',1,66,2,'rsultat-courant-avant-impts-sur-les-bnfices-des-socits',47,2,NULL),(829,'2018-01-09 06:55:16','2018-01-11 10:24:46','Résultat de l\'exercice','','result for the financial year',0,1,'R',1,23,1,'rsultat-de-lexercice',29,1,NULL),(830,'2018-01-09 06:55:16','2018-01-11 10:24:46','Résultat exceptionnel','','exceptional income',0,1,'R',1,22,1,'rsultat-exceptionnel',18,1,NULL),(831,'2018-01-09 06:55:16','2018-01-11 10:24:46','Résultat financier','','financial income',0,1,'R',1,19,1,'rsultat-financier',16,1,NULL),(832,'2018-01-09 06:55:16','2018-01-11 10:24:46','Résultat net corrigé','','adjusted net result',0,1,'R',1,22,1,'rsultat-net-corrig',19,1,NULL),(833,'2018-01-09 06:55:16','2018-01-11 10:24:46','Résultat net exceptionnel','','net exceptional result',0,1,'R',1,26,1,'rsultat-net-exceptionnel',22,1,NULL),(834,'2018-01-09 06:55:16','2018-01-11 10:24:46','Résultat opérationnel','','income from operation / operational result',0,1,'R',1,23,1,'rsultat-oprationnel',42,1,NULL),(835,'2018-01-09 06:55:16','2018-01-11 10:24:46','Société en commandite','','limited partnership',0,1,'S',1,23,1,'socit-en-commandite',19,1,NULL),(836,'2018-01-09 06:55:16','2018-01-11 10:24:46','Taux de dépréciation annuel','','the annual depreciation rates',0,1,'T',1,29,1,'taux-de-dprciation-annuel',29,1,NULL),(837,'2018-01-09 06:55:16','2018-01-11 10:24:46','Total des charges d\'exploitation','','total operating expenses',0,1,'T',1,32,1,'total-des-charges-dexploitation',24,1,NULL),(838,'2018-01-09 06:55:16','2018-01-11 10:24:46','Total des résultats d\'exploitation','','total operating income',0,1,'T',1,35,1,'total-des-rsultats-dexploitation',22,1,NULL),(839,'2018-01-09 06:55:16','2018-01-11 10:24:46','Valeur nette de l’entreprise','','company net worth',0,1,'V',1,30,1,'valeur-nette-de-lentreprise',17,1,NULL),(840,'2018-01-09 06:55:16','0000-00-00 00:00:00','A bientôt ! / a plus tard!','','See you soon! / See you later !',155887,1,'A ',1,27,1,'A-bientt---A-plus-tard',31,1,NULL),(841,'2018-01-09 06:55:16','0000-00-00 00:00:00','Au revoir','','Bye, then !',0,1,'A',1,9,1,'Au-revoir',11,1,NULL),(842,'2018-01-09 06:55:16','0000-00-00 00:00:00','Au revoir! a bientôt j\'espère!','','Bye-bye! Hope to see you again!',0,1,'A',1,32,1,'Au-revoir-A-bientt-jespre',31,1,NULL),(843,'2018-01-09 06:55:16','0000-00-00 00:00:00','ça va!','Ça va!','I\'m OK / I\'m fine.',155884,1,'C ',1,5,1,'a-va',18,1,NULL),(844,'2018-01-09 06:55:16','0000-00-00 00:00:00','Comme ci, comme ça.','','So so !',0,1,'C',1,20,1,'Comme-ci-comme-a',7,1,NULL),(845,'2018-01-09 06:55:16','0000-00-00 00:00:00','Comment ça va?','','How\'s it going? / How are you doing?',0,1,'C',1,15,1,'Comment-a-va',36,1,NULL),(846,'2018-01-09 06:55:16','0000-00-00 00:00:00','Est-ce que je peux vous aider?','','Can I give you a hand? / Can I help you?',0,1,'E',1,30,1,'Est-ce-que-je-peux-vous-aider',40,1,NULL),(847,'2018-01-09 06:55:16','0000-00-00 00:00:00','Non, ça va merci.','','No, I\'m fine thank you.',0,1,'N',1,18,1,'Non-a-va-merci',23,1,NULL),(848,'2018-01-09 06:55:16','0000-00-00 00:00:00','Quoi de neuf?','','What\'s new? / What\'s up?',0,1,'Q',1,13,1,'Quoi-de-neuf',24,1,NULL),(849,'2018-01-09 06:55:16','0000-00-00 00:00:00','Très bien, et vous-même?','','I\'m very well. What about you?',0,1,'T',1,26,1,'Trs-bien-et-vous-mme',30,1,NULL),(850,'2018-01-09 06:55:16','0000-00-00 00:00:00','A une prochaine fois!','','We\'ll have to meet again sometime !',0,1,'A',1,21,1,'A-une-prochaine-fois',35,1,NULL),(851,'2018-01-09 06:55:16','0000-00-00 00:00:00','Amusez-vous bien !','','Enjoy! / Have fun!',0,1,'A',1,18,1,'Amusez-vous-bien-',18,1,NULL),(852,'2018-01-09 06:55:16','0000-00-00 00:00:00','Auriez-vous l\'obligeance de…','','Would you be kind enough to…',0,1,'A',1,30,1,'Auriez-vous-lobligeance-de',30,1,NULL),(853,'2018-01-09 06:55:16','0000-00-00 00:00:00','Avec du lait? avec du sucre?','','With milk? With sugar?',0,1,'A',1,28,1,'Avec-du-lait-Avec-du-sucre',22,1,NULL),(854,'2018-01-09 06:55:16','0000-00-00 00:00:00','Bienvenue à bord !','','Welcome on board!',0,1,'B',1,19,1,'Bienvenue--bord-',17,1,NULL),(855,'2018-01-09 06:55:16','0000-00-00 00:00:00','Bienvenue à cette xème édition de notre conférence commerciale annuelle','','Welcome to this Xth edition of our annual sales conference',0,1,'B',1,75,2,'Bienvenue--cette-Xme-dition-de-notre-confrence-commerciale-annuelle',58,2,NULL),(856,'2018-01-09 06:55:16','0000-00-00 00:00:00','Bon après-midi!','','Have a nice afternoon!',0,1,'B',1,16,1,'Bon-aprs-midi',22,1,NULL),(857,'2018-01-09 06:55:16','0000-00-00 00:00:00','Bon voyage !','','Have a safe journey! / Have a nice trip!',0,1,'B',1,12,1,'Bon-voyage-',40,1,NULL),(858,'2018-01-09 06:55:16','0000-00-00 00:00:00','Bon week-end !','','Have a nice week-end!',0,1,'B',1,14,1,'Bon-week-end-',21,1,NULL),(859,'2018-01-09 06:55:16','0000-00-00 00:00:00','Bonne chance à la réunion / bon courage!','','Good luck with the meeting!',0,1,'B',1,42,1,'Bonne-chance--la-runion--Bon-courage',27,1,NULL),(860,'2018-01-09 06:55:16','0000-00-00 00:00:00','Bonne journée!','','Have a nice / good day!',0,1,'B',1,15,1,'Bonne-journe',23,1,NULL),(861,'2018-01-09 06:55:16','0000-00-00 00:00:00','Bonne soirée!','','Have a nice evening!',0,1,'B',1,14,1,'Bonne-soire',20,1,NULL),(862,'2018-01-09 06:55:16','0000-00-00 00:00:00','Bonnes vacances !','','Enjoy your holidays! / Have a good vacation',0,1,'B',1,17,1,'Bonnes-vacances-',43,1,NULL),(863,'2018-01-09 06:55:16','0000-00-00 00:00:00','Cela fait longtemps qu\'on ne s\'est pas vus','','Long time no see',0,1,'C',1,42,1,'Cela-fait-longtemps-quon-ne-sest-pas-vus',16,1,NULL),(864,'2018-01-09 06:55:16','0000-00-00 00:00:00','C\'est un plaisir.','','My pleasure.',0,1,'C',1,17,1,'Cest-un-plaisir',12,1,NULL),(865,'2018-01-09 06:55:16','0000-00-00 00:00:00','Combien vous-dois-je ?','','How much do I owe you?',0,1,'C',1,22,1,'Combien-vous-dois-je-',22,1,NULL),(866,'2018-01-09 06:55:16','0000-00-00 00:00:00','Comment allez-vous?','','How are you? / How are you doing? / How do you do?',0,1,'C',1,19,1,'Comment-allez-vous',50,2,NULL),(867,'2018-01-09 06:55:16','0000-00-00 00:00:00','Comment ça se passe ?','','How is it going?',0,1,'C',1,22,1,'Comment-a-se-passe-',16,1,NULL),(868,'2018-01-09 06:55:16','0000-00-00 00:00:00','Comment vous sentez-vous ?','','How do you feel?',0,1,'C',1,26,1,'Comment-vous-sentez-vous-',16,1,NULL),(869,'2018-01-09 06:55:16','0000-00-00 00:00:00','De rien!','','You are welcome!',0,1,'D',1,8,1,'De-rien',16,1,NULL),(870,'2018-01-09 06:55:16','0000-00-00 00:00:00','Enchanté de vous avoir rencontré!','','It was a pleasure meeting you!',0,1,'E',1,35,1,'Enchant-de-vous-avoir-rencontr',30,1,NULL),(871,'2018-01-09 06:55:16','0000-00-00 00:00:00','Est-ce que quelqu\'un s\'occupe de vous ?','','Are you being served?',0,1,'E',1,39,1,'Est-ce-que-quelquun-soccupe-de-vous-',21,1,NULL),(872,'2018-01-09 06:55:16','0000-00-00 00:00:00','Excusez-moi, pouvez-vous m\'indiquer le chemin vers…','','Excuse-me, can you show me the way to…',0,1,'E',1,53,2,'Excusez-moi-pouvez-vous-mindiquer-le-chemin-vers',40,1,NULL),(873,'2018-01-09 06:55:16','0000-00-00 00:00:00','Il y a eu un malentendu','','There\'s been a misunderstanding',0,1,'I',1,23,1,'Il-y-a-eu-un-malentendu',31,1,NULL),(874,'2018-01-09 06:55:16','0000-00-00 00:00:00','Je cherche mr x.','','I am looking for Mr X.',0,1,'J',1,16,1,'Je-cherche-Mr-X',22,1,NULL),(875,'2018-01-09 06:55:16','0000-00-00 00:00:00','Je ne vous remercierai jamais assez / je ne sais comment vous remercier','','I can\'t/will never thank you enough',0,1,'J',1,71,2,'Je-ne-vous-remercierai-jamais-assez--Je-ne-sais-comment-vous-remercier',35,1,NULL),(876,'2018-01-09 06:55:16','0000-00-00 00:00:00','Je vais bien merci, et vous-même?','','I\'m fine thanks, and you?',0,1,'J',1,34,1,'Je-vais-bien-merci-et-vous-mme',25,1,NULL),(877,'2018-01-09 06:55:16','0000-00-00 00:00:00','Je voudrais réserver une table','','I\'d like to book a table',0,1,'J',1,31,1,'Je-voudrais-rserver-une-table',24,1,NULL),(878,'2018-01-09 06:55:16','0000-00-00 00:00:00','Je vous en prie / il n\'y a pas de quoi / de rien','','Don\'t mention it / You\'re welcome / My pleasure',0,1,'J',1,48,2,'Je-vous-en-prie--Il-ny-a-pas-de-quoi--De-rien',47,2,NULL),(879,'2018-01-09 06:55:16','0000-00-00 00:00:00','Je vous serais reconnaissant de bien vouloir…','','I\'d be grateful if you would…',0,1,'J',1,47,2,'Je-vous-serais-reconnaissant-de-bien-vouloir',31,1,NULL),(880,'2018-01-09 06:55:16','0000-00-00 00:00:00','Je vous souhaite le meilleur','','I wish you all the best',0,1,'J',1,28,1,'Je-vous-souhaite-le-meilleur',23,1,NULL),(881,'2018-01-09 06:55:16','0000-00-00 00:00:00','Je vous souhaite un prompt rétablissement','','I wish you a speedy recovery / Get well soon!',0,1,'J',1,42,1,'Je-vous-souhaite-un-prompt-rtablissement',45,2,NULL),(882,'2018-01-09 06:55:16','0000-00-00 00:00:00','J\'espère que vous avez passé un bon séjour!','','I hope you enjoyed your stay!',0,1,'J',1,46,2,'Jespre-que-vous-avez-pass-un-bon-sjour',29,1,NULL),(883,'2018-01-09 06:55:16','0000-00-00 00:00:00','J\'espère vous revoir bientôt.','','Hope to see you again soon !',0,1,'J',1,31,1,'Jespre-vous-revoir-bientt',28,1,NULL),(884,'2018-01-09 06:55:16','0000-00-00 00:00:00','L\'objectif de cette réunion est de…','','The purpose of this meeting is to…',0,1,'L',1,38,1,'Lobjectif-de-cette-runion-est-de',36,1,NULL),(885,'2018-01-09 06:55:16','0000-00-00 00:00:00','Meilleurs vœux de bonheur et de santé !','','Best wishes for happiness and health!',0,1,'M',1,41,1,'Meilleurs-vux-de-bonheur-et-de-sant-',37,1,NULL),(886,'2018-01-09 06:55:16','0000-00-00 00:00:00','Merci beaucoup!','','Thank you very much!',0,1,'M',1,15,1,'Merci-beaucoup',20,1,NULL),(887,'2018-01-09 06:55:16','0000-00-00 00:00:00','Merci d\'avoir appelé.','','Thank you for calling',0,1,'M',1,22,1,'Merci-davoir-appel',21,1,NULL),(888,'2018-01-09 06:55:16','0000-00-00 00:00:00','Merci d\'avoir posé la question','','Thank you for asking',0,1,'M',1,31,1,'Merci-davoir-pos-la-question',20,1,NULL),(889,'2018-01-09 06:55:16','0000-00-00 00:00:00','Merci de nous avoir invités','','Thank you for inviting us / Thank you for having us.',0,1,'M',1,28,1,'Merci-de-nous-avoir-invits',52,2,NULL),(890,'2018-01-09 06:55:16','0000-00-00 00:00:00','Merci d\'être venu.','','Thank you for coming.',0,1,'M',1,19,1,'Merci-dtre-venu',21,1,NULL),(891,'2018-01-09 06:55:16','0000-00-00 00:00:00','Merci infiniment','','Thanks a million',0,1,'M',1,16,1,'Merci-infiniment',16,1,NULL),(892,'2018-01-09 06:55:16','0000-00-00 00:00:00','Merci pour le temps que vous m\'avez consacré','','Thank you for your time / Thanks for your time',0,1,'M',1,45,2,'Merci-pour-le-temps-que-vous-mavez-consacr',46,2,NULL),(893,'2018-01-09 06:55:16','0000-00-00 00:00:00','Merci pour votre attention','','Thank you for your attention / Thanks for your attention',0,1,'M',1,26,1,'Merci-pour-votre-attention',56,2,NULL),(894,'2018-01-09 06:55:16','0000-00-00 00:00:00','Merci pour votre rapidité','','Thank you for your promptness',0,1,'M',1,26,1,'Merci-pour-votre-rapidit',29,1,NULL),(895,'2018-01-09 06:55:16','0000-00-00 00:00:00','Merci pour votre réponse à…','','Thank you for your answer to…',0,1,'M',1,31,1,'Merci-pour-votre-rponse-',31,1,NULL),(896,'2018-01-09 06:55:16','0000-00-00 00:00:00','Mes sincères condoléances / toutes mes condoléances','','My deepest sympathy / My heartfelt condolences',0,1,'M',1,54,2,'Mes-sincres-condolances--Toutes-mes-condolances',46,2,NULL),(897,'2018-01-09 06:55:16','0000-00-00 00:00:00','Nous nous excusons des désagréments engendrés par cette situation','','We apologize for the inconvenience caused by this situation',0,1,'N',1,68,2,'Nous-nous-excusons-des-dsagrments-engendrs-par-cette-situation',59,2,NULL),(898,'2018-01-09 06:55:16','0000-00-00 00:00:00','Oui, merci. je voudrais...','','Yes thank you. I would like...',0,1,'O',1,26,1,'Oui-merci-Je-voudrais',30,1,NULL),(899,'2018-01-09 06:55:16','0000-00-00 00:00:00','Oui, s\'il vous plaît.','','Yes, please.',0,1,'O',1,22,1,'Oui-sil-vous-plat',12,1,NULL),(900,'2018-01-09 06:55:16','0000-00-00 00:00:00','Oui, s\'il vous plaît. pouvez-vous me dire...','','Yes, please. Could you tell me…',0,1,'O',1,45,2,'Oui-sil-vous-plat-Pouvez-vous-me-dire',33,1,NULL),(901,'2018-01-09 06:55:16','0000-00-00 00:00:00','Pourriez-vous m\'éclairer sur ce point, s\'il vous plaît ?','','Could you clarify this point for me, please?',0,1,'P',1,58,2,'Pourriez-vous-mclairer-sur-ce-point-sil-vous-plat-',44,1,NULL),(902,'2018-01-09 06:55:16','0000-00-00 00:00:00','Pouvez-vous faire ça pour moi ?','','Will you do that for me?',0,1,'P',1,32,1,'Pouvez-vous-faire-a-pour-moi-',24,1,NULL),(903,'2018-01-09 06:55:16','0000-00-00 00:00:00','Pouvez-vous m\'apporter…, s\'il vous plaît ?','','Could you please bring me…, please?',0,1,'P',1,45,2,'Pouvez-vous-mapporter-sil-vous-plat-',37,1,NULL),(904,'2018-01-09 06:55:16','0000-00-00 00:00:00','Pouvez-vous me confirmer cette information ?','','Can you confirm that information for me?',0,1,'P',1,44,1,'Pouvez-vous-me-confirmer-cette-information-',40,1,NULL),(905,'2018-01-09 06:55:16','0000-00-00 00:00:00','Pouvez-vous me renseigner sur la situation actuelle ?','','Can you give me an update about the current situation?',0,1,'P',1,53,2,'Pouvez-vous-me-renseigner-sur-la-situation-actuelle-',54,2,NULL),(906,'2018-01-09 06:55:16','0000-00-00 00:00:00','Pouvez-vous nous recommander un bon restaurant ?','','Could you recommend a good restaurant?',0,1,'P',1,48,2,'Pouvez-vous-nous-recommander-un-bon-restaurant-',38,1,NULL),(907,'2018-01-09 06:55:16','0000-00-00 00:00:00','Pouvons-nous commencer ?','','Shall we start?',0,1,'P',1,24,1,'Pouvons-nous-commencer-',15,1,NULL),(908,'2018-01-09 06:55:16','0000-00-00 00:00:00','Prenez soin de vous','','Take care',0,1,'P',1,19,1,'Prenez-soin-de-vous',9,1,NULL),(909,'2018-01-09 06:55:16','0000-00-00 00:00:00','Que puis-je faire pour vous, monsieur?','','What can I do for you, Sir?',0,1,'Q',1,38,1,'Que-puis-je-faire-pour-vous-Monsieur',27,1,NULL),(910,'2018-01-09 06:55:16','0000-00-00 00:00:00','Un sucre, s\'il vous plaît. pas de lait, merci.','','One sugar, please. No milk, thank you.',0,1,'U',1,47,2,'Un-sucre-sil-vous-plat-Pas-de-lait-merci',38,1,NULL),(911,'2018-01-09 06:55:16','0000-00-00 00:00:00','Veuillez accepter nos sincères excuses pour cette erreur','','Please accept our sincere apologies for the mistake',0,1,'V',1,57,2,'Veuillez-accepter-nos-sincres-excuses-pour-cette-erreur',51,2,NULL),(912,'2018-01-09 06:55:16','0000-00-00 00:00:00','Votre coopération pour ce dossier serait très appréciée','','Your cooperation in this matter would be greatly appreciated',0,1,'V',1,59,2,'Votre-coopration-pour-ce-dossier-serait-trs-apprcie',60,2,NULL),(913,'2018-01-09 06:55:16','0000-00-00 00:00:00','Voulez-vous passer commande ?','','Are you ready to order?',0,1,'V',1,29,1,'Voulez-vous-passer-commande-',23,1,NULL),(914,'2018-01-09 06:55:16','0000-00-00 00:00:00','Voulez-vous reprendre une tasse de thé ?','','Would you like to have another cup of tea?',0,1,'V',1,41,1,'Voulez-vous-reprendre-une-tasse-de-th-',42,1,NULL),(915,'2018-01-09 06:55:16','0000-00-00 00:00:00','Voulez-vous un café?','','Would you like a cup of coffee?',0,1,'V',1,21,1,'Voulez-vous-un-caf',31,1,NULL),(916,'2018-01-09 06:55:16','0000-00-00 00:00:00','Voulez-vous vous joindre à nous pour le déjeuner ?','','Would you like to join us for lunch?',0,1,'V',1,52,2,'Voulez-vous-vous-joindre--nous-pour-le-djeuner-',36,1,NULL),(917,'2018-01-09 06:55:16','2018-01-10 10:09:24','Vous pouvez compter sur moi','','You can count on me',0,1,'V',1,27,1,'Vous-pouvez-compter-sur-moi',19,1,NULL),(918,'2018-01-09 06:55:16','0000-00-00 00:00:00','Acide nitrique','','nitric acid',0,1,'A',1,14,1,'acide-nitrique',11,1,NULL),(919,'2018-01-09 06:55:16','0000-00-00 00:00:00','Acide sulfurique','','sulphuric acid',0,1,'A',1,16,1,'acide-sulfurique',14,1,NULL),(920,'2018-01-09 06:55:16','0000-00-00 00:00:00','Acides carboxyliques','','carboxylic acids',0,1,'A',1,20,1,'acides-carboxyliques',16,1,NULL),(921,'2018-01-09 06:55:16','0000-00-00 00:00:00','Acier laminé à froid','','cold roll steel',0,1,'A',1,22,1,'acier-lamin--froid',15,1,NULL),(922,'2018-01-09 06:55:16','0000-00-00 00:00:00','Acier trempé','','hardened steel',0,1,'A',1,13,1,'acier-tremp',14,1,NULL),(923,'2018-01-09 06:55:16','0000-00-00 00:00:00','Activité de base','','core business',0,1,'A',1,17,1,'activit-de-base',13,1,NULL),(924,'2018-01-09 06:55:16','0000-00-00 00:00:00','Additif alimentaire','','food additive',0,1,'A',1,19,1,'additif-alimentaire',13,1,NULL),(925,'2018-01-09 06:55:16','0000-00-00 00:00:00','Appareil de compression','','compression machine',0,1,'A',1,23,1,'appareil-de-compression',19,1,NULL),(926,'2018-01-09 06:55:16','0000-00-00 00:00:00','Câble de levage','','lifting cable',0,1,'C',1,16,1,'cble-de-levage',13,1,NULL),(927,'2018-01-09 06:55:16','0000-00-00 00:00:00','Carton ondulé','','corrugated board',0,1,'C',1,14,1,'carton-ondul',16,1,NULL),(928,'2018-01-09 06:55:16','0000-00-00 00:00:00','Centre de production','','production unit',0,1,'C',1,20,1,'centre-de-production',15,1,NULL),(929,'2018-01-09 06:55:16','0000-00-00 00:00:00','Chef de production','','line manager',0,1,'C',1,18,1,'chef-de-production',12,1,NULL),(930,'2018-01-09 06:55:16','0000-00-00 00:00:00','Fabrication assistée par ordinateur','','computer-aided manufacturing',0,1,'F',1,36,1,'fabrication-assiste-par-ordinateur',28,1,NULL),(931,'2018-01-09 06:55:16','0000-00-00 00:00:00','Contrôle de processus','','process control',0,1,'C',1,22,1,'contrle-de-processus',15,1,NULL),(932,'2018-01-09 06:55:16','2018-01-09 14:11:27','Contrôle qualité','','quality control',0,1,'C',1,18,1,'contrle-qualit',15,1,NULL),(933,'2018-01-09 06:55:16','0000-00-00 00:00:00','Couvre sol / revêtement de sol','','floor covering / flooring',0,1,'C',1,31,1,'couvre-sol--revtement-de-sol',25,1,NULL),(934,'2018-01-09 06:55:16','0000-00-00 00:00:00','Cylindre d’impression','','print cylinder',0,1,'C',1,23,1,'cylindre-dimpression',14,1,NULL),(935,'2018-01-09 06:55:16','0000-00-00 00:00:00','Département finition','','finishing department',0,1,'D',1,21,1,'dpartement-finition',20,1,NULL),(936,'2018-01-09 06:55:16','0000-00-00 00:00:00','Dispersion de polymères','','polymer dispersion',0,1,'D',1,24,1,'dispersion-de-polymres',18,1,NULL),(937,'2018-01-09 06:55:16','0000-00-00 00:00:00','Ecart de fabrication','écart de fabrication','manufacturing deviation',0,1,'E',1,20,1,'cart-de-fabrication',23,1,NULL),(938,'2018-01-09 06:55:16','0000-00-00 00:00:00','Emballage industriel','','industrial packaging',0,1,'E',1,20,1,'emballage-industriel',20,1,NULL),(939,'2018-01-09 06:55:16','0000-00-00 00:00:00','Essai de matériaux','','material trial',0,1,'E',1,19,1,'essai-de-matriaux',14,1,NULL),(940,'2018-01-09 06:55:16','0000-00-00 00:00:00','Etude détaillée','étude détaillée','detailed study',0,1,'E',1,17,1,'tude-dtaille',14,1,NULL),(941,'2018-01-09 06:55:16','0000-00-00 00:00:00','Fibres agglomérées / comprimées','','compressed fibres',0,1,'F',1,34,1,'fibres-agglomres--comprimes',17,1,NULL),(942,'2018-01-09 06:55:16','0000-00-00 00:00:00','Gamme de colorants','','range of colouring / dyes',0,1,'G',1,18,1,'gamme-de-colorants',25,1,NULL),(943,'2018-01-09 06:55:16','0000-00-00 00:00:00','Gestion de la sécurité','','safety management',0,1,'G',1,24,1,'gestion-de-la-scurit',17,1,NULL),(944,'2018-01-09 06:55:16','2018-01-09 06:55:16','Gisement de pétrole','','oil field',0,1,'G',1,20,1,'gisement-de-ptrole',9,1,NULL),(945,'2018-01-09 06:55:16','0000-00-00 00:00:00','Grand atelier pilote','','large pilot workshop',0,1,'G',1,20,1,'grand-atelier-pilote',20,1,NULL),(946,'2018-01-09 06:55:16','0000-00-00 00:00:00','Industrie alimentaire','','food industry',0,1,'I',1,21,1,'industrie-alimentaire',13,1,NULL),(947,'2018-01-09 06:55:16','0000-00-00 00:00:00','Industrie automobile','','automotive industry',0,1,'I',1,20,1,'industrie-automobile',19,1,NULL),(948,'2018-01-09 06:55:16','2018-01-09 11:49:28','Industrie chimique','','chemical industry',0,1,'I',1,18,1,'industrie-chimique',17,1,NULL),(949,'2018-01-09 06:55:16','0000-00-00 00:00:00','Industrie cosmétique','','cosmetic industry',0,1,'I',1,21,1,'industrie-cosmtique',17,1,NULL),(950,'2018-01-09 06:55:16','2018-01-09 11:49:28','Industrie pétrolière','','oil industry',0,1,'I',1,22,1,'industrie-ptrolire',12,1,NULL),(951,'2018-01-09 06:55:16','0000-00-00 00:00:00','Ingénieur qualité','','quality engineer',0,1,'I',1,19,1,'ingnieur-qualit',16,1,NULL),(952,'2018-01-09 06:55:16','0000-00-00 00:00:00','Laboratoire d\'analyse','','analytical laboratory',0,1,'L',1,21,1,'laboratoire-danalyse',21,1,NULL),(953,'2018-01-09 06:55:16','0000-00-00 00:00:00','Masse d\'enduction','','coating mass',0,1,'M',1,17,1,'masse-denduction',12,1,NULL),(954,'2018-01-09 06:55:16','0000-00-00 00:00:00','Matière pétrochimique','','petrochemical material',0,1,'M',1,23,1,'matire-ptrochimique',22,1,NULL),(955,'2018-01-09 06:55:16','0000-00-00 00:00:00','Matière plastique spéciale','','special plastics',0,1,'M',1,28,1,'matire-plastique-spciale',16,1,NULL),(956,'2018-01-09 06:55:16','0000-00-00 00:00:00','Matière première','','raw material',0,1,'M',1,18,1,'matire-premire',12,1,NULL),(957,'2018-01-09 06:55:16','0000-00-00 00:00:00','Matière spéciale thermorésistante','','special thermo resistant material',0,1,'M',1,36,1,'matire-spciale-thermorsistante',33,1,NULL),(958,'2018-01-09 06:55:16','0000-00-00 00:00:00','Matières plastiques','','plastic material',0,1,'M',1,20,1,'matires-plastiques',16,1,NULL),(959,'2018-01-09 06:55:16','0000-00-00 00:00:00','Mécanisme de collage','','adhesive mechanism',0,1,'M',1,21,1,'mcanisme-de-collage',18,1,NULL),(960,'2018-01-09 06:55:16','0000-00-00 00:00:00','Niveau acceptable de qualité','','acceptable level of quality',0,1,'N',1,29,1,'niveau-acceptable-de-qualit',27,1,NULL),(961,'2018-01-09 06:55:16','0000-00-00 00:00:00','Ordre de fabrication','','production order',0,1,'O',1,20,1,'ordre-de-fabrication',16,1,NULL),(962,'2018-01-09 06:55:16','0000-00-00 00:00:00','Ouvrier professionnel','','skilled worker',0,1,'O',1,21,1,'ouvrier-professionnel',14,1,NULL),(963,'2018-01-09 06:55:16','0000-00-00 00:00:00','Palette de matières colorantes','','palette of colouring material',0,1,'P',1,31,1,'palette-de-matires-colorantes',29,1,NULL),(964,'2018-01-09 06:55:16','0000-00-00 00:00:00','Papier graphique','','graph paper / graphic paper',0,1,'P',1,16,1,'papier-graphique',27,1,NULL),(965,'2018-01-09 06:55:16','0000-00-00 00:00:00','Partenaire de recherche','','research partner',0,1,'P',1,23,1,'partenaire-de-recherche',16,1,NULL),(966,'2018-01-09 06:55:16','0000-00-00 00:00:00','Planification stratégique de la qualité','','strategic quality planning',0,1,'P',1,41,1,'planification-stratgique-de-la-qualit',26,1,NULL),(967,'2018-01-09 06:55:16','0000-00-00 00:00:00','Polymères du styrène','','styrene polymers',0,1,'P',1,22,1,'polymres-du-styrne',16,1,NULL),(968,'2018-01-09 06:55:16','0000-00-00 00:00:00','Procédé d\'application','','application procedure',0,1,'P',1,23,1,'procd-dapplication',21,1,NULL),(969,'2018-01-09 06:55:16','0000-00-00 00:00:00','Procédé économique','','economic process',0,1,'P',1,21,1,'procd-conomique',16,1,NULL),(970,'2018-01-09 06:55:16','0000-00-00 00:00:00','Processus d’amidonnage','','starching process',0,1,'P',1,24,1,'processus-damidonnage',17,1,NULL),(971,'2018-01-09 06:55:16','0000-00-00 00:00:00','Producteur mondial','','global producer',0,1,'P',1,18,1,'producteur-mondial',15,1,NULL),(972,'2018-01-09 06:55:16','0000-00-00 00:00:00','Production automatisée','','automated production',0,1,'P',1,23,1,'production-automatise',20,1,NULL),(973,'2018-01-09 06:55:16','0000-00-00 00:00:00','Production chimique','','chemical production',0,1,'P',1,19,1,'production-chimique',19,1,NULL),(974,'2018-01-09 06:55:16','0000-00-00 00:00:00','Production en série','','mass production',0,1,'P',1,20,1,'production-en-srie',15,1,NULL),(975,'2018-01-09 06:55:16','0000-00-00 00:00:00','Production industrielle','','industrial production',0,1,'P',1,23,1,'production-industrielle',21,1,NULL),(976,'2018-01-09 06:55:16','0000-00-00 00:00:00','Produit de base','','basic product / core product',0,1,'P',1,15,1,'produit-de-base',28,1,NULL),(977,'2018-01-09 06:55:16','0000-00-00 00:00:00','Produit de base pour fibres','','fibre base material / product',0,1,'P',1,27,1,'produit-de-base-pour-fibres',29,1,NULL),(978,'2018-01-09 06:55:16','0000-00-00 00:00:00','Produit de lavage','','washing product',0,1,'P',1,17,1,'produit-de-lavage',15,1,NULL),(979,'2018-01-09 06:55:16','0000-00-00 00:00:00','Produit fini','','finished product',0,1,'P',1,12,1,'produit-fini',16,1,NULL),(980,'2018-01-09 06:55:16','0000-00-00 00:00:00','Produit haut de gamme','','top quality product / high end product / high range product',0,1,'P',1,21,1,'produit-haut-de-gamme',59,2,NULL),(981,'2018-01-09 06:55:16','0000-00-00 00:00:00','Produit intermédiaire','','intermediary product',0,1,'P',1,22,1,'produit-intermdiaire',20,1,NULL),(982,'2018-01-09 06:55:16','0000-00-00 00:00:00','Produit pharmaceutique','','pharmaceutical product',0,1,'P',1,22,1,'produit-pharmaceutique',22,1,NULL),(983,'2018-01-09 06:55:16','0000-00-00 00:00:00','Produit phytosanitaire','','phytosanitary product',0,1,'P',1,22,1,'produit-phytosanitaire',21,1,NULL),(984,'2018-01-09 06:55:16','0000-00-00 00:00:00','Produit sophistiqué','','sophisticated product',0,1,'P',1,20,1,'produit-sophistiqu',21,1,NULL),(985,'2018-01-09 06:55:16','0000-00-00 00:00:00','Qualité du produit fini','','quality of the finished product',0,1,'Q',1,24,1,'qualit-du-produit-fini',31,1,NULL),(986,'2018-01-09 06:55:16','0000-00-00 00:00:00','Résine de colle','','glue resin / adhesive resin',0,1,'R',1,16,1,'rsine-de-colle',27,1,NULL),(987,'2018-01-09 06:55:16','0000-00-00 00:00:00','Solution de polymères','','polymer solution',0,1,'S',1,22,1,'solution-de-polymres',16,1,NULL),(988,'2018-01-09 06:55:16','0000-00-00 00:00:00','Suivi de projet','','project follow up',0,1,'S',1,15,1,'suivi-de-projet',17,1,NULL),(989,'2018-01-09 06:55:16','0000-00-00 00:00:00','Système automatique d’acquisition de données','','automated data acquisition system',0,1,'S',1,48,2,'systme-automatique-dacquisition-de-donnes',33,1,NULL),(990,'2018-01-09 06:55:16','0000-00-00 00:00:00','Système de certification de la qualité','','quality certification system',0,1,'S',1,40,1,'systme-de-certification-de-la-qualit',28,1,NULL),(991,'2018-01-09 06:55:16','0000-00-00 00:00:00','Système tubulaire','','tubular system',0,1,'S',1,18,1,'systme-tubulaire',14,1,NULL),(992,'2018-01-09 06:55:16','0000-00-00 00:00:00','Technique d\'application','','application technique',0,1,'T',1,23,1,'technique-dapplication',21,1,NULL),(993,'2018-01-09 06:55:16','0000-00-00 00:00:00','Teinture des textiles','','textile dye',0,1,'T',1,21,1,'teinture-des-textiles',11,1,NULL),(994,'2018-01-09 06:55:16','0000-00-00 00:00:00','Température de fusion','','melting temperature  / melting point',0,1,'T',1,22,1,'temprature-de-fusion',36,1,NULL),(995,'2018-01-09 06:55:16','0000-00-00 00:00:00','Température d\'ébullition / point d\'ébullition','','boiling point',0,1,'T',1,48,2,'temprature-dbullition--point-dbullition',13,1,NULL),(996,'2018-01-09 06:55:16','0000-00-00 00:00:00','Zéro défaut','','zero defect',0,1,'Z',1,13,1,'zro-dfaut',11,1,NULL),(997,'2018-01-09 06:55:16','0000-00-00 00:00:00','Accéder à un segment','','to tap into a segment',0,1,'A',1,22,1,'accder--un-segment',21,1,NULL),(998,'2018-01-09 06:55:16','0000-00-00 00:00:00','Acquérir un client','','to acquire / to get a client',0,1,'A',1,19,1,'acqurir-un-client',28,1,NULL),(999,'2018-01-09 06:55:16','0000-00-00 00:00:00','Acteur du marché','','market player',0,1,'A',1,17,1,'acteur-du-march',13,1,NULL),(1000,'2018-01-09 06:55:16','2021-07-16 17:38:30','Affronter la concurrence','','to face competition',0,1,'A',1,24,1,'affronter-la-concurrence',19,1,NULL),(1001,'2018-01-09 06:55:16','0000-00-00 00:00:00','Agence de publicité','','advertising agency',0,1,'A',1,20,1,'agence-de-publicit',18,1,NULL),(1002,'2018-01-09 06:55:16','2018-01-09 14:22:04','Améliorer la visibilité','','to improve visibility',0,1,'A',1,25,1,'amliorer-la-visibilit',21,1,NULL),(1003,'2018-01-09 06:55:16','0000-00-00 00:00:00','Analyse de l\'évolution de circuit de distribution','','analysis of channel evolution',0,1,'A',1,50,2,'analyse-de-lvolution-de-circuit-de-distribution',29,1,NULL),(1004,'2018-01-09 06:55:16','2021-07-16 17:38:30','Analyse d\'un produit concurrent','','competitive product analysis',0,1,'A',1,31,1,'analyse-dun-produit-concurrent',28,1,NULL),(1005,'2018-01-09 06:55:16','2021-07-16 17:38:30','Approche de marketing horizontal','','horizontal marketing approach',0,1,'A',1,32,1,'approche-de-marketing-horizontal',29,1,NULL),(1006,'2018-01-09 06:55:16','0000-00-00 00:00:00','Approche de mi-marché','','mid-market approach',0,1,'A',1,22,1,'approche-de-mi-march',19,1,NULL),(1007,'2018-01-09 06:55:16','2021-07-16 17:38:30','Assortiment actuel','','current assortment',0,1,'A',1,18,1,'assortiment-actuel',18,1,NULL),(1008,'2018-01-09 06:55:16','2021-07-16 17:38:30','Assortiment optimal','','optimal assortment',0,1,'A',1,19,1,'assortiment-optimal',18,1,NULL),(1009,'2018-01-09 06:55:16','2021-07-16 17:38:30','Attirer de nouveaux clients','','to attract new clients/to develop the customer base',0,1,'A',1,27,1,'attirer-de-nouveaux-clients',51,2,NULL),(1010,'2018-01-09 06:55:16','0000-00-00 00:00:00','Avantage compétitif','','competitive advantage',0,1,'A',1,20,1,'avantage-comptitif',21,1,NULL),(1011,'2018-01-09 06:55:16','0000-00-00 00:00:00','Avoir une forte présence','','to have a strong presence',0,1,'A',1,25,1,'avoir-une-forte-prsence',25,1,NULL),(1012,'2018-01-09 06:55:16','2021-07-16 17:38:30','Bas de gamme','','low end',0,1,'B',1,12,1,'bas-de-gamme',7,1,NULL),(1013,'2018-01-09 06:55:16','0000-00-00 00:00:00','Base de clientèle','','customer base',0,1,'B',1,18,1,'base-de-clientle',13,1,NULL),(1014,'2018-01-09 06:55:16','2021-07-16 17:38:30','Battre la concurrence','','to beat the competition',0,1,'B',1,21,1,'battre-la-concurrence',23,1,NULL),(1015,'2018-01-09 06:55:16','2021-07-16 17:38:30','Besoins des acheteurs','','buyers\' needs',0,1,'B',1,21,1,'besoins-des-acheteurs',13,1,NULL),(1016,'2018-01-09 06:55:16','0000-00-00 00:00:00','Campagne de publicité','','advertising campaign',0,1,'C',1,22,1,'campagne-de-publicit',20,1,NULL),(1017,'2018-01-09 06:55:16','2021-07-16 17:38:30','Campagne de sensibilisation','','awareness campaign',0,1,'C',1,27,1,'campagne-de-sensibilisation',18,1,NULL),(1018,'2018-01-09 06:55:16','2021-07-16 17:38:30','Campagne marketing','','marketing campaign',0,1,'C',1,18,1,'campagne-marketing',18,1,NULL),(1019,'2018-01-09 06:55:16','0000-00-00 00:00:00','Canal de distribution  bien établi','','strongly established distribution channel',0,1,'F',1,35,1,'canal-de-distribution--bien-tabli',41,1,NULL),(1020,'2018-01-09 06:55:16','2021-07-16 17:38:30','Canaux de distribution','','distribution channels',0,1,'C',1,22,1,'canaux-de-distribution',21,1,NULL),(1021,'2018-01-09 06:55:16','2021-07-16 17:38:30','Catalogue commercial','','commercial catalogue',0,1,'C',1,20,1,'catalogue-commercial',20,1,NULL),(1022,'2018-01-09 06:55:16','0000-00-00 00:00:00','Catalogue mis à jour','','updated catalogue',0,1,'C',1,21,1,'catalogue-mis--jour',17,1,NULL),(1023,'2018-01-09 06:55:16','2021-07-16 17:38:30','Catalogue robuste de composants','','robust catalogue of components',0,1,'C',1,31,1,'catalogue-robuste-de-composants',30,1,NULL),(1024,'2018-01-09 06:55:16','2021-07-16 17:38:30','Chercher de nouveaux clients','','to develop new business / to develop the customer base / to seek out new customers',0,1,'C',1,28,1,'chercher-de-nouveaux-clients',82,2,NULL),(1025,'2018-01-09 06:55:16','2021-07-16 17:38:30','Chercher un produit','','to look for a product',0,1,'C',1,19,1,'chercher-un-produit',21,1,NULL),(1026,'2018-01-09 06:55:16','2021-07-16 17:38:30','Cible ambitieuse','','ambitious target',0,1,'C',1,16,1,'cible-ambitieuse',16,1,NULL),(1027,'2018-01-09 06:55:16','2021-07-16 17:38:30','Cible principal','','core target',0,1,'C',1,15,1,'cible-principal',11,1,NULL),(1028,'2018-01-09 06:55:16','2021-07-16 17:38:30','Cibler les clients','','to target customers',0,1,'C',1,18,1,'cibler-les-clients',19,1,NULL),(1029,'2018-01-09 06:55:16','2021-07-16 17:38:30','Circuit de distribution','','distribution channel',0,1,'C',1,23,1,'circuit-de-distribution',20,1,NULL),(1030,'2018-01-09 06:55:16','0000-00-00 00:00:00','Client bien informé','','well informed customer',0,1,'C',1,20,1,'client-bien-inform',22,1,NULL),(1031,'2018-01-09 06:55:16','0000-00-00 00:00:00','Client engagé','','faithful / loyal customer',0,1,'C',1,14,1,'client-engag',25,1,NULL),(1032,'2018-01-09 06:55:16','2021-07-16 17:38:30','Client final','','end customer',0,1,'C',1,12,1,'client-final',12,1,NULL),(1033,'2018-01-09 06:55:16','0000-00-00 00:00:00','Client fréquent','','regular customer',0,1,'C',1,16,1,'client-frquent',16,1,NULL),(1034,'2018-01-09 06:55:16','0000-00-00 00:00:00','Client supplémentaire','','additional customer',0,1,'C',1,22,1,'client-supplmentaire',19,1,NULL),(1035,'2018-01-09 06:55:16','0000-00-00 00:00:00','Compréhension du marché','','market understanding',0,1,'C',1,25,1,'comprhension-du-march',20,1,NULL),(1036,'2018-01-09 06:55:16','2021-07-16 17:38:30','Concessionnaire principal','','master distributor',0,1,'C',1,25,1,'concessionnaire-principal',18,1,NULL),(1037,'2018-01-09 06:55:16','0000-00-00 00:00:00','Concurrent très en vue','','high profile competitor',0,1,'C',1,23,1,'concurrent-trs-en-vue',23,1,NULL),(1038,'2018-01-09 06:55:16','0000-00-00 00:00:00','Conditions du marché','','market conditions',0,1,'C',1,21,1,'conditions-du-march',17,1,NULL),(1039,'2018-01-09 06:55:16','2018-01-10 10:04:19','Connaissance du marché','','market knowledge',0,1,'C',1,23,1,'connaissance-du-march',16,1,NULL),(1040,'2018-01-09 06:55:16','2021-07-16 17:38:30','Conseiller du service clients','','customer services adviser',0,1,'C',1,29,1,'conseiller-du-service-clients',25,1,NULL),(1041,'2018-01-09 06:55:16','0000-00-00 00:00:00','Contrôler la distribution et le marketing','','to control distribution and marketing',0,1,'C',1,42,1,'contrler-la-distribution-et-le-marketing',37,1,NULL),(1042,'2018-01-09 06:55:16','2021-07-16 17:38:30','Couverture de zone','','area coverage',0,1,'C',1,18,1,'couverture-de-zone',13,1,NULL),(1043,'2018-01-09 06:55:16','2018-01-09 14:30:43','Couverture géographique','','geographical coverage',0,1,'C',1,24,1,'couverture-gographique',21,1,NULL),(1044,'2018-01-09 06:55:16','2021-07-16 17:38:30','Couverture nationale','','national coverage',0,1,'C',1,20,1,'couverture-nationale',17,1,NULL),(1045,'2018-01-09 06:55:16','0000-00-00 00:00:00','Création de l\'entonnoir de prospection','','sales funnel creation',0,1,'C',1,39,1,'cration-de-lentonnoir-de-prospection',21,1,NULL),(1046,'2018-01-09 06:55:16','0000-00-00 00:00:00','Découvrir des opportunités','','to discover opportunities',0,1,'D',1,28,1,'dcouvrir-des-opportunits',25,1,NULL),(1047,'2018-01-09 06:55:16','0000-00-00 00:00:00','Décrocher une affaire','','to get a deal',0,1,'D',1,22,1,'dcrocher-une-affaire',13,1,NULL),(1048,'2018-01-09 06:55:16','0000-00-00 00:00:00','Définir un marché','','to define a market',0,1,'D',1,19,1,'dfinir-un-march',18,1,NULL),(1049,'2018-01-09 06:55:16','0000-00-00 00:00:00','Demande du marché','','market demand',0,1,'D',1,18,1,'demande-du-march',13,1,NULL),(1050,'2018-01-09 06:55:16','0000-00-00 00:00:00','Dépendant / tributaire du marché sectoriel','','sector dependent',0,1,'D',1,44,1,'dpendant--tributaire-du-march-sectoriel',16,1,NULL),(1051,'2018-01-09 06:55:16','2021-07-16 17:38:30','Description de produit','','product description',0,1,'D',1,22,1,'description-de-produit',19,1,NULL),(1052,'2018-01-09 06:55:16','0000-00-00 00:00:00','Développer un marché','','to develop a market',0,1,'D',1,22,1,'dvelopper-un-march',19,1,NULL),(1053,'2018-01-09 06:55:16','0000-00-00 00:00:00','Différenciation des produits','','product differentiation',0,1,'D',1,29,1,'diffrenciation-des-produits',23,1,NULL),(1054,'2018-01-09 06:55:16','2021-07-16 17:38:30','Distributeur principal','','master distributor',0,1,'D',1,22,1,'distributeur-principal',18,1,NULL),(1055,'2018-01-09 06:55:16','2021-07-16 17:38:30','Distribution industrielle','','industrial distribution',0,1,'D',1,25,1,'distribution-industrielle',23,1,NULL),(1056,'2018-01-09 06:55:16','0000-00-00 00:00:00','Diversifier les affaires géographiquement','','to diversify business geographically',0,1,'D',1,42,1,'diversifier-les-affaires-gographiquement',36,1,NULL),(1057,'2018-01-09 06:55:16','0000-00-00 00:00:00','Dominer le marché','','to lead the market',0,1,'D',1,18,1,'dominer-le-march',18,1,NULL),(1058,'2018-01-09 06:55:16','2021-07-16 17:38:30','Effet de segmentation','','segmentation effect',0,1,'E',1,21,1,'effet-de-segmentation',19,1,NULL),(1059,'2018-01-09 06:55:16','2021-07-16 17:38:30','Elargir une offre','élargir une offre','to extend an offer',0,1,'E',1,17,1,'largir-une-offre',18,1,NULL),(1060,'2018-01-09 06:55:16','2021-07-16 17:38:30','En termes de revenus','','in terms of revenues',0,1,'E',1,20,1,'en-termes-de-revenus',20,1,NULL),(1061,'2018-01-09 06:55:16','2021-07-16 17:38:30','Entonnoir de prospection','','sales funnel',0,1,'E',1,24,1,'entonnoir-de-prospection',12,1,NULL),(1062,'2018-01-09 06:55:16','0000-00-00 00:00:00','Entonnoir supplémentaire à créer','','additional funnel to be created',0,1,'E',1,35,1,'entonnoir-supplmentaire--crer',31,1,NULL),(1063,'2018-01-09 06:55:16','2021-07-16 17:38:30','Environnement client','','client background',0,1,'E',1,20,1,'environnement-client',17,1,NULL),(1064,'2018-01-09 06:55:16','2021-07-16 17:38:30','Environnement concurrentiel','','competitive environment',0,1,'E',1,27,1,'environnement-concurrentiel',23,1,NULL),(1065,'2018-01-09 06:55:16','0000-00-00 00:00:00','Equipe du service clientèle','équipe du service clientèle','customer service team',0,1,'E',1,28,1,'quipe-du-service-clientle',21,1,NULL),(1066,'2018-01-09 06:55:16','0000-00-00 00:00:00','Etendre le périmètre et la profondeur de pénétration du marché','étendre le périmètre et la profondeur de pénétration du marché','to extend the scope and depth of market reach',0,1,'E',1,67,2,'tendre-le-primtre-et-la-profondeur-de-pntration-du-march',45,2,NULL),(1067,'2018-01-09 06:55:16','0000-00-00 00:00:00','Evolution de stratégie go-to-market','évolution de stratégie go-to-market','go-to-market evolution',0,1,'E',1,36,1,'volution-de-stratgie-go-to-market',22,1,NULL),(1068,'2018-01-09 06:55:16','2021-07-16 17:38:30','Evolution des prix','évolution des prix','evolution of prices  / price evolution',0,1,'E',1,18,1,'volution-des-prix',38,1,NULL),(1069,'2018-01-09 06:55:16','2021-07-16 17:38:30','Exigences des clients','','customer requirements',0,1,'E',1,21,1,'exigences-des-clients',21,1,NULL),(1070,'2018-01-09 06:55:16','0000-00-00 00:00:00','Faire concurrence / rivaliser dans le marché défini','','to compete in the defined market',0,1,'F',1,53,2,'faire-concurrence--rivaliser-dans-le-march-dfini',32,1,NULL),(1071,'2018-01-09 06:55:16','2021-07-16 17:38:30','Faire participer un client','','to involve a customer',0,1,'F',1,26,1,'faire-participer-un-client',21,1,NULL),(1072,'2018-01-09 06:55:16','2021-07-16 17:38:30','Faire une proposition / offre','','to make an offer',0,1,'F',1,29,1,'faire-une-proposition--offre',16,1,NULL),(1073,'2018-01-09 06:55:16','0000-00-00 00:00:00','Fidélisation client','','development of customer loyalty / building customer loyalty',0,1,'F',1,20,1,'fidlisation-client',59,2,NULL),(1074,'2018-01-09 06:55:16','0000-00-00 00:00:00','Fidélisation et valorisation du capital client','','development of customer base and customer loyalty',0,1,'F',1,47,2,'fidlisation-et-valorisation-du-capital-client',49,2,NULL),(1075,'2018-01-09 06:55:16','2021-07-16 17:38:30','Formuler des objectifs clairs','','to define clear objectives',0,1,'F',1,29,1,'formuler-des-objectifs-clairs',26,1,NULL),(1076,'2018-01-09 06:55:16','2021-07-16 17:38:30','Gestion de la relation client','','Customer Relation Management (CRM)',0,1,'G',1,29,1,'gestion-de-la-relation-client',34,1,NULL),(1077,'2018-01-09 06:55:16','2021-07-16 17:38:30','Gestion des transports','','transport management',0,1,'G',1,22,1,'gestion-des-transports',20,1,NULL),(1078,'2018-01-09 06:55:16','0000-00-00 00:00:00','Grossiste spécialisé','','specialised wholesaler',0,1,'G',1,22,1,'grossiste-spcialis',22,1,NULL),(1079,'2018-01-09 06:55:16','2021-07-16 17:38:30','Hausse de prix','','rise in prices',0,1,'H',1,14,1,'hausse-de-prix',14,1,NULL),(1080,'2018-01-09 06:55:16','0000-00-00 00:00:00','Intérêts des clients','','customer interests',0,1,'I',1,22,1,'intrts-des-clients',18,1,NULL),(1081,'2018-01-09 06:55:16','2021-07-16 17:38:30','Lancement de produit','','product launch',0,1,'L',1,20,1,'lancement-de-produit',14,1,NULL),(1082,'2018-01-09 06:55:16','0000-00-00 00:00:00','Lancer sur le marché','','to launch on the market',0,1,'L',1,21,1,'lancer-sur-le-march',23,1,NULL),(1083,'2018-01-09 06:55:16','2021-07-16 17:38:30','Lancer une ligne de produits','','to launch a product line',0,1,'L',1,28,1,'lancer-une-ligne-de-produits',24,1,NULL),(1084,'2018-01-09 06:55:16','0000-00-00 00:00:00','Le meilleur de sa catégorie','','best in class',0,1,'M',1,28,1,'le-meilleur-de-sa-catgorie',13,1,NULL),(1085,'2018-01-09 06:55:16','0000-00-00 00:00:00','Loyauté client','','client loyalty',0,1,'L',1,15,1,'loyaut-client',14,1,NULL),(1086,'2018-01-09 06:55:16','2021-07-16 17:38:30','Maintenir une tendance','','to maintain a trend',0,1,'M',1,22,1,'maintenir-une-tendance',19,1,NULL),(1087,'2018-01-09 06:55:16','0000-00-00 00:00:00','Marché actuel','','current market',0,1,'M',1,14,1,'march-actuel',14,1,NULL),(1088,'2018-01-09 06:55:16','0000-00-00 00:00:00','Marché concurrentiel','','competitive market',0,1,'M',1,21,1,'march-concurrentiel',18,1,NULL),(1089,'2018-01-09 06:55:16','0000-00-00 00:00:00','Marché des fournisseurs de service','','service provider market',0,1,'M',1,35,1,'march-des-fournisseurs-de-service',23,1,NULL),(1090,'2018-01-09 06:55:16','0000-00-00 00:00:00','Marché en expansion','','growing market',0,1,'M',1,20,1,'march-en-expansion',14,1,NULL),(1091,'2018-01-09 06:55:16','0000-00-00 00:00:00','Marchés verticaux','','vertical markets',0,1,'M',1,18,1,'marchs-verticaux',16,1,NULL),(1092,'2018-01-09 06:55:16','2021-07-16 17:38:30','Marge de revenus','','revenue margin',0,1,'M',1,16,1,'marge-de-revenus',14,1,NULL),(1093,'2018-01-09 06:55:16','0000-00-00 00:00:00','Moteur / facteur de marché','','market driver',0,1,'M',1,27,1,'moteur--facteur-de-march',13,1,NULL),(1094,'2018-01-09 06:55:16','0000-00-00 00:00:00','Numéro un sur le marché','','market leader',0,1,'N',1,25,1,'numro-un-sur-le-march',13,1,NULL),(1095,'2018-01-09 06:55:16','0000-00-00 00:00:00','Objectifs de  marketing stratégique','','strategic marketing objectives',0,1,'O',1,36,1,'objectifs-de--marketing-stratgique',30,1,NULL),(1096,'2018-01-09 06:55:16','0000-00-00 00:00:00','Organisation orientée vers le client','','customer-oriented organization',0,1,'O',1,37,1,'organisation-oriente-vers-le-client',30,1,NULL),(1097,'2018-01-09 06:55:16','0000-00-00 00:00:00','Ouvertures / possibilités qui s\'offrent','','open opportunities',0,1,'O',1,40,1,'ouvertures--possibilits-qui-soffrent',18,1,NULL),(1098,'2018-01-09 06:55:16','2021-07-16 17:38:30','Partenaire de distribution','','distribution partner',0,1,'P',1,26,1,'partenaire-de-distribution',20,1,NULL),(1099,'2018-01-09 06:55:16','2021-07-16 17:38:30','Plan de commercialisation / marketing','','marketing plan',0,1,'P',1,37,1,'plan-de-commercialisation--marketing',14,1,NULL),(1100,'2018-01-09 06:55:16','0000-00-00 00:00:00','Planning de tournée','','tour planning',0,1,'P',1,20,1,'planning-de-tourne',13,1,NULL),(1101,'2018-01-09 06:55:16','2021-07-16 17:38:30','Plate-forme client','','customer platform',0,1,'P',1,18,1,'plate-forme-client',17,1,NULL),(1102,'2018-01-09 06:55:16','2021-07-16 17:38:30','Politique de prix agressive','','aggressive pricing',0,1,'P',1,27,1,'politique-de-prix-agressive',18,1,NULL),(1103,'2018-01-09 06:55:16','2021-07-16 17:38:30','Positionnement de prix','','price positioning',0,1,'P',1,22,1,'positionnement-de-prix',17,1,NULL),(1104,'2018-01-09 06:55:16','2021-07-16 17:38:30','Potentiel de client','','customer potential',0,1,'P',1,19,1,'potentiel-de-client',18,1,NULL),(1105,'2018-01-09 06:55:16','2021-07-16 17:38:30','Prendre contact','','to get in touch',0,1,'P',1,15,1,'prendre-contact',15,1,NULL),(1106,'2018-01-09 06:55:16','0000-00-00 00:00:00','Présence internationale','','international presence',0,1,'P',1,24,1,'prsence-internationale',22,1,NULL),(1107,'2018-01-09 06:55:16','0000-00-00 00:00:00','Présence numérique','','digital presence',0,1,'P',1,20,1,'prsence-numrique',16,1,NULL),(1108,'2018-01-09 06:55:16','0000-00-00 00:00:00','Présence sur le marché / couverture de marché','','market reach',0,1,'P',1,48,2,'prsence-sur-le-march--couverture-de-march',12,1,NULL),(1109,'2018-01-09 06:55:16','0000-00-00 00:00:00','Présentation du produit','','product presentation',0,1,'P',1,24,1,'prsentation-du-produit',20,1,NULL),(1110,'2018-01-09 06:55:16','2021-07-16 17:38:30','Principal concurrent','','main competitor',0,1,'P',1,20,1,'principal-concurrent',15,1,NULL),(1111,'2018-01-09 06:55:16','2021-07-16 17:38:30','Prix cible','','target price',0,1,'P',1,10,1,'prix-cible',12,1,NULL),(1112,'2018-01-09 06:55:16','2021-07-16 17:38:30','Prix de vente','','selling price',0,1,'P',1,13,1,'prix-de-vente',13,1,NULL),(1113,'2018-01-09 06:55:16','2018-01-11 13:11:45','Prix du marché','','market price',0,1,'P',1,15,1,'prix-du-march',12,1,NULL),(1114,'2018-01-09 06:55:16','2021-07-16 17:38:30','Prix en hausse','','rising price',0,1,'P',1,14,1,'prix-en-hausse',12,1,NULL),(1115,'2018-01-09 06:55:16','0000-00-00 00:00:00','Produit clé','','key product',0,1,'P',1,12,1,'produit-cl',11,1,NULL),(1116,'2018-01-09 06:55:16','2021-07-16 17:38:30','Produit innovant','','innovative product',0,1,'P',1,16,1,'produit-innovant',18,1,NULL),(1117,'2018-01-09 06:55:16','2021-07-16 17:38:30','Produit phare/ produit principal','','core product',0,1,'P',1,32,1,'produit-phare-produit-principal',12,1,NULL),(1118,'2018-01-09 06:55:16','2021-07-16 17:38:30','Produit secondaire','','side product',0,1,'P',1,18,1,'produit-secondaire',12,1,NULL),(1119,'2018-01-09 06:55:16','0000-00-00 00:00:00','Produit stratégique','','strategic product',0,1,'P',1,20,1,'produit-stratgique',17,1,NULL),(1120,'2018-01-09 06:55:16','0000-00-00 00:00:00','Profiter des opportunités','','to take advantage of the opportunities',0,1,'P',1,26,1,'profiter-des-opportunits',38,1,NULL),(1121,'2018-01-09 06:55:16','2021-07-16 17:38:30','Profiter d\'une offre','','to take advantage of  / to benefit from an offer',0,1,'P',1,20,1,'profiter-dune-offre',48,2,NULL),(1122,'2018-01-09 06:55:16','0000-00-00 00:00:00','Programme clientèle','','customer program',0,1,'P',1,20,1,'programme-clientle',16,1,NULL),(1123,'2018-01-09 06:55:16','0000-00-00 00:00:00','Prospecter le marché','','to explore the market',0,1,'P',1,21,1,'prospecter-le-march',21,1,NULL),(1124,'2018-01-09 06:55:16','0000-00-00 00:00:00','Publicité mensongère','','deceptive advertising',0,1,'P',1,22,1,'publicit-mensongre',21,1,NULL),(1125,'2018-01-09 06:55:16','2021-07-16 17:38:30','Rapport performance-prix','','price-performance ratio',0,1,'R',1,24,1,'rapport-performance-prix',23,1,NULL),(1126,'2018-01-09 06:55:16','0000-00-00 00:00:00','Réactivité du marché','','market responsiveness',0,1,'R',1,23,1,'ractivit-du-march',21,1,NULL),(1127,'2018-01-09 06:55:16','0000-00-00 00:00:00','Répartition de marché','','market division',0,1,'R',1,23,1,'rpartition-de-march',15,1,NULL),(1128,'2018-01-09 06:55:16','0000-00-00 00:00:00','Repérer les clients','','to spot the clients',0,1,'R',1,20,1,'reprer-les-clients',19,1,NULL),(1129,'2018-01-09 06:55:16','0000-00-00 00:00:00','Répondre aux attentes','','to meet the expectations',0,1,'R',1,22,1,'rpondre-aux-attentes',24,1,NULL),(1130,'2018-01-09 06:55:16','0000-00-00 00:00:00','Répondre aux besoins','','to be adequate for the needs / to meet the needs',0,1,'R',1,21,1,'rpondre-aux-besoins',48,2,NULL),(1131,'2018-01-09 06:55:16','0000-00-00 00:00:00','Répondre aux besoins spécifiques','','to meet specific needs',0,1,'R',1,34,1,'rpondre-aux-besoins-spcifiques',22,1,NULL),(1132,'2018-01-09 06:55:16','0000-00-00 00:00:00','Réseau de distribution','','distribution network',0,1,'R',1,23,1,'rseau-de-distribution',20,1,NULL),(1133,'2018-01-09 06:55:16','2021-07-16 17:38:30','Responsable produit','','product manager',0,1,'R',1,19,1,'responsable-produit',15,1,NULL),(1134,'2018-01-09 06:55:16','0000-00-00 00:00:00','Résultats des campagnes publicitaires','','results of publicity campaigns',0,1,'R',1,38,1,'rsultats-des-campagnes-publicitaires',30,1,NULL),(1135,'2018-01-09 06:55:16','0000-00-00 00:00:00','Sécuriser les stocks','','to secure stocks',0,1,'S',1,21,1,'scuriser-les-stocks',16,1,NULL),(1136,'2018-01-09 06:55:16','0000-00-00 00:00:00','Segment de marché','','market segment',0,1,'S',1,18,1,'segment-de-march',14,1,NULL),(1137,'2018-01-09 06:55:16','2018-01-10 10:09:24','Service clientèle','','customer service',0,1,'S',1,18,1,'service-clientle',16,1,NULL),(1138,'2018-01-09 06:55:16','2021-07-16 17:38:30','Services d\'assistance','','support services / helpdesks',0,1,'S',1,21,1,'services-dassistance',28,1,NULL),(1139,'2018-01-09 06:55:16','2021-07-16 17:38:30','Simplifier une offre','','to simplify an offer',0,1,'S',1,20,1,'simplifier-une-offre',20,1,NULL),(1140,'2018-01-09 06:55:16','0000-00-00 00:00:00','Stabilisation du marché','','market stabilization',0,1,'S',1,24,1,'stabilisation-du-march',20,1,NULL),(1141,'2018-01-09 06:55:16','2018-01-09 08:49:24','Stock de sécurité','','safety stock',0,1,'S',1,19,1,'stock-de-scurit',12,1,NULL),(1142,'2018-01-09 06:55:16','0000-00-00 00:00:00','Stratégie commerciale / plan marketing','','marketing plan',0,1,'S',1,39,1,'stratgie-commerciale--plan-marketing',14,1,NULL),(1143,'2018-01-09 06:55:16','2018-01-11 10:20:43','Stratégie de marché','','market strategy',0,1,'S',1,21,1,'stratgie-de-march',15,1,NULL),(1144,'2018-01-09 06:55:16','0000-00-00 00:00:00','Stratégie de marketing','','marketing strategy',0,1,'S',1,23,1,'stratgie-de-marketing',18,1,NULL),(1145,'2018-01-09 06:55:16','2021-07-16 17:38:30','Support technique','','technical support',0,1,'S',1,17,1,'support-technique',17,1,NULL),(1146,'2018-01-09 06:55:16','2021-07-16 17:38:30','Taille moyenne des transactions','','average deal size',0,1,'T',1,31,1,'taille-moyenne-des-transactions',17,1,NULL),(1147,'2018-01-09 06:55:16','2021-07-16 17:38:30','Tendance favorable','','positive trend',0,1,'T',1,18,1,'tendance-favorable',14,1,NULL),(1148,'2018-01-09 06:55:16','2021-07-16 17:38:30','Total des recettes','','sum of revenue',0,1,'T',1,18,1,'total-des-recettes',14,1,NULL),(1149,'2018-01-09 06:55:16','0000-00-00 00:00:00','Tournée promotionnelle','','road show',0,1,'T',1,23,1,'tourne-promotionnelle',9,1,NULL),(1150,'2018-01-09 06:55:16','2021-07-16 17:38:30','Trouver de nouvelles sources de revenus','','to find new revenue streams',0,1,'T',1,39,1,'trouver-de-nouvelles-sources-de-revenus',27,1,NULL),(1151,'2018-01-09 06:55:16','2021-07-16 17:38:30','Utilisateur final','','end-user',0,1,'U',1,17,1,'utilisateur-final',8,1,NULL),(1152,'2018-01-09 06:55:16','2021-07-16 17:38:30','Utilisateur typique','','typical user',0,1,'U',1,19,1,'utilisateur-typique',12,1,NULL),(1153,'2018-01-09 06:55:16','0000-00-00 00:00:00','Valeur de marché','','market value',0,1,'V',1,17,1,'valeur-de-march',12,1,NULL),(1154,'2018-01-09 06:55:16','2021-07-16 17:38:30','A compter de','à compter de','as from / with effect from',0,1,'A',1,12,1,'-compter-de',26,1,NULL),(1155,'2018-01-09 06:55:16','2021-07-16 17:38:30','A la charge de','à la charge de','chargeable to / payable by',0,1,'A',1,14,1,'-la-charge-de',26,1,NULL),(1156,'2018-01-09 06:55:16','2018-01-09 07:59:47','Aboutir à un accord','','to reach an agreement',0,1,'A',1,20,1,'aboutir--un-accord',21,1,NULL),(1157,'2018-01-09 06:55:16','2018-01-09 08:30:57','Aboutir à une conclusion profitable','','to reach a profitable conclusion / to lead to a profitable conclusion',0,1,'A',1,36,1,'aboutir--une-conclusion-profitable',69,2,NULL),(1158,'2018-01-09 06:55:16','2018-01-09 08:30:57','Accélérer un délai','','to bring forward a deadline',0,1,'A',1,21,1,'acclrer-un-dlai',27,1,NULL),(1159,'2018-01-09 06:55:16','2018-01-09 07:59:47','Accepter des concessions','','to accept concessions / to compromise',0,1,'A',1,24,1,'accepter-des-concessions',37,1,NULL),(1160,'2018-01-09 06:55:16','0000-00-00 00:00:00','Accorder un escompte','','to grant a discount',0,1,'A',1,20,1,'accorder-un-escompte',19,1,NULL),(1161,'2018-01-09 06:55:16','2018-01-25 12:59:58','Achat et vente à terme','','forward purchase and sale',0,1,'A',1,23,1,'achat-et-vente--terme',25,1,NULL),(1162,'2018-01-09 06:55:16','2021-07-16 17:38:30','Achat et vente dans les meilleures conditions','','purchase and sale in the best conditions',0,1,'A',1,45,2,'achat-et-vente-dans-les-meilleures-conditions',40,1,NULL),(1163,'2018-01-09 06:55:16','2018-01-10 05:17:23','Achats internationaux','','international purchases',0,1,'A',1,21,1,'achats-internationaux',23,1,NULL),(1164,'2018-01-09 06:55:16','2018-01-09 07:59:47','Acheteur professionnel','','professional buyer',0,1,'A',1,22,1,'acheteur-professionnel',18,1,NULL),(1165,'2018-01-09 06:55:16','0000-00-00 00:00:00','Adapter la stratégie en fonction du marché','','to adapt the strategy according to the market',0,1,'A',1,44,1,'adapter-la-stratgie-en-fonction-du-march',45,2,NULL),(1166,'2018-01-09 06:55:16','2018-01-09 08:30:57','Aide technique','','technical assistance',0,1,'A',1,14,1,'aide-technique',20,1,NULL),(1167,'2018-01-09 06:55:16','2021-07-16 17:38:30','Ajuster les chiffres de recherche','','to adjust research figures',0,1,'A',1,33,1,'ajuster-les-chiffres-de-recherche',26,1,NULL),(1168,'2018-01-09 06:55:16','0000-00-00 00:00:00','Analyse de résultats','','analysis of the results / results analysis',0,1,'A',1,21,1,'analyse-de-rsultats',42,1,NULL),(1169,'2018-01-09 06:55:16','2021-07-16 17:38:30','Animer et assurer la prospection commerciale','','to animate and ensure commercial prospection',0,1,'A',1,44,1,'animer-et-assurer-la-prospection-commerciale',44,1,NULL),(1170,'2018-01-09 06:55:16','2021-07-16 17:38:30','Appel d\'offres','','invitation to tender / invitation to bid',0,1,'D',1,14,1,'appel-doffres',40,1,NULL),(1171,'2018-01-09 06:55:16','2021-07-16 17:38:30','Appliquer les conditions','','to put the conditions into practice',0,1,'A',1,24,1,'appliquer-les-conditions',35,1,NULL),(1172,'2018-01-09 06:55:16','2018-01-25 12:59:58','Appliquer une démarche méthodique','','to apply a methodological approach/procedure',0,1,'A',1,35,1,'appliquer-une-dmarche-mthodique',44,1,NULL),(1173,'2018-01-09 06:55:16','2021-07-16 17:38:30','Assumer un jeu de positionnement fort','','to assume a strong positioning game',0,1,'A',1,37,1,'assumer-un-jeu-de-positionnement-fort',35,1,NULL),(1174,'2018-01-09 06:55:16','2021-07-16 17:38:30','Augmenter la base de contacts','','to expand contact base',0,1,'A',1,29,1,'augmenter-la-base-de-contacts',22,1,NULL),(1175,'2018-01-09 06:55:16','2018-01-10 05:17:23','Avantages du produit proposé','','advantages of the proposed product',0,1,'A',1,29,1,'avantages-du-produit-propos',34,1,NULL),(1176,'2018-01-09 06:55:16','2021-07-16 17:38:30','Avoir le feu vert','','to have the go-ahead /green light',0,1,'A',1,17,1,'avoir-le-feu-vert',33,1,NULL),(1177,'2018-01-09 06:55:16','2018-01-09 07:59:47','Bâtir une relation de confiance','','to build a relationship of trust',0,1,'B',1,32,1,'btir-une-relation-de-confiance',32,1,NULL),(1178,'2018-01-09 06:55:16','2021-07-16 17:38:30','Bonnes connaissances techniques du produit','','good technical knowledge of the product',0,1,'B',1,42,1,'bonnes-connaissances-techniques-du-produit',39,1,NULL),(1179,'2018-01-09 06:55:16','2018-01-10 05:17:23','Capacité à négocier','','ability to negotiate',0,1,'C',1,22,1,'capacit--ngocier',20,1,NULL),(1180,'2018-01-09 06:55:16','2018-01-25 12:59:58','Cartographie des acteurs en présence','','mapping of involved stakeholders',0,1,'C',1,37,1,'cartographie-des-acteurs-en-prsence',32,1,NULL),(1181,'2018-01-09 06:55:16','2018-01-09 11:58:11','Chambre de commerce','','chamber of commerce',0,1,'C',1,19,1,'chambre-de-commerce',19,1,NULL),(1182,'2018-01-09 06:55:16','2018-01-10 05:17:23','Chercher le profit','','to seek profit',0,1,'C',1,18,1,'chercher-le-profit',14,1,NULL),(1183,'2018-01-09 06:55:16','2021-07-16 17:38:30','Citer le bon argument au bon moment','','to quote / say the right argument at the right time',0,1,'C',1,35,1,'citer-le-bon-argument-au-bon-moment',51,2,NULL),(1184,'2018-01-09 06:55:16','2018-01-10 05:17:23','Clause à négocier','','clause to be negotiated',0,1,'C',1,19,1,'clause--ngocier',23,1,NULL),(1185,'2018-01-09 06:55:16','2018-01-09 08:30:57','Clause générale','','standard clause',0,1,'C',1,17,1,'clause-gnrale',15,1,NULL),(1186,'2018-01-09 06:55:16','2021-07-16 17:38:30','Clore un accord','','to close/finalise an agreement',0,1,'C',1,15,1,'clore-un-accord',30,1,NULL),(1187,'2018-01-09 06:55:16','2018-01-09 08:30:57','Collaboration future','','future collaboration',0,1,'C',1,20,1,'collaboration-future',20,1,NULL),(1188,'2018-01-09 06:55:16','2018-01-09 08:30:57','Communication informative','','informational/informative communication',0,1,'C',1,25,1,'communication-informative',39,1,NULL),(1189,'2018-01-09 06:55:16','2021-07-16 17:38:30','Communication persuasive','','persuasive communication',0,1,'C',1,24,1,'communication-persuasive',24,1,NULL),(1190,'2018-01-09 06:55:16','2018-01-09 08:30:57','Communiquer un prix','','to quote a price',0,1,'C',1,19,1,'communiquer-un-prix',16,1,NULL),(1191,'2018-01-09 06:55:16','2018-01-10 05:17:23','Comparaisons des offres','','bid comparison',0,1,'C',1,23,1,'comparaisons-des-offres',14,1,NULL),(1192,'2018-01-09 06:55:16','2018-01-09 07:59:47','Composantes de la négociation','','negotiation components',0,1,'C',1,30,1,'composantes-de-la-ngociation',22,1,NULL),(1193,'2018-01-09 06:55:16','2021-07-16 17:38:30','Concessions mutuelles','','reciprocal concessions',0,1,'C',1,21,1,'concessions-mutuelles',22,1,NULL),(1194,'2018-01-09 06:55:16','2018-01-09 07:59:47','Conclure la vente','','to close the sale / to finalise the sale',0,1,'C',1,17,1,'conclure-la-vente',40,1,NULL),(1195,'2018-01-09 06:55:16','2021-07-16 17:38:30','Conclure un accord','','to close a deal',0,1,'C',1,18,1,'conclure-un-accord',15,1,NULL),(1196,'2018-01-09 06:55:16','2018-01-25 12:59:58','Conclure une opportunité','','to close an opportunity',0,1,'C',1,25,1,'conclure-une-opportunit',23,1,NULL),(1197,'2018-01-09 06:55:16','2018-01-10 05:17:23','Conclusion du marché','','conclusion of a contract',0,1,'C',1,21,1,'conclusion-du-march',24,1,NULL),(1198,'2018-01-09 06:55:16','2021-07-16 17:38:30','Condition d\'achat actuel','','current purchase condition',0,1,'C',1,24,1,'condition-dachat-actuel',26,1,NULL),(1199,'2018-01-09 06:55:16','2018-01-10 05:17:23','Conditions de règlement','','terms of payment',0,1,'C',1,24,1,'conditions-de-rglement',16,1,NULL),(1200,'2018-01-09 06:55:16','2021-07-16 17:38:30','Conditions de transport','','transport conditions',0,1,'C',1,23,1,'conditions-de-transport',20,1,NULL),(1201,'2018-01-09 06:55:16','2021-07-16 17:38:30','Conditions de vente','','terms of sale',0,1,'C',1,19,1,'conditions-de-vente',13,1,NULL),(1202,'2018-01-09 06:55:16','0000-00-00 00:00:00','Conduire/ mener une négociation','','to conduct a negotiation',0,1,'C',1,32,1,'conduire-mener-une-ngociation',24,1,NULL),(1203,'2018-01-09 06:55:16','2018-01-10 05:17:23','Confirmation écrite de l\'acheteur','','written confirmation from the buyer',0,1,'C',1,34,1,'confirmation-crite-de-lacheteur',35,1,NULL),(1204,'2018-01-09 06:55:16','2021-07-16 17:38:30','Conforter le client dans son choix','','to reassure the client in their choice',0,1,'C',1,34,1,'conforter-le-client-dans-son-choix',38,1,NULL),(1205,'2018-01-09 06:55:16','2021-07-16 17:38:30','Connaissance approfondie du fournisseur','','thorough / extensive knowledge of the supplier',0,1,'C',1,39,1,'connaissance-approfondie-du-fournisseur',46,2,NULL),(1206,'2018-01-09 06:55:16','2018-01-09 07:59:47','Connaître la concurrence','','to know the competition',0,1,'C',1,25,1,'connatre-la-concurrence',23,1,NULL),(1207,'2018-01-09 06:55:16','2018-01-09 07:59:47','Connaître le degré de satisfaction','','to know the degree of satisfaction',0,1,'C',1,36,1,'connatre-le-degr-de-satisfaction',34,1,NULL),(1208,'2018-01-09 06:55:16','2018-01-25 12:59:58','Connaître les contraintes techniques, économiques et juridiques','','to know the technical, economical and legal constraints',0,1,'C',1,65,2,'connatre-les-contraintes-techniques-conomiques-et-juridiques',55,2,NULL),(1209,'2018-01-09 06:55:16','2018-01-25 12:59:58','Connaître les objectifs du client','','to know the clients objectives/goals',0,1,'C',1,34,1,'connatre-les-objectifs-du-client',36,1,NULL),(1210,'2018-01-09 06:55:16','0000-00-00 00:00:00','Connaître leurs préoccupations','','to know their concerns',0,1,'C',1,32,1,'connatre-leurs-proccupations',22,1,NULL),(1211,'2018-01-09 06:55:16','2021-07-16 17:38:30','Consentir une remise','','to grant a discount',0,1,'C',1,20,1,'consentir-une-remise',19,1,NULL),(1212,'2018-01-09 06:55:16','2018-01-25 12:59:58','Construction de matrices de négociation','','construction of negotiation matrices',0,1,'C',1,40,1,'construction-de-matrices-de-ngociation',36,1,NULL),(1213,'2018-01-09 06:55:16','2018-01-09 07:59:47','Contraintes et paramètres de l\'affaire','','business constraints and parameters',0,1,'C',1,39,1,'contraintes-et-paramtres-de-laffaire',35,1,NULL),(1214,'2018-01-09 06:55:16','2018-01-25 12:59:58','Contrat à long terme','','long-term contract',0,1,'C',1,21,1,'contrat--long-terme',18,1,NULL),(1215,'2018-01-09 06:55:16','2021-07-16 17:38:30','Contrat de ventes','','sales contract',0,1,'C',1,17,1,'contrat-de-ventes',14,1,NULL),(1216,'2018-01-09 06:55:16','2018-01-11 10:22:17','Contrat d\'exclusivité','','exclusive agreement',0,1,'C',1,22,1,'contrat-dexclusivit',19,1,NULL),(1217,'2018-01-09 06:55:16','2018-01-09 07:59:47','Convaincre de la nécessité d\'acquérir le produit','','to convince of the need to acquire the product',0,1,'C',1,51,2,'convaincre-de-la-ncessit-dacqurir-le-produit',46,2,NULL),(1218,'2018-01-09 06:55:16','2021-07-16 17:38:30','Convenir d\'un prix','','to agree on a price',0,1,'C',1,18,1,'convenir-dun-prix',19,1,NULL),(1219,'2018-01-09 06:55:16','2021-07-16 17:38:30','Convention collective','','collective bargaining',0,1,'C',1,21,1,'convention-collective',21,1,NULL),(1220,'2018-01-09 06:55:16','2021-07-16 17:38:30','Convention force de vente','','sales force convention',0,1,'C',1,25,1,'convention-force-de-vente',22,1,NULL),(1221,'2018-01-09 06:55:16','2018-01-09 08:30:57','Coûts fixes','','fixed costs / overhead charges',0,1,'C',1,12,1,'cots-fixes',30,1,NULL),(1222,'2018-01-09 06:55:16','2018-01-25 12:59:58','Curseur de pouvoir dans la négociation','','power marker in negotiation',0,1,'C',1,39,1,'curseur-de-pouvoir-dans-la-ngociation',27,1,NULL),(1223,'2018-01-09 06:55:16','2018-01-09 07:59:47','Déboucher sur un accord aux intérêts communs','','to lead to an agreement with common interest',0,1,'D',1,47,2,'dboucher-sur-un-accord-aux-intrts-communs',44,1,NULL),(1224,'2018-01-09 06:55:16','2018-01-09 08:30:57','Décliner une responsabilité','','to disclaim responsibility',0,1,'D',1,29,1,'dcliner-une-responsabilit',26,1,NULL),(1225,'2018-01-09 06:55:16','2018-01-09 07:59:47','Découvrir ce que recherche le partenaire','','to find out what the partner is looking for',0,1,'D',1,41,1,'dcouvrir-ce-que-recherche-le-partenaire',43,1,NULL),(1226,'2018-01-09 06:55:16','2018-01-25 12:59:58','Décrocher le meilleur contrat possible','','to land/get the best possible contract',0,1,'D',1,39,1,'dcrocher-le-meilleur-contrat-possible',38,1,NULL),(1227,'2018-01-09 06:55:16','2018-01-25 12:59:58','Dégager une marge','','to achieve a margin',0,1,'D',1,18,1,'dgager-une-marge',19,1,NULL),(1228,'2018-01-09 06:55:16','2018-01-09 08:30:57','Degré de décision','','level of decision',0,1,'D',1,19,1,'degr-de-dcision',17,1,NULL),(1229,'2018-01-09 06:55:16','2018-01-09 08:30:57','Délai d\'option','','option period',0,1,'D',1,15,1,'dlai-doption',13,1,NULL),(1230,'2018-01-09 06:55:16','2018-01-09 07:59:47','Demande spécifique du client','','customer\'s specific request',0,1,'D',1,29,1,'demande-spcifique-du-client',27,1,NULL),(1231,'2018-01-09 06:55:16','2018-01-09 07:59:47','Démarche de communication','','communication approach',0,1,'D',1,26,1,'dmarche-de-communication',22,1,NULL),(1232,'2018-01-09 06:55:16','2018-01-09 07:59:47','Démarche méthodique','','methodical approach',0,1,'D',1,21,1,'dmarche-mthodique',19,1,NULL),(1233,'2018-01-09 06:55:16','2018-01-09 07:59:47','Détecter les signaux d\'achat','','to detect buying signals',0,1,'D',1,29,1,'dtecter-les-signaux-dachat',24,1,NULL),(1234,'2018-01-09 06:55:16','2018-01-25 12:59:58','Déterminer le meilleur moment d\'achat et de vente','','to define the best moment for purchase and sale',0,1,'D',1,50,2,'dterminer-le-meilleur-moment-dachat-et-de-vente',47,2,NULL),(1235,'2018-01-09 06:55:16','2018-01-25 12:59:58','Développer durablement des comptes stratégiques','','to lastingly develop/expand strategic accounts',0,1,'D',1,49,2,'dvelopper-durablement-des-comptes-stratgiques',46,2,NULL),(1236,'2018-01-09 06:55:16','2018-01-09 08:30:57','Divergence d\'intérêts','','misaligned interests / divergence of interests',0,1,'D',1,23,1,'divergence-dintrts',46,2,NULL),(1237,'2018-01-09 06:55:16','2018-01-09 08:30:57','Droits d\'exclusivité','','exclusive rights',0,1,'D',1,21,1,'droits-dexclusivit',16,1,NULL),(1238,'2018-01-09 06:55:16','2021-07-16 17:38:30','Ecouter les besoins du client','écouter les besoins du client','to listen to the client\'s needs',0,1,'E',1,29,1,'couter-les-besoins-du-client',31,1,NULL),(1239,'2018-01-09 06:55:16','2021-07-16 17:38:30','Effectuer la vente en un ou deux entretiens','','to complete the transaction after one or two sales talks',0,1,'E',1,43,1,'effectuer-la-vente-en-un-ou-deux-entretiens',56,2,NULL),(1240,'2018-01-09 06:55:16','2018-01-09 07:59:47','Elargir le champ de la négociation','élargir le champ de la négociation','to broaden the scope of negotiation',0,1,'E',1,35,1,'largir-le-champ-de-la-ngociation',35,1,NULL),(1241,'2018-01-09 06:55:16','2018-01-10 05:17:23','Eléments à négocier','éléments à négocier','elements to be negotiated',0,1,'E',1,22,1,'lments--ngocier',25,1,NULL),(1242,'2018-01-09 06:55:16','2021-07-16 17:38:30','Eliminer la concurrence','éliminer la concurrence','to eliminate competition',0,1,'E',1,23,1,'liminer-la-concurrence',24,1,NULL),(1243,'2018-01-09 06:55:16','2021-07-16 17:38:30','Enoncer les principaux arguments','énoncer les principaux arguments','to state the main arguments',0,1,'E',1,32,1,'noncer-les-principaux-arguments',27,1,NULL),(1244,'2018-01-09 06:55:16','2021-07-16 17:38:30','Entamer le dialogue','','to initiate dialogue',0,1,'E',1,19,1,'entamer-le-dialogue',20,1,NULL),(1245,'2018-01-09 06:55:16','2021-07-16 17:38:30','Entamer une discussion commerciale','','to initiate a commercial discussion',0,1,'E',1,34,1,'entamer-une-discussion-commerciale',35,1,NULL),(1246,'2018-01-09 06:55:16','2018-01-10 05:17:23','Envoi d\'un échantillon','','sending of a sample',0,1,'E',1,23,1,'envoi-dun-chantillon',19,1,NULL),(1247,'2018-01-09 06:55:16','2021-07-16 17:38:30','Equilibrer le rapport de force','équilibrer le rapport de force','to balance the ratio of power / power relationship',0,1,'E',1,30,1,'quilibrer-le-rapport-de-force',50,2,NULL),(1248,'2018-01-09 06:55:16','2018-01-10 05:17:23','Etre pertinent','être pertinent','to be relevant',0,1,'E',1,14,1,'tre-pertinent',14,1,NULL),(1249,'2018-01-09 06:55:16','2018-01-09 08:30:57','Etude de marché','étude de marché','market study',0,1,'E',1,16,1,'tude-de-march',12,1,NULL),(1250,'2018-01-09 06:55:16','2018-01-09 08:30:57','Expansion économique','','economic expansion',0,1,'E',1,21,1,'expansion-conomique',18,1,NULL),(1251,'2018-01-09 06:55:16','2018-01-25 12:59:58','Faire preuve d\'une détermination ferme','','to show firm determination/resolute commitment',0,1,'F',1,39,1,'faire-preuve-dune-dtermination-ferme',46,2,NULL),(1252,'2018-01-09 06:55:16','2021-07-16 17:38:30','Faire une recommandation commerciale','','to make a business recommendation',0,1,'F',1,36,1,'faire-une-recommandation-commerciale',33,1,NULL),(1253,'2018-01-09 06:55:16','2018-01-10 05:17:23','Fixer des objectifs de négociation','','to set negotiating objectives',0,1,'F',1,35,1,'fixer-des-objectifs-de-ngociation',29,1,NULL),(1254,'2018-01-09 06:55:16','2021-07-16 17:38:30','Formuler une proposition de vente','','to formulate a sales proposal',0,1,'F',1,33,1,'formuler-une-proposition-de-vente',29,1,NULL),(1255,'2018-01-09 06:55:16','2018-01-10 05:17:23','Garantie technique','','technical guarantee',0,1,'G',1,18,1,'garantie-technique',19,1,NULL),(1256,'2018-01-09 06:55:16','2018-01-09 07:59:47','Gérer la relation commerciale','','to manage business relationship',0,1,'G',1,30,1,'grer-la-relation-commerciale',31,1,NULL),(1257,'2018-01-09 06:55:16','2018-01-25 12:59:58','Gérer l\'agressivité et les tensions','','to manage/deal with/handle hostility and strains',0,1,'G',1,37,1,'grer-lagressivit-et-les-tensions',48,2,NULL),(1258,'2018-01-09 06:55:16','2018-01-25 12:59:58','Gestion des négociations complexes','','complex negotiations/bargaining management',0,1,'G',1,35,1,'gestion-des-ngociations-complexes',42,1,NULL),(1259,'2018-01-09 06:55:16','2018-01-25 12:59:58','Identifier et qualifier une opportunité','','to identify and qualify an opportunity',0,1,'I',1,40,1,'identifier-et-qualifier-une-opportunit',38,1,NULL),(1260,'2018-01-09 06:55:16','2018-01-25 12:59:58','Influenceur potentiel sur une opportunité','','potential influencer on an opportunity',0,1,'I',1,42,1,'influenceur-potentiel-sur-une-opportunit',38,1,NULL),(1261,'2018-01-09 06:55:16','2018-01-09 07:59:47','Informations axées sur le produit','','product-oriented information',0,1,'I',1,34,1,'informations-axes-sur-le-produit',28,1,NULL),(1262,'2018-01-09 06:55:16','2018-01-09 07:59:47','Informations centrées sur un prospect','','information centred on a prospect',0,1,'I',1,38,1,'informations-centres-sur-un-prospect',33,1,NULL),(1263,'2018-01-09 06:55:16','2018-01-10 05:17:23','Informations commerciales','','commercial information',0,1,'I',1,25,1,'informations-commerciales',22,1,NULL),(1264,'2018-01-09 06:55:16','2018-01-09 07:59:47','Informations mercatiques','','marketing information',0,1,'I',1,24,1,'informations-mercatiques',21,1,NULL),(1265,'2018-01-09 06:55:16','2018-01-25 12:59:58','Interpréter les arguments d\'un négociant','','to interpret a trader\'s arguments',0,1,'I',1,42,1,'interprter-les-arguments-dun-ngociant',33,1,NULL),(1266,'2018-01-09 06:55:16','2018-01-09 08:30:57','Libre échange','','free trade',0,1,'L',1,14,1,'libre-change',10,1,NULL),(1267,'2018-01-09 06:55:16','2018-01-25 12:59:58','Liste des points à traiter lors de la négociation','','list of issues/points to deal with/cover during the negotiation',0,1,'L',1,51,2,'liste-des-points--traiter-lors-de-la-ngociation',63,2,NULL),(1268,'2018-01-09 06:55:16','2021-07-16 17:38:30','Maintenir un prix','','to keep a price',0,1,'M',1,17,1,'maintenir-un-prix',15,1,NULL),(1269,'2018-01-09 06:55:16','2018-01-09 08:30:57','Matrices de négociation','','negotiation matrices',0,1,'M',1,24,1,'matrices-de-ngociation',20,1,NULL),(1270,'2018-01-09 06:55:16','2021-07-16 17:38:30','Meilleure connaissance du vrai besoin','','better knowledge of the real needs',0,1,'M',1,37,1,'meilleure-connaissance-du-vrai-besoin',34,1,NULL),(1271,'2018-01-09 06:55:16','2018-01-25 12:59:58','Mener une négociation commerciale','','to lead/conduct a trade/commercial negotiation',0,1,'M',1,34,1,'mener-une-ngociation-commerciale',46,2,NULL),(1272,'2018-01-09 06:55:16','2018-01-09 08:30:57','Mener une négociation difficile','','to drive a hard bargain',0,1,'M',1,32,1,'mener-une-ngociation-difficile',23,1,NULL),(1273,'2018-01-09 06:55:16','2018-01-09 07:59:47','Mettre en exergue les avantages retirés','','to highlight the derived benefits',0,1,'M',1,40,1,'mettre-en-exergue-les-avantages-retirs',33,1,NULL),(1274,'2018-01-09 06:55:16','2018-01-25 12:59:58','Mettre en place une stratégie d\'achat et de vente','','to set un a purchasing and sales/selling strategy',0,1,'M',1,50,2,'mettre-en-place-une-stratgie-dachat-et-de-vente',49,2,NULL),(1275,'2018-01-09 06:55:16','2021-07-16 17:38:30','Mise en place de partenariats','','establishing partnerships',0,1,'M',1,29,1,'mise-en-place-de-partenariats',25,1,NULL),(1276,'2018-01-09 06:55:16','2018-01-09 08:30:57','Modalités de paiement','','methods of payment',0,1,'M',1,22,1,'modalits-de-paiement',18,1,NULL),(1277,'2018-01-09 06:55:16','2021-07-16 17:38:30','Montrer des supports visuels','','to show visual supports / visual aids',0,1,'M',1,28,1,'montrer-des-supports-visuels',37,1,NULL),(1278,'2018-01-09 06:55:16','2018-01-10 05:17:23','Négociation après appel d\'offre','','negotiation after call for tender',0,1,'N',1,33,1,'ngociation-aprs-appel-doffre',33,1,NULL),(1279,'2018-01-09 06:55:16','2018-01-09 08:30:57','Négociation distributive','','distributive bargaining',0,1,'N',1,25,1,'ngociation-distributive',23,1,NULL),(1280,'2018-01-09 06:55:16','2018-01-25 12:59:58','Négociation en cycle de vente court','','short sales cycle negotiation',0,1,'N',1,36,1,'ngociation-en-cycle-de-vente-court',29,1,NULL),(1281,'2018-01-09 06:55:16','2018-01-25 12:59:58','Négociation en cycle de vente long','','long sales cycle negotiation',0,1,'N',1,35,1,'ngociation-en-cycle-de-vente-long',28,1,NULL),(1282,'2018-01-09 06:55:16','2018-01-09 08:30:57','Négociation intégrative','','integrative negotiation',0,1,'N',1,25,1,'ngociation-intgrative',23,1,NULL),(1283,'2018-01-09 06:55:16','2018-01-25 12:59:58','Négociation intégrative et distributive','','integrative and distributive bargaining/negotiation',0,1,'N',1,41,1,'ngociation-intgrative-et-distributive',51,2,NULL),(1284,'2018-01-09 06:55:16','0000-00-00 00:00:00','Négocier chaque affaire séparément','','to negotiate each case separately',0,1,'N',1,37,1,'ngocier-chaque-affaire-sparment',33,1,NULL),(1285,'2018-01-09 06:55:16','2018-01-25 12:59:58','Négocier des accords commerciaux','','to negotiate commercial/sales agreements',0,1,'N',1,33,1,'ngocier-des-accords-commerciaux',40,1,NULL),(1286,'2018-01-09 06:55:16','2018-01-25 12:59:58','Négocier des contrats d\'achat','','to negotiate purchase agreements/contracts',0,1,'N',1,30,1,'ngocier-des-contrats-dachat',42,1,NULL),(1287,'2018-01-09 06:55:16','2018-01-10 05:17:23','Négocier des points secondaires','','to negotiate minor points',0,1,'N',1,32,1,'ngocier-des-points-secondaires',25,1,NULL),(1288,'2018-01-09 06:55:16','2018-01-25 12:59:58','Négocier les conditions de paiement','','to negotiate terms of payment',0,1,'N',1,36,1,'ngocier-les-conditions-de-paiement',29,1,NULL),(1289,'2018-01-09 06:55:16','2018-01-10 05:17:23','Négocier les délais de livraison','','to negotiate the delivery time',0,1,'N',1,34,1,'ngocier-les-dlais-de-livraison',30,1,NULL),(1290,'2018-01-09 06:55:16','2018-01-09 13:58:09','Négocier les délais de paiement','','to negotiate payment terms',0,1,'N',1,33,1,'ngocier-les-dlais-de-paiement',26,1,NULL),(1291,'2018-01-09 06:55:16','0000-00-00 00:00:00','Négocier les points techniques d\'une offre','','negotiate the technical points of an offer',0,1,'N',1,43,1,'ngocier-les-points-techniques-dune-offre',42,1,NULL),(1292,'2018-01-09 06:55:16','2018-01-09 07:59:47','Négocier un mauvais accord commercial','','to negotiate a bad trade agreement',0,1,'N',1,38,1,'ngocier-un-mauvais-accord-commercial',34,1,NULL),(1293,'2018-01-09 06:55:16','0000-00-00 00:00:00','Objet de la négociation','','object of the negotiation',0,1,'O',1,24,1,'objet-de-la-ngociation',25,1,NULL),(1294,'2018-01-09 06:55:16','2018-01-25 12:59:58','Obligation légale liée aux contrats et aux engagements','','legal obligation related to contracts and commitments',0,1,'O',1,56,2,'obligation-lgale-lie-aux-contrats-et-aux-engagements',53,2,NULL),(1295,'2018-01-09 06:55:16','2018-01-09 07:59:47','Obtenir un accord satisfaisant','','to obtain a satisfactory agreement',0,1,'O',1,30,1,'obtenir-un-accord-satisfaisant',34,1,NULL),(1296,'2018-01-09 06:55:16','2018-01-10 05:17:23','Officialiser l\'accord','','to formalise the agreement',0,1,'O',1,21,1,'officialiser-laccord',26,1,NULL),(1297,'2018-01-09 06:55:16','2018-01-25 12:59:58','Opérations commerciales internationales','','international commercial operations',0,1,'O',1,40,1,'oprations-commerciales-internationales',35,1,NULL),(1298,'2018-01-09 06:55:16','2018-01-09 07:59:47','Ouvrir la voie à une future entente','','to pave the way for a future agreement',0,1,'O',1,36,1,'ouvrir-la-voie--une-future-entente',38,1,NULL),(1299,'2018-01-09 06:55:16','2021-07-16 17:38:30','Passation de commande','','ordering procedure / order placement',0,1,'P',1,21,1,'passation-de-commande',36,1,NULL),(1300,'2018-01-09 06:55:16','2021-07-16 17:38:30','Passer un contrat','','to conclude a contract / to enter into contract',0,1,'P',1,17,1,'passer-un-contrat',47,2,NULL),(1301,'2018-01-09 06:55:16','2018-01-25 12:59:58','Perspicacité financière','','financial insight',0,1,'P',1,25,1,'perspicacit-financire',17,1,NULL),(1302,'2018-01-09 06:55:16','2018-01-10 05:17:23','Points à négocier','','issues to be negotiated',0,1,'P',1,19,1,'points--ngocier',23,1,NULL),(1303,'2018-01-09 06:55:16','2018-01-11 13:10:13','Portefeuille de clients','','customer portfolio',0,1,'P',1,23,1,'portefeuille-de-clients',18,1,NULL),(1304,'2018-01-09 06:55:16','2018-01-09 07:59:47','Prendre contact avec le responsable concerné','','to contact the relevant manager',0,1,'P',1,45,2,'prendre-contact-avec-le-responsable-concern',31,1,NULL),(1305,'2018-01-09 06:55:16','2018-01-09 07:59:47','Prendre des renseignements sur la société','','to obtain information about the company',0,1,'P',1,43,1,'prendre-des-renseignements-sur-la-socit',39,1,NULL),(1306,'2018-01-09 06:55:16','2021-07-16 17:38:30','Prendre en compte le risque commercial','','to consider commercial/market risk',0,1,'P',1,38,1,'prendre-en-compte-le-risque-commercial',34,1,NULL),(1307,'2018-01-09 06:55:16','2018-01-09 07:59:47','Présenter le produit','','to introduce the product',0,1,'P',1,21,1,'prsenter-le-produit',24,1,NULL),(1308,'2018-01-09 06:55:16','2018-01-09 07:59:47','Prise de contact','','establishing contact / initial contact',0,1,'P',1,16,1,'prise-de-contact',38,1,NULL),(1309,'2018-01-09 06:55:16','2018-01-25 12:59:58','Privilégier un accord gagnant-gagnant','','to prioritise/favour a win-win agreement',0,1,'P',1,38,1,'privilgier-un-accord-gagnant-gagnant',40,1,NULL),(1310,'2018-01-09 06:55:16','2018-01-09 08:30:57','Prix à débattre','','price to be negotiated',0,1,'P',1,17,1,'prix--dbattre',22,1,NULL),(1311,'2018-01-09 06:55:16','2018-01-09 08:30:57','Prix concurrentiel','','competitive price',0,1,'P',1,18,1,'prix-concurrentiel',17,1,NULL),(1312,'2018-01-09 06:55:16','2018-01-09 08:30:57','Prix courant','','current price',0,1,'P',1,12,1,'prix-courant',13,1,NULL),(1313,'2018-01-09 06:55:16','2018-01-09 08:30:57','Prix forfaitaire','','all-in price / inclusive price',0,1,'P',1,16,1,'prix-forfaitaire',30,1,NULL),(1314,'2018-01-09 06:55:16','2018-01-09 08:30:57','Prix global','','overall price',0,1,'P',1,11,1,'prix-global',13,1,NULL),(1315,'2018-01-09 06:55:16','2018-01-09 08:30:57','Prix plancher','','minimum price',0,1,'P',1,13,1,'prix-plancher',13,1,NULL),(1316,'2018-01-09 06:55:16','2018-01-09 08:30:57','Prix révisable','','price subject to modification',0,1,'P',1,15,1,'prix-rvisable',29,1,NULL),(1317,'2018-01-09 06:55:16','2018-01-09 14:35:50','Prix unitaire','','unit price',0,1,'P',1,13,1,'prix-unitaire',10,1,NULL),(1318,'2018-01-09 06:55:16','2018-01-11 10:22:17','Projet de contrat','','draft contract',0,1,'P',1,17,1,'projet-de-contrat',14,1,NULL),(1319,'2018-01-09 06:55:16','2021-07-16 17:38:30','Proposer la signature d\'un contrat','','to propose the signature of a contract',0,1,'P',1,34,1,'proposer-la-signature-dun-contrat',38,1,NULL),(1320,'2018-01-09 06:55:16','2018-01-09 07:59:47','Qualité d\'écoute remarquable','','outstanding listening quality',0,1,'Q',1,30,1,'qualit-dcoute-remarquable',29,1,NULL),(1321,'2018-01-09 06:55:16','2018-01-10 05:17:23','Quantité commandée','','ordered quantity',0,1,'Q',1,20,1,'quantit-commande',16,1,NULL),(1322,'2018-01-09 06:55:16','2018-01-10 05:17:23','Quantité minimum par livraison','','minimum quantity per delivery',0,1,'Q',1,31,1,'quantit-minimum-par-livraison',29,1,NULL),(1323,'2018-01-09 06:55:16','2018-01-25 12:59:58','Recentrer le débat sur l\'objectif du client','','to reframe/shift the focus of the debate on the client\'s objective/goal',0,1,'R',1,44,1,'recentrer-le-dbat-sur-lobjectif-du-client',71,2,NULL),(1324,'2018-01-09 06:55:16','2018-01-09 07:59:47','Rechercher des solutions pour un bénéfice commun','','to seek solutions for common benefit\n',0,1,'R',1,50,2,'rechercher-des-solutions-pour-un-bnfice-commun',37,1,NULL),(1325,'2018-01-09 06:55:16','2018-01-09 07:59:47','Réel souci de coopération','','real concern / care for cooperation',0,1,'R',1,27,1,'rel-souci-de-coopration',35,1,NULL),(1326,'2018-01-09 06:55:16','2018-01-10 05:17:23','Réfléchir aux contre-arguments','','to consider / to think about the rebuttal arguments',0,1,'R',1,32,1,'rflchir-aux-contre-arguments',51,2,NULL),(1327,'2018-01-09 06:55:16','2018-01-09 08:30:57','Régler une facture','','to pay a bill',0,1,'R',1,19,1,'rgler-une-facture',13,1,NULL),(1328,'2018-01-09 06:55:16','2021-07-16 17:38:30','Relation gagnant-gagnant','','win-win relationship',0,1,'R',1,24,1,'relation-gagnant-gagnant',20,1,NULL),(1329,'2018-01-09 06:55:16','0000-00-00 00:00:00','Relevé de prix','','price record',0,1,'R',1,15,1,'relev-de-prix',12,1,NULL),(1330,'2018-01-09 06:55:16','2018-01-10 05:17:23','Remise éventuelle','','possible discount / any discount',0,1,'R',1,18,1,'remise-ventuelle',32,1,NULL),(1331,'2018-01-09 06:55:16','0000-00-00 00:00:00','Répartition du budget','','budget allocation',0,1,'R',1,22,1,'rpartition-du-budget',17,1,NULL),(1332,'2018-01-09 06:55:16','2018-01-25 12:59:58','Repérer les points-clés d\'un contrat en négoce','','to spot a trading contract crucial points',0,1,'R',1,49,2,'reprer-les-points-cls-dun-contrat-en-ngoce',41,1,NULL),(1333,'2018-01-09 06:55:16','2018-01-25 12:59:58','Répondre à une demande spécifique du client','','to meet client\'s specific demand',0,1,'R',1,46,2,'rpondre--une-demande-spcifique-du-client',32,1,NULL),(1334,'2018-01-09 06:55:16','2021-07-16 17:38:30','Retenir l\'attention positivement','','to capture attention in a positive way',0,1,'R',1,32,1,'retenir-lattention-positivement',38,1,NULL),(1335,'2018-01-09 06:55:16','2018-01-25 12:59:58','Réussir une négociation','','to make a successful negotiation',0,1,'R',1,25,1,'russir-une-ngociation',32,1,NULL),(1336,'2018-01-09 06:55:16','2021-07-16 17:38:30','Revoir la position du jour','','to review today\'s position',0,1,'R',1,26,1,'revoir-la-position-du-jour',26,1,NULL),(1337,'2018-01-09 06:55:16','2021-07-16 17:38:30','Risque devise','','currency risk',0,1,'R',1,13,1,'risque-devise',13,1,NULL),(1338,'2018-01-09 06:55:16','2018-01-11 10:22:17','Rupture de contrat','','breach of contract',0,1,'R',1,18,1,'rupture-de-contrat',18,1,NULL),(1339,'2018-01-09 06:55:16','2021-07-16 17:38:30','Rupture de la relation commerciale','','termination of the business relationship',0,1,'R',1,34,1,'rupture-de-la-relation-commerciale',40,1,NULL),(1340,'2018-01-09 06:55:16','2018-01-09 08:30:57','Se mettre d\'accord sur','','to agree on',0,1,'S',1,22,1,'se-mettre-daccord-sur',11,1,NULL),(1341,'2018-01-09 06:55:16','2018-01-09 07:59:47','Se recentrer sur les intérêts en jeu','','to refocus on the interests at stake',0,1,'S',1,38,1,'se-recentrer-sur-les-intrts-en-jeu',36,1,NULL),(1342,'2018-01-09 06:55:16','2021-07-16 17:38:30','Se trouver en position dominante','','to be in a dominant position',0,1,'S',1,32,1,'se-trouver-en-position-dominante',28,1,NULL),(1343,'2018-01-09 06:55:16','2018-01-09 08:30:57','Secteur tertiaire','','tertiary sector',0,1,'S',1,17,1,'secteur-tertiaire',15,1,NULL),(1344,'2018-01-09 06:55:16','2018-01-11 10:33:59','Segmentation du marché','','market segmentation',0,1,'S',1,23,1,'segmentation-du-march',19,1,NULL),(1345,'2018-01-09 06:55:16','2018-01-09 07:59:47','Signer un contrat de vente','','to sign a sales contract',0,1,'S',1,26,1,'signer-un-contrat-de-vente',24,1,NULL),(1346,'2018-01-09 06:55:16','2018-01-09 07:59:47','S\'intéresser à la garantie','','to be interested in the guarantee',0,1,'S',1,28,1,'sintresser--la-garantie',33,1,NULL),(1347,'2018-01-09 06:55:16','2021-07-16 17:38:30','Solutions acceptables pour les deux partenaires','','acceptable solutions for both partners',0,1,'S',1,47,2,'solutions-acceptables-pour-les-deux-partenaires',38,1,NULL),(1348,'2018-01-09 06:55:16','2018-01-09 08:30:57','Soumettre une offre','','to submit an offer',0,1,'S',1,19,1,'soumettre-une-offre',18,1,NULL),(1349,'2018-01-09 06:55:16','0000-00-00 00:00:00','Sous réserve de','','subject to / contingent on',0,1,'S',1,16,1,'sous-rserve-de',26,1,NULL),(1350,'2018-01-09 06:55:16','2018-01-09 08:30:57','Statut juridique','','legal status',0,1,'S',1,16,1,'statut-juridique',12,1,NULL),(1351,'2018-01-09 06:55:16','2018-01-09 07:59:47','Stratégie de négociation','','negotiation strategy',0,1,'S',1,26,1,'stratgie-de-ngociation',20,1,NULL),(1352,'2018-01-09 06:55:16','2021-07-16 17:38:30','Suivi de livraison','','delivery tracking',0,1,'S',1,18,1,'suivi-de-livraison',17,1,NULL),(1353,'2018-01-09 06:55:16','0000-00-00 00:00:00','Susciter l\'intérêt','','to arouse attention / interest',0,1,'S',1,20,1,'susciter-lintrt',30,1,NULL),(1354,'2018-01-09 06:55:16','2018-01-09 08:30:57','Suspendre le paiement','','to interrupt payment',0,1,'S',1,21,1,'suspendre-le-paiement',20,1,NULL),(1355,'2018-01-09 06:55:16','2018-01-09 08:30:57','Tableau récapitulatif','','summary chart',0,1,'T',1,22,1,'tableau-rcapitulatif',13,1,NULL),(1356,'2018-01-09 06:55:16','2018-01-09 08:30:57','Tactique de négociation','','negotiation tactic',0,1,'T',1,24,1,'tactique-de-ngociation',18,1,NULL),(1357,'2018-01-09 06:55:16','2021-07-16 17:38:30','Tenir les positions','','to maintain positions',0,1,'T',1,19,1,'tenir-les-positions',21,1,NULL),(1358,'2018-01-09 06:55:16','2018-01-09 08:30:57','Termes de l\'échange','','terms of trade / trading terms',0,1,'T',1,20,1,'termes-de-lchange',30,1,NULL),(1359,'2018-01-09 06:55:16','2021-07-16 17:38:30','Terrain d\'entente sur les termes du contrat','','common ground on the terms of the contract',0,1,'T',1,43,1,'terrain-dentente-sur-les-termes-du-contrat',42,1,NULL),(1360,'2018-01-09 06:55:16','2021-07-16 17:38:30','Traiter les concessions et les remises','','to manage/process concessions and discounts',0,1,'T',1,38,1,'traiter-les-concessions-et-les-remises',43,1,NULL),(1361,'2018-01-09 06:55:16','0000-00-00 00:00:00','Trouver une marge de manœuvre pour sortir de l\'impasse','','to find out a room for manœuvre to get out of a deadlock',0,1,'T',1,55,2,'trouver-une-marge-de-manuvre-pour-sortir-de-limpasse',57,2,NULL),(1362,'2018-01-09 06:55:16','0000-00-00 00:00:00','Absence de leadership / vide de leadership','','leadership vacuum',0,1,'A',1,42,1,'absence-de-leadership--vide-de-leadership',17,1,NULL),(1363,'2018-01-09 06:55:16','0000-00-00 00:00:00','Accepter/recevoir/prendre des pots de vin','','to accept / to receive / to take bribes',0,1,'A',1,41,1,'accepterrecevoirprendre-des-pots-de-vin',39,1,NULL),(1364,'2018-01-09 06:55:16','0000-00-00 00:00:00','Adopter en deuxième lecture','','to adopt in second reading',0,1,'A',1,28,1,'adopter-en-deuxime-lecture',26,1,NULL),(1365,'2018-01-09 06:55:16','0000-00-00 00:00:00','Assemblée législative','','legislative assembly',0,1,'A',1,23,1,'assemble-lgislative',20,1,NULL),(1366,'2018-01-09 06:55:16','0000-00-00 00:00:00','Bulletin de vote','','ballot paper',0,1,'B',1,16,1,'bulletin-de-vote',12,1,NULL),(1367,'2018-01-09 06:55:16','0000-00-00 00:00:00','Bureau de vote','','polling station',0,1,'B',1,14,1,'bureau-de-vote',15,1,NULL),(1368,'2018-01-09 06:55:16','0000-00-00 00:00:00','Cabinet fantôme / shadow cabinet','','shadow cabinet',0,1,'C',1,33,1,'cabinet-fantme--shadow-cabinet',14,1,NULL),(1369,'2018-01-09 06:55:16','0000-00-00 00:00:00','Cabinet ministériel','','ministerial cabinet',0,1,'C',1,20,1,'cabinet-ministriel',19,1,NULL),(1370,'2018-01-09 06:55:16','0000-00-00 00:00:00','Campagne électorale','','election campaign',0,1,'C',1,20,1,'campagne-lectorale',17,1,NULL),(1371,'2018-01-09 06:55:16','0000-00-00 00:00:00','Chef de l\'état','','head of state',0,1,'C',1,15,1,'chef-de-ltat',13,1,NULL),(1372,'2018-01-09 06:55:16','0000-00-00 00:00:00','Chef d\'état','','head of state',0,1,'C',1,12,1,'chef-dtat',13,1,NULL),(1373,'2018-01-09 06:55:16','0000-00-00 00:00:00','Commissaire européen / commissaire de l\'union européenne','','European Union commissioner',0,1,'C',1,58,2,'commissaire-europen--commissaire-de-lUnion-Europenne',27,1,NULL),(1374,'2018-01-09 06:55:16','0000-00-00 00:00:00','Conférence au sommet','','summit conference',0,1,'C',1,21,1,'confrence-au-sommet',17,1,NULL),(1375,'2018-01-09 06:55:16','2018-01-11 12:46:31','Conflit d\'intérêt','','conflict of interest',0,1,'C',1,19,1,'conflit-dintrt',20,1,NULL),(1376,'2018-01-09 06:55:16','0000-00-00 00:00:00','Convaincre les électeurs','','convince voters',0,1,'C',1,25,1,'convaincre-les-lecteurs',15,1,NULL),(1377,'2018-01-09 06:55:16','0000-00-00 00:00:00','Débats à l\'assembée nationale','','national assembly debates',0,1,'D',1,32,1,'dbats--lassembe-nationale',25,1,NULL),(1378,'2018-01-09 06:55:16','0000-00-00 00:00:00','Défi au leadership / contestation du leadership','','leadership challenge/contest',0,1,'D',1,48,2,'dfi-au-leadership--contestation-du-leadership',28,1,NULL),(1379,'2018-01-09 06:55:16','0000-00-00 00:00:00','Démocratie par référendum / démocratie référendaire','','referendum democracy',0,1,'D',1,57,2,'dmocratie-par-rfrendum--dmocratie-rfrendaire',20,1,NULL),(1380,'2018-01-09 06:55:16','0000-00-00 00:00:00','Démocratie parlementaire','','parliamentary democracy',0,1,'D',1,25,1,'dmocratie-parlementaire',23,1,NULL),(1381,'2018-01-09 06:55:16','0000-00-00 00:00:00','Député de la majorité','','MP (member of parliament) from the majority',0,1,'D',1,24,1,'dput-de-la-majorit',43,1,NULL),(1382,'2018-01-09 06:55:16','0000-00-00 00:00:00','Député de l\'opposition','','MP (member of parliament) from the opposition',0,1,'D',1,24,1,'dput-de-lopposition',45,2,NULL),(1383,'2018-01-09 06:55:16','0000-00-00 00:00:00','Des mesures énergétiques','','drastic measures',0,1,'D',1,26,1,'des-mesures-nergtiques',16,1,NULL),(1384,'2018-01-09 06:55:16','0000-00-00 00:00:00','Discussions difficiles','','tough talks',0,1,'D',1,22,1,'discussions-difficiles',11,1,NULL),(1385,'2018-01-09 06:55:16','0000-00-00 00:00:00','Election partielle','élection partielle','by-election',0,1,'E',1,18,1,'lection-partielle',11,1,NULL),(1386,'2018-01-09 06:55:16','0000-00-00 00:00:00','Elections anticipées','élections anticipées','early elections /anticipated elections',0,1,'E',1,21,1,'lections-anticipes',38,1,NULL),(1387,'2018-01-09 06:55:16','0000-00-00 00:00:00','Elections cantonales','élections cantonales','local / regional / cantonal elections',0,1,'E',1,20,1,'lections-cantonales',37,1,NULL),(1388,'2018-01-09 06:55:16','0000-00-00 00:00:00','Elections générales','élections générales','general elections',0,1,'E',1,21,1,'lections-gnrales',17,1,NULL),(1389,'2018-01-09 06:55:16','0000-00-00 00:00:00','Elections municipales','élections municipales','municipal elections',0,1,'E',1,21,1,'lections-municipales',19,1,NULL),(1390,'2018-01-09 06:55:16','0000-00-00 00:00:00','Elections présidentielles','élections présidentielles','presidential elections',0,1,'E',1,26,1,'lections-prsidentielles',22,1,NULL),(1391,'2018-01-09 06:55:16','0000-00-00 00:00:00','Elections primaires','élections primaires','primary elections',0,1,'E',1,19,1,'lections-primaires',17,1,NULL),(1392,'2018-01-09 06:55:16','0000-00-00 00:00:00','Elu en tête de liste','élu en tête de liste','elected top the list',0,1,'E',1,21,1,'lu-en-tte-de-liste',20,1,NULL),(1393,'2018-01-09 06:55:16','0000-00-00 00:00:00','Empêtré dans une crise politique / agitation politique','','engulfed in political turmoil',0,1,'E',1,56,2,'emptr-dans-une-crise-politique--agitation-politique',29,1,NULL),(1394,'2018-01-09 06:55:16','0000-00-00 00:00:00','Gouvernement de coalition','','coalition government',0,1,'G',1,25,1,'gouvernement-de-coalition',20,1,NULL),(1395,'2018-01-09 06:55:16','0000-00-00 00:00:00','Gouvernement intérimaire','','caretaker government',0,1,'G',1,25,1,'gouvernement-intrimaire',20,1,NULL),(1396,'2018-01-09 06:55:16','0000-00-00 00:00:00','Gouvernement ultralibéral','','ultraliberal government',0,1,'G',1,26,1,'gouvernement-ultralibral',23,1,NULL),(1397,'2018-01-09 06:55:16','0000-00-00 00:00:00','Ingérence politique','','political interference',0,1,'I',1,20,1,'ingrence-politique',22,1,NULL),(1398,'2018-01-09 06:55:16','0000-00-00 00:00:00','La grande bretagne vote pour le retrait de l\'ue','','UK votes to leave EU',0,1,'L',1,47,2,'la-Grande-Bretagne-vote-pour-le-retrait-de-lUE',20,1,NULL),(1399,'2018-01-09 06:55:16','0000-00-00 00:00:00','Leader de l\'opposition','','oppostion leader / leader of the opposition',0,1,'L',1,22,1,'leader-de-lopposition',43,1,NULL),(1400,'2018-01-09 06:55:16','0000-00-00 00:00:00','Liste électorale','','voters list',0,1,'L',1,17,1,'liste-lectorale',11,1,NULL),(1401,'2018-01-09 06:55:16','0000-00-00 00:00:00','Majorité écrasante','','overwhelming majority',0,1,'M',1,20,1,'majorit-crasante',21,1,NULL),(1402,'2018-01-09 06:55:16','0000-00-00 00:00:00','Majorité silencieuse','','silent majority',0,1,'M',1,21,1,'majorit-silencieuse',15,1,NULL),(1403,'2018-01-09 06:55:16','0000-00-00 00:00:00','Mandat de cinq ans (quinquennat)','','five-year term / mandate',0,1,'M',1,32,1,'mandat-de-cinq-ans-quinquennat',24,1,NULL),(1404,'2018-01-09 06:55:16','0000-00-00 00:00:00','Mandat électoral','','electoral mandate / term',0,1,'M',1,17,1,'mandat-lectoral',24,1,NULL),(1405,'2018-01-09 06:55:16','0000-00-00 00:00:00','Mandat présidentiel','','presidential mandate /term',0,1,'M',1,20,1,'mandat-prsidentiel',26,1,NULL),(1406,'2018-01-09 06:55:16','0000-00-00 00:00:00','Marché financier','','financial market',0,1,'M',1,17,1,'march-financier',16,1,NULL),(1407,'2018-01-09 06:55:16','0000-00-00 00:00:00','Marché unique','','single market',0,1,'M',1,14,1,'march-unique',13,1,NULL),(1408,'2018-01-09 06:55:16','0000-00-00 00:00:00','Ministère des affaires étrangères','','foreign office',0,1,'M',1,36,1,'ministre-des-affaires-trangres',14,1,NULL),(1409,'2018-01-09 06:55:16','0000-00-00 00:00:00','Ministre de la justice','','Attorney general',0,1,'M',1,22,1,'ministre-de-la-Justice',16,1,NULL),(1410,'2018-01-09 06:55:16','0000-00-00 00:00:00','Ministre de l\'intérieur','','minister of home affairs',0,1,'M',1,24,1,'ministre-de-lintrieur',24,1,NULL),(1411,'2018-01-09 06:55:16','0000-00-00 00:00:00','Ministre de l\'intérieur','','Home Minister',0,1,'M',1,24,1,'ministre-de-lIntrieur',13,1,NULL),(1412,'2018-01-09 06:55:16','0000-00-00 00:00:00','Ministre des affaires étrangères','','minister of foreign affairs',0,1,'M',1,34,1,'ministre-des-affaires-trangres',27,1,NULL),(1413,'2018-01-09 06:55:16','0000-00-00 00:00:00','Ministre des finances','','minister of finance',0,1,'M',1,21,1,'ministre-des-finances',19,1,NULL),(1414,'2018-01-09 06:55:16','0000-00-00 00:00:00','Motion de censure','','motion of censure / motion of no confidence',0,1,'M',1,17,1,'motion-de-censure',43,1,NULL),(1415,'2018-01-09 06:55:16','0000-00-00 00:00:00','Motion de méfiance','','vote of no confidence',0,1,'M',1,19,1,'motion-de-mfiance',21,1,NULL),(1416,'2018-01-09 06:55:16','0000-00-00 00:00:00','Négociations bilatérales','','bilateral negociations',0,1,'N',1,26,1,'ngociations-bilatrales',22,1,NULL),(1417,'2018-01-09 06:55:16','0000-00-00 00:00:00','Négociations difficiles','','tough negotiations',0,1,'N',1,24,1,'ngociations-difficiles',18,1,NULL),(1418,'2018-01-09 06:55:16','0000-00-00 00:00:00','Obtenir la majorité absolue','','to obtain absolute majority',0,1,'O',1,28,1,'obtenir-la-majorit-absolue',27,1,NULL),(1419,'2018-01-09 06:55:16','0000-00-00 00:00:00','Parti au pouvoir','','ruling party',0,1,'P',1,16,1,'parti-au-pouvoir',12,1,NULL),(1420,'2018-01-09 06:55:16','0000-00-00 00:00:00','Parti travailliste','','labour party',0,1,'P',1,18,1,'parti-travailliste',12,1,NULL),(1421,'2018-01-09 06:55:16','0000-00-00 00:00:00','Paysage politique / scène politique','','political landscape',0,1,'P',1,36,1,'paysage-politique--scne-politique',19,1,NULL),(1422,'2018-01-09 06:55:16','0000-00-00 00:00:00','Période d\'incertitude','','period of uncertainty',0,1,'P',1,22,1,'priode-dincertitude',21,1,NULL),(1423,'2018-01-09 06:55:16','0000-00-00 00:00:00','Politique du gouvernement','','government policy',0,1,'P',1,25,1,'politique-du-gouvernement',17,1,NULL),(1424,'2018-01-09 06:55:16','0000-00-00 00:00:00','Politique étrangère','','foreign policy',0,1,'P',1,21,1,'politique-trangre',14,1,NULL),(1425,'2018-01-09 06:55:16','0000-00-00 00:00:00','Poser sa candidature aux élections générales','','to stand as candidate for general elections',0,1,'P',1,47,2,'poser-sa-candidature-aux-lections-gnrales',43,1,NULL),(1426,'2018-01-09 06:55:16','0000-00-00 00:00:00','Présenter le budget annuel','','to present the annual budget',0,1,'P',1,27,1,'prsenter-le-budget-annuel',28,1,NULL),(1427,'2018-01-09 06:55:16','0000-00-00 00:00:00','Président de l\'assemblée nationale','','speaker / president of the national assembly',0,1,'P',1,36,1,'prsident-de-lassemble-nationale',44,1,NULL),(1428,'2018-01-09 06:55:16','0000-00-00 00:00:00','Présider une séance','','to preside over a session',0,1,'P',1,21,1,'prsider-une-sance',25,1,NULL),(1429,'2018-01-09 06:55:16','0000-00-00 00:00:00','Programme gouvernemental','','government programme',0,1,'P',1,24,1,'programme-gouvernemental',20,1,NULL),(1430,'2018-01-09 06:55:16','0000-00-00 00:00:00','Projet de loi','','draft legislation / bill',0,1,'P',1,13,1,'projet-de-loi',24,1,NULL),(1431,'2018-01-09 06:55:16','0000-00-00 00:00:00','Question parlementaire','','Parliamentary questions',0,1,'Q',1,22,1,'question-parlementaire',23,1,NULL),(1432,'2018-01-09 06:55:16','0000-00-00 00:00:00','Quitter ses fonctions / se retirer / démissionner','','to step down / to stand down',0,1,'Q',1,50,2,'quitter-ses-fonctions--se-retirer--dmissionner',28,1,NULL),(1433,'2018-01-09 06:55:16','0000-00-00 00:00:00','Relations bilatérales','','bilateral relations',0,1,'R',1,22,1,'relations-bilatrales',19,1,NULL),(1434,'2018-01-09 06:55:16','0000-00-00 00:00:00','Représenter une alternance crédible','','to be a credible alternative',0,1,'R',1,37,1,'reprsenter-une-alternance-crdible',28,1,NULL),(1435,'2018-01-09 06:55:16','0000-00-00 00:00:00','Scandale politico-financier','','political and financial scandal',0,1,'S',1,27,1,'scandale-politico-financier',31,1,NULL),(1436,'2018-01-09 06:55:16','0000-00-00 00:00:00','Se présenter à des élections','','to run for office',0,1,'S',1,31,1,'se-prsenter--des-lections',17,1,NULL),(1437,'2018-01-09 06:55:16','0000-00-00 00:00:00','Se rendre en mission à l\'étranger','','to undertake a mission abroad',0,1,'S',1,35,1,'se-rendre-en-mission--ltranger',29,1,NULL),(1438,'2018-01-09 06:55:16','0000-00-00 00:00:00','Secrétaire d\'état','','secretary of state',0,1,'S',1,19,1,'secrtaire-dtat',18,1,NULL),(1439,'2018-01-09 06:55:16','0000-00-00 00:00:00','Secrétaire général du parti','','Party General Secretary',0,1,'S',1,30,1,'secrtaire-gnral-du-parti',23,1,NULL),(1440,'2018-01-09 06:55:16','0000-00-00 00:00:00','Signer un traité','','to sign a treaty',0,1,'S',1,17,1,'signer-un-trait',16,1,NULL),(1441,'2018-01-09 06:55:16','0000-00-00 00:00:00','Signer une pétition','','to sign a petition',0,1,'S',1,20,1,'signer-une-ptition',18,1,NULL),(1442,'2018-01-09 06:55:16','0000-00-00 00:00:00','Sondage d\'opinion','','opinion poll',0,1,'S',1,17,1,'sondage-dopinion',12,1,NULL),(1443,'2018-01-09 06:55:16','0000-00-00 00:00:00','Tenir des pourparlers/discussions sur','','to hold talks on',0,1,'T',1,37,1,'tenir-des-pourparlersdiscussions-sur',16,1,NULL),(1444,'2018-01-09 06:55:16','0000-00-00 00:00:00','Traité de non double imposition','','double taxation agreement',0,1,'T',1,32,1,'trait-de-non-double-imposition',25,1,NULL),(1445,'2018-01-09 06:55:16','0000-00-00 00:00:00','Troisième force politique','','third political force',0,1,'T',1,26,1,'troisime-force-politique',21,1,NULL),(1446,'2018-01-09 06:55:16','0000-00-00 00:00:00','Voter à bulletin secret','','to vote by secret ballot',0,1,'V',1,24,1,'voter--bulletin-secret',24,1,NULL),(1447,'2018-01-09 06:55:16','0000-00-00 00:00:00','Voter pour un référendum','','to vote for a referendum',0,1,'V',1,26,1,'voter-pour-un-rfrendum',24,1,NULL),(1448,'2018-01-09 06:55:16','0000-00-00 00:00:00','Absence de désaccord majeur','','no major discrepancy is found',0,1,'A',1,28,1,'absence-de-dsaccord-majeur',29,1,NULL),(1449,'2018-01-09 06:55:16','0000-00-00 00:00:00','Accord global','','global agreement',0,1,'A',1,13,1,'accord-global',16,1,NULL),(1450,'2018-01-09 06:55:16','0000-00-00 00:00:00','Annexes concernées','','related appendices',0,1,'A',1,19,1,'annexes-concernes',18,1,NULL),(1451,'2018-01-09 06:55:16','0000-00-00 00:00:00','Approvisionnement de fournitures','','goods procurement',0,1,'A',1,32,1,'approvisionnement-de-fournitures',17,1,NULL),(1452,'2018-01-09 06:55:16','0000-00-00 00:00:00','Assemblée générale annuelle','','Annual General Meeting (AGM)',0,1,'A',1,30,1,'assemble-gnrale-annuelle',28,1,NULL),(1453,'2018-01-09 06:55:16','0000-00-00 00:00:00','Assemblée générale des actionnaires','','annual shareholders\' meeting',0,1,'A',1,38,1,'assemble-gnrale-des-actionnaires',28,1,NULL),(1454,'2018-01-09 06:55:16','0000-00-00 00:00:00','Assemblée générale extraordinaire','','Extraordinary General Meeting',0,1,'A',1,36,1,'assemble-gnrale-extraordinaire',29,1,NULL),(1455,'2018-01-09 06:55:16','0000-00-00 00:00:00','Assemblée statutaire','','statutory meeting',0,1,'A',1,21,1,'assemble-statutaire',17,1,NULL),(1456,'2018-01-09 06:55:16','0000-00-00 00:00:00','Bloquer les intrusions','','to block intrusions',0,1,'B',1,22,1,'bloquer-les-intrusions',19,1,NULL),(1457,'2018-01-09 06:55:16','0000-00-00 00:00:00','Cadre du pays dominant','','lead country executive',0,1,'C',1,22,1,'cadre-du-pays-dominant',22,1,NULL),(1458,'2018-01-09 06:55:16','0000-00-00 00:00:00','Cahier des charges','','terms of reference / specification',0,1,'C',1,18,1,'cahier-des-charges',34,1,NULL),(1459,'2018-01-09 06:55:16','0000-00-00 00:00:00','Chiffre de vente','','sales figure',0,1,'C',1,16,1,'chiffre-de-vente',12,1,NULL),(1460,'2018-01-09 06:55:16','0000-00-00 00:00:00','Cœur de métier','','core business / profession',0,1,'C',1,16,1,'cur-de-mtier',26,1,NULL),(1461,'2018-01-09 06:55:16','0000-00-00 00:00:00','Compte international','','international account',0,1,'C',1,20,1,'compte-international',21,1,NULL),(1462,'2018-01-09 06:55:16','0000-00-00 00:00:00','Compte respectif','','respective account',0,1,'C',1,16,1,'compte-respectif',18,1,NULL),(1463,'2018-01-09 06:55:16','0000-00-00 00:00:00','Conseil d\'administration','','board of directors',0,1,'C',1,24,1,'conseil-dadministration',18,1,NULL),(1464,'2018-01-09 06:55:16','0000-00-00 00:00:00','Conseil / comité de direction','','executive committee',0,1,'C',1,30,1,'conseil--comit-de-direction',19,1,NULL),(1465,'2018-01-09 06:55:16','0000-00-00 00:00:00','Convoquer les actionnaires','','to summon the shareholders',0,1,'C',1,26,1,'convoquer-les-actionnaires',26,1,NULL),(1466,'2018-01-09 06:55:16','2018-01-09 06:55:16','Coordonner le processus de vente','','to co-ordinate the sales process',0,1,'C',1,32,1,'coordonner-le-processus-de-vente',32,1,NULL),(1467,'2018-01-09 06:55:16','0000-00-00 00:00:00','Coût d\'expédition','','forwarding cost',0,1,'C',1,19,1,'cot-dexpdition',15,1,NULL),(1468,'2018-01-09 06:55:16','0000-00-00 00:00:00','Dans l\'univers de','','in the world of',0,1,'D',1,17,1,'dans-lunivers-de',15,1,NULL),(1469,'2018-01-09 06:55:16','0000-00-00 00:00:00','Délai de production','','lead time',0,1,'D',1,20,1,'dlai-de-production',9,1,NULL),(1470,'2018-01-09 06:55:16','0000-00-00 00:00:00','Déposer son bilan','','to file for bankruptcy',0,1,'D',1,18,1,'dposer-son-bilan',22,1,NULL),(1471,'2018-01-09 06:55:16','0000-00-00 00:00:00','Directeur des ressources humaines','','Director of Human Resources',0,1,'D',1,33,1,'Directeur-des-Ressources-Humaines',27,1,NULL),(1472,'2018-01-09 06:55:16','0000-00-00 00:00:00','Direction par les objectifs','','management by the objectives',0,1,'D',1,27,1,'direction-par-les-objectifs',28,1,NULL),(1473,'2018-01-09 06:55:16','0000-00-00 00:00:00','Distribuer un dividende','','to distribute a dividend',0,1,'D',1,23,1,'distribuer-un-dividende',24,1,NULL),(1474,'2018-01-09 06:55:16','0000-00-00 00:00:00','Droit de veto','','veto right',0,1,'D',1,13,1,'droit-de-veto',10,1,NULL),(1475,'2018-01-09 06:55:16','0000-00-00 00:00:00','Echelons de la direction','échelons de la direction','layers of the management',0,1,'E',1,24,1,'chelons-de-la-direction',24,1,NULL),(1476,'2018-01-09 06:55:16','0000-00-00 00:00:00','Equipe de soutien / de préparation','équipe de soutien / de préparation','coaching team',0,1,'E',1,35,1,'quipe-de-soutien--de-prparation',13,1,NULL),(1477,'2018-01-09 06:55:16','2018-01-09 12:41:13','Evaluation des risques','évaluation des risques','risk assessment',0,1,'E',1,22,1,'valuation-des-risques',15,1,NULL),(1478,'2018-01-09 06:55:16','0000-00-00 00:00:00','Evaluation d\'opportunité','évaluation d\'opportunité','opportunity assessment',0,1,'E',1,25,1,'valuation-dopportunit',22,1,NULL),(1479,'2018-01-09 06:55:16','0000-00-00 00:00:00','Facturé localement','','locally invoiced',0,1,'F',1,19,1,'factur-localement',16,1,NULL),(1480,'2018-01-09 06:55:16','0000-00-00 00:00:00','Faillite non réhabilitée','','undischarged bankruptcy',0,1,'F',1,26,1,'faillite-non-rhabilite',23,1,NULL),(1481,'2018-01-09 06:55:16','0000-00-00 00:00:00','Faire baisser les coûts','','to drive cost reduction',0,1,'F',1,24,1,'faire-baisser-les-cots',23,1,NULL),(1482,'2018-01-09 06:55:16','0000-00-00 00:00:00','Faire face à','','to cope with',0,1,'F',1,13,1,'faire-face-',12,1,NULL),(1483,'2018-01-09 06:55:16','0000-00-00 00:00:00','Faire un rapport sur l\'état du projet','','to report project status',0,1,'F',1,38,1,'faire-un-rapport-sur-ltat-du-projet',24,1,NULL),(1484,'2018-01-09 06:55:16','0000-00-00 00:00:00','Fixation des objectifs','','goal setting',0,1,'F',1,22,1,'fixation-des-objectifs',12,1,NULL),(1485,'2018-01-09 06:55:16','0000-00-00 00:00:00','Frais de déplacement international','','international travelling expenses',0,1,'F',1,35,1,'frais-de-dplacement-international',33,1,NULL),(1486,'2018-01-09 06:55:16','0000-00-00 00:00:00','Gérer une firme','','to run a company',0,1,'G',1,16,1,'grer-une-firme',16,1,NULL),(1487,'2018-01-09 06:55:16','0000-00-00 00:00:00','Gestion du temps de travail','','work time management',0,1,'G',1,27,1,'gestion-du-temps-de-travail',20,1,NULL),(1488,'2018-01-09 06:55:16','0000-00-00 00:00:00','Gestion locale','','local management',0,1,'G',1,14,1,'gestion-locale',16,1,NULL),(1489,'2018-01-09 06:55:16','0000-00-00 00:00:00','Groupe de travail','','working group',0,1,'G',1,17,1,'groupe-de-travail',13,1,NULL),(1490,'2018-01-09 06:55:16','0000-00-00 00:00:00','Jeton de présence','','Director\'s fee',0,1,'J',1,18,1,'jeton-de-prsence',14,1,NULL),(1491,'2018-01-09 06:55:16','0000-00-00 00:00:00','Large gamme de fonction logicielle','','broad range of software functions',0,1,'L',1,34,1,'large-gamme-de-fonction-logicielle',33,1,NULL),(1492,'2018-01-09 06:55:16','0000-00-00 00:00:00','Membre de l\'équipe','','team member',0,1,'M',1,19,1,'membre-de-lquipe',11,1,NULL),(1493,'2018-01-09 06:55:16','0000-00-00 00:00:00','Niveau central','','central level',0,1,'N',1,14,1,'niveau-central',13,1,NULL),(1494,'2018-01-09 06:55:16','0000-00-00 00:00:00','Organisation clientèle','','customer organisation',0,1,'O',1,23,1,'organisation-clientle',21,1,NULL),(1495,'2018-01-09 06:55:16','0000-00-00 00:00:00','Outil de devis de vente internationales','','international sales quotation tool',0,1,'O',1,39,1,'outil-de-devis-de-vente-internationales',34,1,NULL),(1496,'2018-01-09 06:55:16','0000-00-00 00:00:00','Portefeuille technologique','','technological portfolio',0,1,'P',1,26,1,'portefeuille-technologique',23,1,NULL),(1497,'2018-01-09 06:55:16','0000-00-00 00:00:00','Porteur de croissance','','growth driver',0,1,'P',1,21,1,'porteur-de-croissance',13,1,NULL),(1498,'2018-01-09 06:55:16','0000-00-00 00:00:00','Préparation de l\'expédition','','shipment preparation',0,1,'P',1,29,1,'prparation-de-lexpdition',20,1,NULL),(1499,'2018-01-09 06:55:16','0000-00-00 00:00:00','Préparation d\'un devis','','quotation build-up',0,1,'P',1,23,1,'prparation-dun-devis',18,1,NULL),(1500,'2018-01-09 06:55:16','0000-00-00 00:00:00','Prévision budgétaire','','budget forecast',0,1,'P',1,22,1,'prvision-budgtaire',15,1,NULL),(1501,'2018-01-09 06:55:16','0000-00-00 00:00:00','Prise de commande internationale','','international order intake',0,1,'P',1,32,1,'prise-de-commande-internationale',26,1,NULL),(1502,'2018-01-09 06:55:16','0000-00-00 00:00:00','Procédure officielle','','official procedure',0,1,'P',1,21,1,'procdure-officielle',18,1,NULL),(1503,'2018-01-09 06:55:16','0000-00-00 00:00:00','Procédure sans alternative','','bid no bid procedure',0,1,'P',1,27,1,'procdure-sans-alternative',20,1,NULL),(1504,'2018-01-09 06:55:16','0000-00-00 00:00:00','Processus d\'estimation','','tendering process',0,1,'P',1,22,1,'processus-destimation',17,1,NULL),(1505,'2018-01-09 06:55:16','0000-00-00 00:00:00','Profil de société','','corporate profile',0,1,'P',1,19,1,'profil-de-socit',17,1,NULL),(1506,'2018-01-09 06:55:16','0000-00-00 00:00:00','Progression des ventes','','sales progress',0,1,'P',1,22,1,'progression-des-ventes',14,1,NULL),(1507,'2018-01-09 06:55:16','0000-00-00 00:00:00','Protection du trafic','','traffic protection',0,1,'P',1,20,1,'protection-du-trafic',18,1,NULL),(1508,'2018-01-09 06:55:16','0000-00-00 00:00:00','Question à l\'ordre du jour','','item on the agenda',0,1,'Q',1,27,1,'question--lordre-du-jour',18,1,NULL),(1509,'2018-01-09 06:55:16','0000-00-00 00:00:00','Réalisation/ finalisation prévue','','closing expected',0,1,'R',1,34,1,'ralisation-finalisation-prvue',16,1,NULL),(1510,'2018-01-09 06:55:16','0000-00-00 00:00:00','Registre des titres','','share register',0,1,'R',1,19,1,'registre-des-titres',14,1,NULL),(1511,'2018-01-09 06:55:16','0000-00-00 00:00:00','Relations marquantes','','historic relationship',0,1,'R',1,20,1,'relations-marquantes',21,1,NULL),(1512,'2018-01-09 06:55:16','0000-00-00 00:00:00','Remaniement de l\'équipe dirigeante','','management reshuffle',0,1,'R',1,35,1,'remaniement-de-lquipe-dirigeante',20,1,NULL),(1513,'2018-01-09 06:55:16','0000-00-00 00:00:00','Repousser les limites','','to push back the limit',0,1,'R',1,21,1,'repousser-les-limites',22,1,NULL),(1514,'2018-01-09 06:55:16','0000-00-00 00:00:00','Réputation bien établie','','proven track-record',0,1,'R',1,25,1,'rputation-bien-tablie',19,1,NULL),(1515,'2018-01-09 06:55:16','0000-00-00 00:00:00','Responsable des comptes clés','','key account manager',0,1,'R',1,29,1,'responsable-des-comptes-cls',19,1,NULL),(1516,'2018-01-09 06:55:16','0000-00-00 00:00:00','Ressources de support pré-vente','','pre-sales support resources',0,1,'R',1,32,1,'ressources-de-support-pr-vente',27,1,NULL),(1517,'2018-01-09 06:55:16','0000-00-00 00:00:00','Réunion du conseil','','board meeting',0,1,'R',1,19,1,'runion-du-conseil',13,1,NULL),(1518,'2018-01-09 06:55:16','0000-00-00 00:00:00','Revenu important et récurrent','','significant and recurrent revenue',0,1,'R',1,30,1,'revenu-important-et-rcurrent',33,1,NULL),(1519,'2018-01-09 06:55:16','0000-00-00 00:00:00','Salle du conseil','','board room',0,1,'S',1,16,1,'salle-du-conseil',10,1,NULL),(1520,'2018-01-09 06:55:16','0000-00-00 00:00:00','Service après-vente','','after-sales support',0,1,'S',1,20,1,'service-aprs-vente',19,1,NULL),(1521,'2018-01-09 06:55:16','0000-00-00 00:00:00','Schéma organisationnel','','organization chart',0,1,'S',1,23,1,'schma-organisationnel',18,1,NULL),(1522,'2018-01-09 06:55:16','0000-00-00 00:00:00','Version préliminaire d\'un contrat','','draft contract',0,1,'V',1,34,1,'version-prliminaire-dun-contrat',14,1,NULL),(1523,'2018-01-09 06:55:16','0000-00-00 00:00:00','Voter par procuration','','to vote by proxy',0,1,'V',1,21,1,'voter-par-procuration',16,1,NULL),(1524,'2018-01-09 06:55:16','0000-00-00 00:00:00','A l\'ordre du jour','à l\'ordre du jour','on the agenda',0,1,'A',1,17,1,'-lordre-du-jour',13,1,NULL),(1525,'2018-01-09 06:55:16','0000-00-00 00:00:00','A mon avis, la raison est évidente. il s\'agit de...','','In my opinion, the reason is obvious. It is...',0,1,'A',1,52,2,'A-mon-avis-la-raison-est-vidente-Il-sagit-de',46,2,NULL),(1526,'2018-01-09 06:55:16','0000-00-00 00:00:00','Attirer l\'attention sur','','to draw attention to',0,1,'A',1,23,1,'attirer-lattention-sur',20,1,NULL),(1527,'2018-01-09 06:55:16','0000-00-00 00:00:00','Autre sujet / divers','','any other business',0,1,'A',1,20,1,'autre-sujet--divers',18,1,NULL),(1528,'2018-01-09 06:55:16','2018-01-09 11:51:14','Avancer une réunion','','to bring forward a meeting',0,1,'A',1,20,1,'avancer-une-runion',26,1,NULL),(1529,'2018-01-09 06:55:16','0000-00-00 00:00:00','Avez-vous votre agenda?','','Have you got your planner?',0,1,'A',1,23,1,'Avez-vous-votre-agenda',26,1,NULL),(1530,'2018-01-09 06:55:16','0000-00-00 00:00:00','Bon, est-ce qu\'il y a d\'autres questions?','','Now, are there other questions?',0,1,'B',1,41,1,'Bon-est-ce-quil-y-a-dautres-questions',31,1,NULL),(1531,'2018-01-09 06:55:16','0000-00-00 00:00:00','Bonjour, est-ce que tout le monde est là?','','Good morning, is everybody here?',0,1,'B',1,42,1,'Bonjour-est-ce-que-tout-le-monde-est-l',32,1,NULL),(1532,'2018-01-09 06:55:16','0000-00-00 00:00:00','Ce n\'est qu\'en partie vrai.','','That\'s only partly true.',0,1,'C',1,27,1,'Ce-nest-quen-partie-vrai',24,1,NULL),(1533,'2018-01-09 06:55:16','0000-00-00 00:00:00','Cela clôt le premier point','','That covers the first item',0,1,'C',1,27,1,'Cela-clt-le-premier-point',26,1,NULL),(1534,'2018-01-09 06:55:16','0000-00-00 00:00:00','Cela ne prend pas en compte...','','That doesn\'t take into account…',0,1,'C',1,30,1,'Cela-ne-prend-pas-en-compte',33,1,NULL),(1535,'2018-01-09 06:55:16','0000-00-00 00:00:00','Convoquer une réunion','','to convene a meeting',0,1,'C',1,22,1,'convoquer-une-runion',20,1,NULL),(1536,'2018-01-09 06:55:16','0000-00-00 00:00:00','Désolé de vous interrompre, monsieur x, mais madame y aimerait intervenir.','','Sorry to interrupt you, Mr X, but Mrs Y would like to speak.',0,1,'D',1,76,2,'Dsol-de-vous-interrompre-Monsieur-X-mais-Madame-Y-aimerait-intervenir',60,2,NULL),(1537,'2018-01-09 06:55:16','0000-00-00 00:00:00','Est-ce que je peux intervenir?','','Can I say something here?',0,1,'E',1,30,1,'Est-ce-que-je-peux-intervenir',25,1,NULL),(1538,'2018-01-09 06:55:16','0000-00-00 00:00:00','Est-ce que je peux suggérer...','','Can I suggest...',0,1,'E',1,31,1,'Est-ce-que-je-peux-suggrer',16,1,NULL),(1539,'2018-01-09 06:55:16','0000-00-00 00:00:00','Est-ce que nous pouvons voter?','','Can  we take a vote?',0,1,'E',1,30,1,'Est-ce-que-nous-pouvons-voter',20,1,NULL),(1540,'2018-01-09 06:55:16','0000-00-00 00:00:00','Est-ce que tout le monde a l\'ordre du jour?','','Has everyone received a copy of the agenda?',0,1,'E',1,43,1,'Est-ce-que-tout-le-monde-a-lordre-du-jour',43,1,NULL),(1541,'2018-01-09 06:55:16','0000-00-00 00:00:00','Est-ce que tout le monde est d\'accord?','','Does everybody agree?',0,1,'E',1,38,1,'Est-ce-que-tout-le-monde-est-daccord',21,1,NULL),(1542,'2018-01-09 06:55:16','0000-00-00 00:00:00','Etre au courant de','être au courant de','to be informed of/be aware of',0,1,'E',1,18,1,'tre-au-courant-de',29,1,NULL),(1543,'2018-01-09 06:55:16','0000-00-00 00:00:00','Excusez-moi, je pense que vous n\'avez pas compris mon propos.','','Sorry, I think you misunderstood what I said.',0,1,'E',1,61,2,'Excusez-moi-je-pense-que-vous-navez-pas-compris-mon-propos',45,2,NULL),(1544,'2018-01-09 06:55:16','0000-00-00 00:00:00','Faire une proposition / suggestion','','to make a proposal / a motion',0,1,'F',1,34,1,'faire-une-proposition--suggestion',29,1,NULL),(1545,'2018-01-09 06:55:16','0000-00-00 00:00:00','Faisons un tour de table.','','Let’s go around the table.',0,1,'F',1,25,1,'Faisons-un-tour-de-table',28,1,NULL),(1546,'2018-01-09 06:55:16','0000-00-00 00:00:00','Il me semble que...','','It seems to me that...',0,1,'I',1,19,1,'Il-me-semble-que',22,1,NULL),(1547,'2018-01-09 06:55:16','0000-00-00 00:00:00','J’aimerais donner la parole à','','I’d like to hand over to … / I would like to give the floor to …',0,1,'J',1,32,1,'jaimerais-donner-la-parole-',70,2,NULL),(1548,'2018-01-09 06:55:16','0000-00-00 00:00:00','J\'ai préparé un court rapport sur …','','I have prepared a brief report on …',0,1,'J',1,39,1,'Jai-prpar-un-court-rapport-sur-',37,1,NULL),(1549,'2018-01-09 06:55:16','0000-00-00 00:00:00','Je crains que nous nous égarions.','','I am afraid we are getting side-tracked.',0,1,'J',1,34,1,'Je-crains-que-nous-nous-garions',40,1,NULL),(1550,'2018-01-09 06:55:16','0000-00-00 00:00:00','Je déclare la séance ajournée jusqu\'à 16 heures','','I declare the session adjourned until 4 p.m.',0,1,'J',1,51,2,'Je-dclare-la-sance-ajourne-jusqu--heures',44,1,NULL),(1551,'2018-01-09 06:55:16','0000-00-00 00:00:00','Je ne suis malheureusement pas de votre avis sur ce point.','','I\'m afraid that I differ with you on this point.',0,1,'J',1,58,2,'Je-ne-suis-malheureusement-pas-de-votre-avis-sur-ce-point',48,2,NULL),(1552,'2018-01-09 06:55:16','0000-00-00 00:00:00','Je ne vois pas où vous voulez en venir.','','I don\'t see your point.',0,1,'J',1,40,1,'Je-ne-vois-pas-o-vous-voulez-en-venir',23,1,NULL),(1553,'2018-01-09 06:55:16','0000-00-00 00:00:00','Je parle au nom de …','','I speak on behalf of…',0,1,'J',1,22,1,'Je-parle-au-nom-de-',23,1,NULL),(1554,'2018-01-09 06:55:16','0000-00-00 00:00:00','Je pense que c\'est exact.','','I think that\'s right.',0,1,'J',1,25,1,'Je-pense-que-cest-exact',21,1,NULL),(1555,'2018-01-09 06:55:16','0000-00-00 00:00:00','Je pense que mr x a raison sur ce point.','','I think Mr X has a point.',0,1,'J',1,40,1,'Je-pense-que-Mr-X-a-raison-sur-ce-point',25,1,NULL),(1556,'2018-01-09 06:55:16','0000-00-00 00:00:00','Je pense que nous sommes tous prêts.','','I think we are all ready.',0,1,'J',1,37,1,'Je-pense-que-nous-sommes-tous-prts',25,1,NULL),(1557,'2018-01-09 06:55:16','0000-00-00 00:00:00','Je pense vraiment que nous devons...','','I feel strongly that we must...',0,1,'J',1,36,1,'Je-pense-vraiment-que-nous-devons',31,1,NULL),(1558,'2018-01-09 06:55:16','0000-00-00 00:00:00','Je propose que nous nous réunissions le plus vite possible.','','I propose that we meet as soon as possible.',0,1,'J',1,60,2,'Je-propose-que-nous-nous-runissions-le-plus-vite-possible',43,1,NULL),(1559,'2018-01-09 06:55:16','0000-00-00 00:00:00','Je propose que nous prenions une décision définitive sur...','','I suggest that we take a final decision on...',0,1,'J',1,61,2,'Je-propose-que-nous-prenions-une-dcision-dfinitive-sur',45,2,NULL),(1560,'2018-01-09 06:55:16','0000-00-00 00:00:00','Je souscris à cette idée.','','I support that idea.',0,1,'J',1,27,1,'Je-souscris--cette-ide',20,1,NULL),(1561,'2018-01-09 06:55:16','0000-00-00 00:00:00','Je suis convaincu que...','','I am convinced that...',0,1,'J',1,24,1,'Je-suis-convaincu-que',22,1,NULL),(1562,'2018-01-09 06:55:16','0000-00-00 00:00:00','Je suis sûr que nous devrions...','','I\'m certain that we should...',0,1,'J',1,33,1,'Je-suis-sr-que-nous-devrions',29,1,NULL),(1563,'2018-01-09 06:55:16','0000-00-00 00:00:00','Je voudrais demander à mr x d\'ouvrir les débats.','','I would like to ask Mr X to open the meeting.',0,1,'J',1,50,2,'Je-voudrais-demander--Mr-X-douvrir-les-dbats',45,2,NULL),(1564,'2018-01-09 06:55:16','0000-00-00 00:00:00','Je voudrais intervenir...','','I would like to say something here.',0,1,'J',1,25,1,'Je-voudrais-intervenir',35,1,NULL),(1565,'2018-01-09 06:55:16','0000-00-00 00:00:00','Je voudrais revenir sur le premier point.','','I\'d like to come back to the first point.',0,1,'J',1,41,1,'Je-voudrais-revenir-sur-le-premier-point',41,1,NULL),(1566,'2018-01-09 06:55:16','0000-00-00 00:00:00','Je vous demanderai d’être bref.','','I will ask you, please, to be brief.',0,1,'J',1,34,1,'Je-vous-demanderai-dtre-bref',36,1,NULL),(1567,'2018-01-09 06:55:16','0000-00-00 00:00:00','Je vous remercie de votre présence.','','Thank you for coming.',0,1,'J',1,36,1,'Je-vous-remercie-de-votre-prsence',21,1,NULL),(1568,'2018-01-09 06:55:16','0000-00-00 00:00:00','Je vous remercie de votre présentation','','Thank you for your presentation.',0,1,'J',1,39,1,'Je-vous-remercie-de-votre-prsentation',32,1,NULL),(1569,'2018-01-09 06:55:16','0000-00-00 00:00:00','Je vous remercie encore une fois.','','Thank you again.',0,1,'J',1,33,1,'Je-vous-remercie-encore-une-fois',16,1,NULL),(1570,'2018-01-09 06:55:16','0000-00-00 00:00:00','La réunion est levée, je vous remercie tous.','','The meeting is closed. Thank you everybody.',0,1,'L',1,46,2,'La-runion-est-leve-je-vous-remercie-tous',43,1,NULL),(1571,'2018-01-09 06:55:16','0000-00-00 00:00:00','Laissez-moi vous expliquer autrement','','Let me put this another  way',0,1,'L',1,36,1,'Laissez-moi-vous-expliquer-autrement',28,1,NULL),(1572,'2018-01-09 06:55:16','0000-00-00 00:00:00','Le but de cette réunion est de …','','The purpose of this meeting is to...',0,1,'L',1,35,1,'Le-but-de-cette-runion-est-de-',36,1,NULL),(1573,'2018-01-09 06:55:16','0000-00-00 00:00:00','Le premier point de l’ordre du jour est …','','The first item on the agenda is ...',0,1,'L',1,45,2,'Le-premier-point-de-lordre-du-jour-est-',35,1,NULL),(1574,'2018-01-09 06:55:16','0000-00-00 00:00:00','Levez la main, cela suffira.','','A show of hands will be enough.',0,1,'L',1,28,1,'Levez-la-main-cela-suffira',31,1,NULL),(1575,'2018-01-09 06:55:16','0000-00-00 00:00:00','Madame x, vous avez la parole.','','Mrs X, we give you the floor.',0,1,'M',1,30,1,'Madame-X-vous-avez-la-parole',29,1,NULL),(1576,'2018-01-09 06:55:16','0000-00-00 00:00:00','Merci mr le président.','','Thank you, Mr Chairman.',0,1,'M',1,23,1,'Merci-Mr-le-Prsident',23,1,NULL),(1577,'2018-01-09 06:55:16','0000-00-00 00:00:00','Mr x, puis-je vous demander votre avis?','','Mr X, can I ask you your opinion?',0,1,'M',1,39,1,'Mr-X-puis-je-vous-demander-votre-avis',33,1,NULL),(1578,'2018-01-09 06:55:16','0000-00-00 00:00:00','Ne parlez pas tous en même temps.','','Don\'t speak all at the same time.',0,1,'N',1,34,1,'Ne-parlez-pas-tous-en-mme-temps',33,1,NULL),(1579,'2018-01-09 06:55:16','0000-00-00 00:00:00','Nous avons fait le tour.','','We’ve covered everything.',0,1,'N',1,24,1,'Nous-avons-fait-le-tour',27,1,NULL),(1580,'2018-01-09 06:55:16','0000-00-00 00:00:00','Nous n\'avons plus le temps.','','We’re running out of time.',0,1,'N',1,27,1,'Nous-navons-plus-le-temps',28,1,NULL),(1581,'2018-01-09 06:55:16','0000-00-00 00:00:00','Nous passerons au point suivant','','We will move on to the next point',0,1,'N',1,31,1,'Nous-passerons-au-point-suivant',33,1,NULL),(1582,'2018-01-09 06:55:16','0000-00-00 00:00:00','Nous sommes réunis ici pour parler de…','','We’re here today to discuss…',0,1,'N',1,41,1,'Nous-sommes-runis-ici-pour-parler-de',32,1,NULL),(1583,'2018-01-09 06:55:16','0000-00-00 00:00:00','Nous sommes tous d\'accord pour dire que...','','We all agree that…',0,1,'N',1,42,1,'Nous-sommes-tous-daccord-pour-dire-que',20,1,NULL),(1584,'2018-01-09 06:55:16','0000-00-00 00:00:00','Nous traiterons les questions à la fin','','We will deal with the questions at the end',0,1,'N',1,39,1,'Nous-traiterons-les-questions--la-fin',42,1,NULL),(1585,'2018-01-09 06:55:16','0000-00-00 00:00:00','Pardon, mr le président, je ne l\'ai pas eu.','','Excuse me, Mr Chairman, I didn\'t get one.',0,1,'P',1,44,1,'Pardon-Mr-le-Prsident-je-ne-lai-pas-eu',41,1,NULL),(1586,'2018-01-09 06:55:16','0000-00-00 00:00:00','Passons au deuxième point de l\'ordre du jour','','Let\'s move on to the second item on the agenda',0,1,'P',1,45,2,'Passons-au-deuxime-point-de-lordre-du-jour',46,2,NULL),(1587,'2018-01-09 06:55:16','0000-00-00 00:00:00','Pour commencer la séance...','','To open the meeting...',0,1,'P',1,28,1,'Pour-commencer-la-sance',22,1,NULL),(1588,'2018-01-09 06:55:16','0000-00-00 00:00:00','Pour commencer, revoyons rapidement le compte-rendu de notre dernière réunion.','','To begin, let’s quickly go over the minutes from our last meeting.',0,1,'P',1,80,2,'Pour-commencer-revoyons-rapidement-le-compte-rendu-de-notre-dernire-runion',68,2,NULL),(1589,'2018-01-09 06:55:16','0000-00-00 00:00:00','Pourriez-vous éclaircir ce point ?','','Would you like to clarify this point?',0,1,'P',1,35,1,'Pourriez-vous-claircir-ce-point-',37,1,NULL),(1590,'2018-01-09 06:55:16','0000-00-00 00:00:00','Pourrions-nous nous en tenir au sujet ?','','Could we stick to the item?',0,1,'P',1,39,1,'Pourrions-nous-nous-en-tenir-au-sujet-',27,1,NULL),(1591,'2018-01-09 06:55:16','0000-00-00 00:00:00','Pouvez-vous examiner cette question?','','Can you look into the question?',0,1,'P',1,36,1,'Pouvez-vous-examiner-cette-question',31,1,NULL),(1592,'2018-01-09 06:55:16','0000-00-00 00:00:00','Pouvez-vous expliquer cela, mr x?','','Can you clarify that, please, Mr X?',0,1,'P',1,33,1,'Pouvez-vous-expliquer-cela-Mr-X',35,1,NULL),(1593,'2018-01-09 06:55:16','0000-00-00 00:00:00','Pouvez-vous faire une recommandation à la prochaine réunion?','','Can you make a recommendation at the next meeting?',0,1,'P',1,62,2,'Pouvez-vous-faire-une-recommandation--la-prochaine-runion',50,2,NULL),(1594,'2018-01-09 06:55:16','0000-00-00 00:00:00','Pouvez-vous me dire pourquoi...','','Can you tell me why...',0,1,'P',1,31,1,'Pouvez-vous-me-dire-pourquoi',22,1,NULL),(1595,'2018-01-09 06:55:16','0000-00-00 00:00:00','Puis-je demander à tout le monde d\'être bref?','','Can I ask everybody to be brief?',0,1,'P',1,47,2,'Puis-je-demander--tout-le-monde-dtre-bref',32,1,NULL),(1596,'2018-01-09 06:55:16','0000-00-00 00:00:00','Puis-je donner un exemplaire à tout le monde?','','Can I give everybody a copy?',0,1,'P',1,46,2,'Puis-je-donner-un-exemplaire--tout-le-monde',28,1,NULL),(1597,'2018-01-09 06:55:16','0000-00-00 00:00:00','Puis-je faire remarquer que...','','Can I point out that ?',0,1,'P',1,30,1,'Puis-je-faire-remarquer-que',22,1,NULL),(1598,'2018-01-09 06:55:16','0000-00-00 00:00:00','Puis-je faire une remarque ici, s\'il vous plaît, mr le président?','','Can I make a point here, please, Mr Chairman?',0,1,'P',1,67,2,'Puis-je-faire-une-remarque-ici-sil-vous-plat-Mr-le-Prsident',45,2,NULL),(1599,'2018-01-09 06:55:16','0000-00-00 00:00:00','Puisqu’on en parle, j’aimerais dire…','','While we are on the subject, I’d like to say…',0,1,'P',1,42,1,'Puisquon-en-parle-jaimerais-dire',49,2,NULL),(1600,'2018-01-09 06:55:16','0000-00-00 00:00:00','Quand pouvons-nous nous réunir tous?','','When can we all meet again?',0,1,'Q',1,37,1,'Quand-pouvons-nous-nous-runir-tous',27,1,NULL),(1601,'2018-01-09 06:55:16','0000-00-00 00:00:00','Que ceux qui sont pour lèvent la main.','','All those in favour, raise your hands.',0,1,'Q',1,39,1,'Que-ceux-qui-sont-pour-lvent-la-main',38,1,NULL),(1602,'2018-01-09 06:55:16','0000-00-00 00:00:00','Quel est votre point de vue?','','What is your view?',0,1,'Q',1,28,1,'Quel-est-votre-point-de-vue',18,1,NULL),(1603,'2018-01-09 06:55:16','0000-00-00 00:00:00','Quelqu\'un d\'autre veut-il dire quelque chose à ce sujet?','','Does anyone else want to say anything about this?',0,1,'Q',1,57,2,'Quelquun-dautre-veut-il-dire-quelque-chose--ce-sujet',49,2,NULL),(1604,'2018-01-09 06:55:16','0000-00-00 00:00:00','Qu\'en pensez-vous mr x?','','What do you think, Mr X?',0,1,'Q',1,23,1,'Quen-pensez-vous-Mr-X',24,1,NULL),(1605,'2018-01-09 06:55:16','0000-00-00 00:00:00','Qui est le rapporteur?','','Who is taking the minutes?',0,1,'Q',1,22,1,'Qui-est-le-rapporteur',26,1,NULL),(1606,'2018-01-09 06:55:16','0000-00-00 00:00:00','Qui veut prendre la parole ?','','Who would like to speak?',0,1,'Q',1,28,1,'Qui-veut-prendre-la-parole-',24,1,NULL),(1607,'2018-01-09 06:55:16','0000-00-00 00:00:00','Reporter une réunion','','to postpone a meeting',0,1,'R',1,21,1,'reporter-une-runion',21,1,NULL),(1608,'2018-01-09 06:55:16','0000-00-00 00:00:00','Retirer de l\'ordre du jour','','to remove from the agenda',0,1,'R',1,26,1,'retirer-de-lordre-du-jour',25,1,NULL),(1609,'2018-01-09 06:55:16','0000-00-00 00:00:00','Réunion de service','','departmental meeting',0,1,'R',1,19,1,'runion-de-service',20,1,NULL),(1610,'2018-01-09 06:55:16','0000-00-00 00:00:00','Revenons au sujet.','','Let’s go back on track.',0,1,'R',1,18,1,'Revenons-au-sujet',25,1,NULL),(1611,'2018-01-09 06:55:16','0000-00-00 00:00:00','Si nous passions au deuxième point de l\'ordre du jour qui est...','','Can we move on to the second item on the agenda which is about...',0,1,'S',1,65,2,'Si-nous-passions-au-deuxime-point-de-lordre-du-jour-qui-est',65,2,NULL),(1612,'2018-01-09 06:55:16','0000-00-00 00:00:00','Tenir une réunion','','to hold a meeting',0,1,'T',1,18,1,'tenir-une-runion',17,1,NULL),(1613,'2018-01-09 06:55:16','0000-00-00 00:00:00','Tous ceux qui sont pour, levez la main gauche.','','All those in favour, please raise your left hand.',0,1,'T',1,46,2,'Tous-ceux-qui-sont-pour-levez-la-main-gauche',49,2,NULL),(1614,'2018-01-09 06:55:16','0000-00-00 00:00:00','Tout le monde peut-il voir l’écran ?','','Can everyone see the screen?',0,1,'T',1,39,1,'Tout-le-monde-peut-il-voir-lcran-',28,1,NULL),(1615,'2018-01-09 06:55:16','0000-00-00 00:00:00','Venons-en au dernier point de l’ordre du jour.','','Let\'s come to the last point of the agenda.',0,1,'V',1,48,2,'Venons-en-au-dernier-point-de-lordre-du-jour',43,1,NULL),(1616,'2018-01-09 06:55:16','0000-00-00 00:00:00','Voici une vue d’ensemble de...','','This is an overview of… / Here is an overview of',0,1,'V',1,32,1,'Voici-une-vue-densemble-de',50,2,NULL),(1617,'2018-01-09 06:55:16','0000-00-00 00:00:00','Vote à main levée','','show of hands',0,1,'V',1,19,1,'vote--main-leve',13,1,NULL),(1618,'2018-01-09 06:55:16','0000-00-00 00:00:00','Y a-t-il d\'autres points à discuter?','','Are there any other points to discuss?',0,1,'Y',1,37,1,'Y-a-t-il-dautres-points--discuter',38,1,NULL),(1619,'2018-01-09 06:55:16','0000-00-00 00:00:00','Accident grave','','serious accident',0,1,'A',1,14,1,'accident-grave',16,1,NULL),(1620,'2018-01-09 06:55:16','0000-00-00 00:00:00','Accident avec arrêt','','lost-time accident',0,1,'A',1,20,1,'accident-avec-arrt',18,1,NULL),(1621,'2018-01-09 06:55:16','2018-01-09 12:20:43','Accident corporel','','injury accident / personal accident',0,1,'A',1,17,1,'accident-corporel',35,1,NULL),(1622,'2018-01-09 06:55:16','2018-01-09 12:20:43','Accident de travail','','workplace accident / occupational accident',0,1,'A',1,19,1,'accident-de-travail',42,1,NULL),(1623,'2018-01-09 06:55:16','0000-00-00 00:00:00','Acteurs de la prévention','','people involved in prevention',0,1,'A',1,25,1,'acteurs-de-la-prvention',29,1,NULL),(1624,'2018-01-09 06:55:16','2018-01-09 12:09:15','Agir de façon responsable','','to act responsibly',0,1,'A',1,26,1,'agir-de-faon-responsable',18,1,NULL),(1625,'2018-01-09 06:55:16','2018-01-09 14:56:09','Analyse des risques','','risk analysis',0,1,'A',1,19,1,'analyse-des-risques',13,1,NULL),(1626,'2018-01-09 06:55:16','2018-01-09 12:20:43','Appliquer les règles de sécurité','','to enforce safety rules',0,1,'A',1,35,1,'appliquer-les-rgles-de-scurit',23,1,NULL),(1627,'2018-01-09 06:55:16','0000-00-00 00:00:00','Arrêts de production','','downtime / production stoppages',0,1,'A',1,21,1,'arrts-de-production',31,1,NULL),(1628,'2018-01-09 06:55:16','2018-01-09 12:20:43','Attendre les secours','','to await rescue services',0,1,'A',1,20,1,'attendre-les-secours',24,1,NULL),(1629,'2018-01-09 06:55:16','2018-01-09 12:20:43','Blessures mineures/majeures','','minor/major injuries',0,1,'B',1,27,1,'blessures-mineuresmajeures',20,1,NULL),(1630,'2018-01-09 06:55:16','2018-01-09 12:20:43','Certifications environnementales','','environmental certificates',0,1,'C',1,32,1,'certifications-environnementales',26,1,NULL),(1631,'2018-01-09 06:55:16','2018-01-09 12:20:43','Certifications santé et sécurité','','health and safety certificates',0,1,'C',1,35,1,'certifications-sant-et-scurit',30,1,NULL),(1632,'2018-01-09 06:55:16','0000-00-00 00:00:00','Chaussures de sécurité','','safety shoes',0,1,'C',1,24,1,'chaussures-de-scurit',12,1,NULL),(1633,'2018-01-09 06:55:16','0000-00-00 00:00:00','Chute de plain-pied','','fall on same level',0,1,'C',1,19,1,'chute-de-plain-pied',18,1,NULL),(1634,'2018-01-09 06:55:16','2018-01-11 10:22:17','Conditions de travail','','working conditions',0,1,'C',1,21,1,'conditions-de-travail',18,1,NULL),(1635,'2018-01-09 06:55:16','2018-01-09 12:09:15','Conduite à tenir en cas d\'accident','','what to do in case of an accident',0,1,'C',1,35,1,'conduite--tenir-en-cas-daccident',33,1,NULL),(1636,'2018-01-09 06:55:16','2018-01-09 12:20:43','Constituer une menace','','to be a threat',0,1,'C',1,21,1,'constituer-une-menace',14,1,NULL),(1637,'2018-01-09 06:55:16','2018-01-09 12:20:43','Contrôle des installations','','inspection/control of facilities',0,1,'C',1,27,1,'contrle-des-installations',32,1,NULL),(1638,'2018-01-09 06:55:16','2018-01-09 12:09:15','Contrôle périodique','','periodic control/inspection',0,1,'C',1,21,1,'contrle-priodique',27,1,NULL),(1639,'2018-01-09 06:55:16','0000-00-00 00:00:00','Cotisations assurance','','insurance premiums / contributions',0,1,'C',1,21,1,'cotisations-assurance',34,1,NULL),(1640,'2018-01-09 06:55:16','2018-01-09 12:20:43','De bonnes conditions de sécurité','','good security conditions',0,1,'D',1,34,1,'de-bonnes-conditions-de-scurit',24,1,NULL),(1641,'2018-01-09 06:55:16','0000-00-00 00:00:00','Dédommagement d\'un préjudice','','compensation for damage',0,1,'D',1,30,1,'ddommagement-dun-prjudice',23,1,NULL),(1642,'2018-01-09 06:55:16','0000-00-00 00:00:00','Délimiter le secteur de l\'intervention','','to define the area of intervention',0,1,'D',1,39,1,'dlimiter-le-secteur-de-lintervention',34,1,NULL),(1643,'2018-01-09 06:55:16','2018-01-09 12:20:43','Démarche de prévention','','prevention approach',0,1,'D',1,24,1,'dmarche-de-prvention',19,1,NULL),(1644,'2018-01-09 06:55:16','2018-01-09 12:20:43','Démarche environnementale','','environmental approach',0,1,'D',1,26,1,'dmarche-environnementale',22,1,NULL),(1645,'2018-01-09 06:55:16','0000-00-00 00:00:00','Département santé, sécurité, environnement de travail','','Health and Safety and Work Environment Department',0,1,'D',1,57,2,'Dpartement-Sant-Scurit-Environnement-de-Travail',49,2,NULL),(1646,'2018-01-09 06:55:16','0000-00-00 00:00:00','Dispositions prises en matière d\'hygiène','','hygiene provisions',0,1,'D',1,42,1,'dispositions-prises-en-matire-dhygine',18,1,NULL),(1647,'2018-01-09 06:55:16','0000-00-00 00:00:00','Distance de sécurité','','safe distance',0,1,'D',1,22,1,'distance-de-scurit',13,1,NULL),(1648,'2018-01-09 06:55:16','0000-00-00 00:00:00','Dommages corporels','','injury / bodily injury',0,1,'D',1,18,1,'dommages-corporels',22,1,NULL),(1649,'2018-01-09 06:55:16','0000-00-00 00:00:00','Donner les instructions aux travailleurs','','to give instructions to/to brief workers',0,1,'D',1,40,1,'donner-les-instructions-aux-travailleurs',40,1,NULL),(1650,'2018-01-09 06:55:16','0000-00-00 00:00:00','Elément déclencheur','élément déclencheur','trigger / triggering element',0,1,'E',1,21,1,'lment-dclencheur',28,1,NULL),(1651,'2018-01-09 06:55:16','0000-00-00 00:00:00','En cas d\'incendie','','in case of fire',0,1,'E',1,17,1,'en-cas-dincendie',15,1,NULL),(1652,'2018-01-09 06:55:16','0000-00-00 00:00:00','En matière de sécurité','','concerning safety',0,1,'E',1,25,1,'en-matire-de-scurit',17,1,NULL),(1653,'2018-01-09 06:55:16','2018-01-10 05:21:24','Equipement de protection individuelle','équipement de protection individuelle','personal protective equipment',0,1,'E',1,37,1,'quipement-de-protection-individuelle',29,1,NULL),(1654,'2018-01-09 06:55:16','0000-00-00 00:00:00','Equipements de protection collective','équipements de protection collective','collective protective equipment',0,1,'E',1,36,1,'quipements-de-protection-collective',31,1,NULL),(1655,'2018-01-09 06:55:16','2018-01-09 12:09:15','Evaluer les risques','évaluer les risques','to assess risks',0,1,'E',1,19,1,'valuer-les-risques',15,1,NULL),(1656,'2018-01-09 06:55:16','2018-01-09 12:20:43','Eviter les risques','éviter les risques','to avoid risks',0,1,'E',1,18,1,'viter-les-risques',14,1,NULL),(1657,'2018-01-09 06:55:16','0000-00-00 00:00:00','Exposition au risque','','exposure to risk',0,1,'E',1,20,1,'exposition-au-risque',16,1,NULL),(1658,'2018-01-09 06:55:16','0000-00-00 00:00:00','Filets de protections','','protection nets',0,1,'F',1,21,1,'filets-de-protections',15,1,NULL),(1659,'2018-01-09 06:55:16','0000-00-00 00:00:00','Générer la pollution','','to generate pollution / to pollute',0,1,'G',1,22,1,'gnrer-la-pollution',34,1,NULL),(1660,'2018-01-09 06:55:16','2018-01-09 12:20:43','Gestes élémentaires de survie','','simple lifesaving gests',0,1,'G',1,31,1,'gestes-lmentaires-de-survie',23,1,NULL),(1661,'2018-01-09 06:55:16','0000-00-00 00:00:00','Gilet haute visibilité','','high-visibility vest',0,1,'G',1,23,1,'gilet-haute-visibilit',20,1,NULL),(1662,'2018-01-09 06:55:16','0000-00-00 00:00:00','Habilitation électrique du personnel','','electrical staff empowerment',0,1,'H',1,37,1,'habilitation-lectrique-du-personnel',28,1,NULL),(1663,'2018-01-09 06:55:16','0000-00-00 00:00:00','Incapacité permanente','','permanent disability',0,1,'I',1,22,1,'incapacit-permanente',20,1,NULL),(1664,'2018-01-09 06:55:16','2018-01-09 12:20:43','Incidence sur la santé','','impact on health',0,1,'I',1,23,1,'incidence-sur-la-sant',16,1,NULL),(1665,'2018-01-09 06:55:16','2018-01-09 12:20:43','Informer du danger','','to inform about danger/hazards',0,1,'I',1,18,1,'informer-du-danger',30,1,NULL),(1666,'2018-01-09 06:55:16','2018-01-09 12:09:15','Inspection commune','','joint inspection',0,1,'I',1,18,1,'inspection-commune',16,1,NULL),(1667,'2018-01-09 06:55:16','0000-00-00 00:00:00','Inspection du travail','','labour inspection',0,1,'I',1,21,1,'inspection-du-travail',17,1,NULL),(1668,'2018-01-09 06:55:16','0000-00-00 00:00:00','Installations sanitaires','','sanitary facilities',0,1,'I',1,24,1,'installations-sanitaires',19,1,NULL),(1669,'2018-01-09 06:55:16','0000-00-00 00:00:00','Lésion corporelle soudaine','','bodily injury resulting from a sudden event',0,1,'L',1,27,1,'lsion-corporelle-soudaine',43,1,NULL),(1670,'2018-01-09 06:55:16','0000-00-00 00:00:00','Lieu de travail','','work place',0,1,'L',1,15,1,'lieu-de-travail',10,1,NULL),(1671,'2018-01-09 06:55:16','0000-00-00 00:00:00','Lunettes de protection','','safety glasses / protective eye-wear',0,1,'L',1,22,1,'lunettes-de-protection',36,1,NULL),(1672,'2018-01-09 06:55:16','2018-01-11 10:22:17','Maladie professionnelle','','occupational disease',0,1,'M',1,23,1,'maladie-professionnelle',20,1,NULL),(1673,'2018-01-09 06:55:16','0000-00-00 00:00:00','Masque anti-fuite','','leak-mask',0,1,'M',1,17,1,'masque-anti-fuite',9,1,NULL),(1674,'2018-01-09 06:55:16','0000-00-00 00:00:00','Mesures de prévention associées','','associated prevention measures',0,1,'M',1,33,1,'mesures-de-prvention-associes',30,1,NULL),(1675,'2018-01-09 06:55:16','0000-00-00 00:00:00','Mettre en sécurité','','to ensure security',0,1,'M',1,20,1,'mettre-en-scurit',18,1,NULL),(1676,'2018-01-09 06:55:16','0000-00-00 00:00:00','Moyens de prévention','','prevention means',0,1,'M',1,21,1,'moyens-de-prvention',16,1,NULL),(1677,'2018-01-09 06:55:16','0000-00-00 00:00:00','Obligation réglementaire','','regulatory requirement',0,1,'O',1,25,1,'obligation-rglementaire',22,1,NULL),(1678,'2018-01-09 06:55:16','0000-00-00 00:00:00','Ordre d\'évacuation','','evacuation order',0,1,'O',1,19,1,'ordre-dvacuation',16,1,NULL),(1679,'2018-01-09 06:55:16','0000-00-00 00:00:00','Pendant l\'intervention','','during the intervention',0,1,'P',1,22,1,'pendant-lintervention',23,1,NULL),(1680,'2018-01-09 06:55:16','0000-00-00 00:00:00','Plan de masse du bâtiment','','general lay-out plan of the building',0,1,'P',1,26,1,'plan-de-masse-du-btiment',36,1,NULL),(1681,'2018-01-09 06:55:16','2018-01-09 12:09:15','Plan de prévention','','prevention plan',0,1,'P',1,19,1,'plan-de-prvention',15,1,NULL),(1682,'2018-01-09 06:55:16','2018-01-09 12:20:43','Plan d\'évacuation du site','','site evacuation plan',0,1,'P',1,26,1,'plan-dvacuation-du-site',20,1,NULL),(1683,'2018-01-09 06:55:16','0000-00-00 00:00:00','Planifier la prévention','','to plan prevention',0,1,'P',1,24,1,'planifier-la-prvention',18,1,NULL),(1684,'2018-01-09 06:55:16','0000-00-00 00:00:00','Point de rassemblement','','assembly point',0,1,'P',1,22,1,'point-de-rassemblement',14,1,NULL),(1685,'2018-01-09 06:55:16','0000-00-00 00:00:00','Port du harnais','','wearing of safety harness',0,1,'P',1,15,1,'port-du-harnais',25,1,NULL),(1686,'2018-01-09 06:55:16','0000-00-00 00:00:00','Port systématique des lunettes et des gants','','routine use of goggles and gloves',0,1,'P',1,44,1,'port-systmatique-des-lunettes-et-des-gants',33,1,NULL),(1687,'2018-01-09 06:55:16','2018-01-09 12:09:15','Préserver le capital humain','','to preserve human capital',0,1,'P',1,28,1,'prserver-le-capital-humain',25,1,NULL),(1688,'2018-01-09 06:55:16','0000-00-00 00:00:00','Prise de risque','','risk taking',0,1,'P',1,15,1,'prise-de-risque',11,1,NULL),(1689,'2018-01-09 06:55:16','0000-00-00 00:00:00','Procédures et consignes à suivre','','procedures and instructions to follow',0,1,'P',1,34,1,'procdures-et-consignes--suivre',37,1,NULL),(1690,'2018-01-09 06:55:16','0000-00-00 00:00:00','Protection contre l\'incendie','','fire safety',0,1,'P',1,28,1,'protection-contre-lincendie',11,1,NULL),(1691,'2018-01-09 06:55:16','0000-00-00 00:00:00','Protéger contre le danger','','to protect against danger',0,1,'P',1,26,1,'protger-contre-le-danger',25,1,NULL),(1692,'2018-01-09 06:55:16','2018-01-09 12:09:15','Rappeler les consignes d\'urgence','','to remind about emergency procedures',0,1,'R',1,32,1,'rappeler-les-consignes-durgence',36,1,NULL),(1693,'2018-01-09 06:55:16','0000-00-00 00:00:00','Règles cardinales de sécurité','','cardinal safety rules',0,1,'R',1,32,1,'rgles-cardinales-de-scurit',21,1,NULL),(1694,'2018-01-09 06:55:16','0000-00-00 00:00:00','Respect du balisage de sécurité','','compliance with security lighting',0,1,'R',1,33,1,'respect-du-balisage-de-scurit',33,1,NULL),(1695,'2018-01-09 06:55:16','0000-00-00 00:00:00','Respecter le plan de prévention','','to comply with the prevention plan',0,1,'R',1,32,1,'respecter-le-plan-de-prvention',34,1,NULL),(1696,'2018-01-09 06:55:16','0000-00-00 00:00:00','Responsable sécurité','','safety manager / HSE manager',0,1,'R',1,22,1,'responsable-scurit',28,1,NULL),(1697,'2018-01-09 06:55:16','0000-00-00 00:00:00','Risque routier','','road risk',0,1,'R',1,14,1,'risque-routier',9,1,NULL),(1698,'2018-01-09 06:55:16','0000-00-00 00:00:00','Sorties de secours','','emergency exits',0,1,'S',1,18,1,'sorties-de-secours',15,1,NULL),(1699,'2018-01-09 06:55:16','0000-00-00 00:00:00','Sur le lieu de l\'accident','','on the site of the accident',0,1,'S',1,25,1,'sur-le-lieu-de-laccident',27,1,NULL),(1700,'2018-01-09 06:55:16','0000-00-00 00:00:00','Surveillance médicale','','medical supervision',0,1,'S',1,22,1,'surveillance-mdicale',19,1,NULL),(1701,'2018-01-09 06:55:16','0000-00-00 00:00:00','Symbole de dangerosité / symbole de danger','','symbol of danger',0,1,'S',1,43,1,'symbole-de-dangerosit--symbole-de-danger',16,1,NULL),(1702,'2018-01-09 06:55:16','0000-00-00 00:00:00','Traumatisme collectif','','collective trauma',0,1,'T',1,21,1,'traumatisme-collectif',17,1,NULL),(1703,'2018-01-09 06:55:16','0000-00-00 00:00:00','Veiller au bon état des (epi) équipements de protection individuelle','','to ensure the good condition of (PPE) personal protective equipment',0,1,'V',1,70,2,'veiller-au-bon-tat-des-EPI-quipements-de-protection-individuelle',67,2,NULL),(1704,'2018-01-09 06:55:16','0000-00-00 00:00:00','Activités interdépendantes','','interdependent activities',0,1,'A',1,28,1,'activits-interdpendantes',25,1,NULL),(1705,'2018-01-09 06:55:16','0000-00-00 00:00:00','Allouer du temps','','to allocate time',0,1,'A',1,16,1,'allouer-du-temps',16,1,NULL),(1706,'2018-01-09 06:55:16','0000-00-00 00:00:00','Alternative non réaliste','','unrealistic alternative',0,1,'A',1,25,1,'alternative-non-raliste',23,1,NULL),(1707,'2018-01-09 06:55:16','0000-00-00 00:00:00','Appliquer le processus de responsabilisation','','to apply empowerment process',0,1,'A',1,44,1,'appliquer-le-processus-de-responsabilisation',28,1,NULL),(1708,'2018-01-09 06:55:16','0000-00-00 00:00:00','Asseoir son autorité','','to establish his/her authority',0,1,'A',1,21,1,'asseoir-son-autorit',30,1,NULL),(1709,'2018-01-09 06:55:16','0000-00-00 00:00:00','Attribuer les rôles','','to decide roles / to allocate roles',0,1,'A',1,20,1,'attribuer-les-rles',35,1,NULL),(1710,'2018-01-09 06:55:16','0000-00-00 00:00:00','Autorisation de parole pour chacun','','permission for everyone to speak',0,1,'A',1,34,1,'autorisation-de-parole-pour-chacun',32,1,NULL),(1711,'2018-01-09 06:55:16','0000-00-00 00:00:00','Avis favorable et critique','','praise and criticism',0,1,'A',1,26,1,'avis-favorable-et-critique',20,1,NULL),(1712,'2018-01-09 06:55:16','0000-00-00 00:00:00','Bonne gestion de la communication interpersonnelle','','good management of interpersonal communication',0,1,'B',1,50,2,'bonne-gestion-de-la-communication-interpersonnelle',46,2,NULL),(1713,'2018-01-09 06:55:16','0000-00-00 00:00:00','But commun','','common purpose / aim / goal',0,1,'B',1,10,1,'but-commun',27,1,NULL),(1714,'2018-01-09 06:55:16','0000-00-00 00:00:00','Clarifier les attentes','','to clarify the expectations',0,1,'C',1,22,1,'clarifier-les-attentes',27,1,NULL),(1715,'2018-01-09 06:55:16','0000-00-00 00:00:00','Clarifier l\'objectif','','to clarify the objective / goal',0,1,'C',1,20,1,'clarifier-lobjectif',31,1,NULL),(1716,'2018-01-09 06:55:16','0000-00-00 00:00:00','Concepts fondamentaux de l\'excellence','','fundamental concepts of excellence',0,1,'C',1,37,1,'concepts-fondamentaux-de-lexcellence',34,1,NULL),(1717,'2018-01-09 06:55:16','0000-00-00 00:00:00','Connaître l\'ancienneté des employés','','to know about employees\' seniority',0,1,'C',1,38,1,'connatre-lanciennet-des-employs',34,1,NULL),(1718,'2018-01-09 06:55:16','0000-00-00 00:00:00','Connaître les niveaux de compétences des équipes','','to know teams\' skills levels',0,1,'C',1,51,2,'connatre-les-niveaux-de-comptences-des-quipes',28,1,NULL),(1719,'2018-01-09 06:55:16','0000-00-00 00:00:00','Conserver le fil conducteur','','to keep the common thread',0,1,'C',1,27,1,'conserver-le-fil-conducteur',25,1,NULL),(1720,'2018-01-09 06:55:16','0000-00-00 00:00:00','Constituer une équipe et la former','','to organize and train a team',0,1,'C',1,35,1,'constituer-une-quipe-et-la-former',28,1,NULL),(1721,'2018-01-09 06:55:16','0000-00-00 00:00:00','Converger ensemble vers un même objectif','','to be aligned towards a common goal',0,1,'C',1,41,1,'converger-ensemble-vers-un-mme-objectif',35,1,NULL),(1722,'2018-01-09 06:55:16','0000-00-00 00:00:00','Créer une atmosphère où','','to foster an atmosphere where',0,1,'C',1,26,1,'crer-une-atmosphre-o',29,1,NULL),(1723,'2018-01-09 06:55:16','0000-00-00 00:00:00','Déléguer la responsabilité','','to delegate responsibility',0,1,'D',1,29,1,'dlguer-la-responsabilit',26,1,NULL),(1724,'2018-01-09 06:55:16','0000-00-00 00:00:00','Demander une promotion','','to apply for promotion',0,1,'D',1,22,1,'demander-une-promotion',22,1,NULL),(1725,'2018-01-09 06:55:16','0000-00-00 00:00:00','Développer des solutions','','to develop solutions',0,1,'D',1,25,1,'dvelopper-des-solutions',20,1,NULL),(1726,'2018-01-09 06:55:16','0000-00-00 00:00:00','Diriger et animer une équipe','','to manage and lead a team',0,1,'D',1,29,1,'diriger-et-animer-une-quipe',25,1,NULL),(1727,'2018-01-09 06:55:16','0000-00-00 00:00:00','Discussion ouverte et échange de points de vue','','open discussion and exchange of views',0,1,'D',1,47,2,'discussion-ouverte-et-change-de-points-de-vue',37,1,NULL),(1728,'2018-01-09 06:55:16','0000-00-00 00:00:00','Données non fiables','','unreliable data',0,1,'D',1,20,1,'donnes-non-fiables',15,1,NULL),(1729,'2018-01-09 06:55:16','0000-00-00 00:00:00','Donner un aperçu de la situation','','to give an overview of the situation',0,1,'D',1,33,1,'donner-un-aperu-de-la-situation',36,1,NULL),(1730,'2018-01-09 06:55:16','0000-00-00 00:00:00','Dresser l\'ordre du jour','','to draw up an agenda',0,1,'D',1,23,1,'dresser-lordre-du-jour',20,1,NULL),(1731,'2018-01-09 06:55:16','0000-00-00 00:00:00','Efficace et productif dans','','efficient and productive in',0,1,'E',1,26,1,'efficace-et-productif-dans',27,1,NULL),(1732,'2018-01-09 06:55:16','0000-00-00 00:00:00','Encourager un responsable à','','to encourage a manager to',0,1,'E',1,28,1,'encourager-un-responsable-',25,1,NULL),(1733,'2018-01-09 06:55:16','0000-00-00 00:00:00','Ensemble de valeurs communes','','common set of values',0,1,'E',1,28,1,'ensemble-de-valeurs-communes',20,1,NULL),(1734,'2018-01-09 06:55:16','0000-00-00 00:00:00','Entraver le progrès','','to hamper progress',0,1,'E',1,20,1,'entraver-le-progrs',18,1,NULL),(1735,'2018-01-09 06:55:16','0000-00-00 00:00:00','Etablissement de budgets en fonction des résultats/du rendement','établissement de budgets en fonction des résultats/du rendement','performance-based budgeting',0,1,'P',1,64,2,'tablissement-de-budgets-en-fonction-des-rsultatsdu-rendement',27,1,NULL),(1736,'2018-01-09 06:55:16','0000-00-00 00:00:00','tes-vous toujours satisfait de ce que vous obtenez?','Êtes-vous toujours satisfait de ce que vous obtenez?','Are you always satisfied with what you get?',0,1,'E',1,51,2,'tes-vous-toujours-satisfait-de-ce-que-vous-obtenez',43,1,NULL),(1737,'2018-01-09 06:55:16','0000-00-00 00:00:00','Etre divisé en','être divisé en','to be split into',0,1,'E',1,15,1,'tre-divis-en',16,1,NULL),(1738,'2018-01-09 06:55:16','0000-00-00 00:00:00','Etre une personne accessible','être une personne accessible','to be an accessible person',0,1,'E',1,28,1,'tre-une-personne-accessible',26,1,NULL),(1739,'2018-01-09 06:55:16','0000-00-00 00:00:00','Eviter de recommencer le travail et le gâchis','éviter de recommencer le travail et le gâchis','to avoid rework and waste',0,1,'E',1,46,2,'viter-de-recommencer-le-travail-et-le-gchis',25,1,NULL),(1740,'2018-01-09 06:55:16','0000-00-00 00:00:00','Examiner et évaluer un rapport','','to review and evaluate a report',0,1,'E',1,31,1,'examiner-et-valuer-un-rapport',31,1,NULL),(1741,'2018-01-09 06:55:16','0000-00-00 00:00:00','Faire circuler l\'ordre du jour','','to circulate the agenda',0,1,'F',1,30,1,'faire-circuler-lordre-du-jour',23,1,NULL),(1742,'2018-01-09 06:55:16','0000-00-00 00:00:00','Faire disparaître les facteurs démotivants','','to eliminate demotivators',0,1,'F',1,44,1,'faire-disparatre-les-facteurs-dmotivants',25,1,NULL),(1743,'2018-01-09 06:55:16','0000-00-00 00:00:00','Faire tourner les tâches entre les membres','','to rotate the tasks among the members',0,1,'F',1,43,1,'faire-tourner-les-tches-entre-les-membres',37,1,NULL),(1744,'2018-01-09 06:55:16','0000-00-00 00:00:00','Faire un point régulièrement avec ses collaborateurs','','to regularly take stock of the situation with his/her colleagues/employees',0,1,'F',1,54,2,'faire-un-point-rgulirement-avec-ses-collaborateurs',74,2,NULL),(1745,'2018-01-09 06:55:16','0000-00-00 00:00:00','Faire un travail négligé','','to do a lousy job',0,1,'F',1,26,1,'faire-un-travail-nglig',17,1,NULL),(1746,'2018-01-09 06:55:16','0000-00-00 00:00:00','Faire une édition finale','','to make a final edit',0,1,'F',1,25,1,'faire-une-dition-finale',20,1,NULL),(1747,'2018-01-09 06:55:16','0000-00-00 00:00:00','Favoriser la motivation','','to stimulate motivation',0,1,'F',1,23,1,'favoriser-la-motivation',23,1,NULL),(1748,'2018-01-09 06:55:16','0000-00-00 00:00:00','Féliciter et corriger','','to praise and correct',0,1,'F',1,22,1,'fliciter-et-corriger',21,1,NULL),(1749,'2018-01-09 06:55:16','0000-00-00 00:00:00','Fixer un objectif','','to set a goal',0,1,'F',1,17,1,'fixer-un-objectif',13,1,NULL),(1750,'2018-01-09 06:55:16','0000-00-00 00:00:00','Flot d\'idées','','stream of ideas',0,1,'F',1,13,1,'flot-dides',15,1,NULL),(1751,'2018-01-09 06:55:16','0000-00-00 00:00:00','Formuler le problème en tant que tel','','to formulate the real problem',0,1,'F',1,37,1,'formuler-le-problme-en-tant-que-tel',29,1,NULL),(1752,'2018-01-09 06:55:16','0000-00-00 00:00:00','Gérer les conflits pour éviter l\'affrontement','','to manage conflicts to avoid confrontation',0,1,'G',1,47,2,'grer-les-conflits-pour-viter-laffrontement',42,1,NULL),(1753,'2018-01-09 06:55:16','0000-00-00 00:00:00','Gestion du risque','','risk management',0,1,'G',1,17,1,'gestion-du-risque',15,1,NULL),(1754,'2018-01-09 06:55:16','0000-00-00 00:00:00','Impliquer les gens','','to involve people',0,1,'I',1,18,1,'impliquer-les-gens',17,1,NULL),(1755,'2018-01-09 06:55:16','0000-00-00 00:00:00','Insérer des diagrammes et des chiffres','','to insert diagrams and figures',0,1,'I',1,39,1,'insrer-des-diagrammes-et-des-chiffres',30,1,NULL),(1756,'2018-01-09 06:55:16','0000-00-00 00:00:00','Les objectifs, prévisions et politiques de xxx','','xxx\'s objectives, forecasts and policies',0,1,'L',1,47,2,'les-objectifs-prvisions-et-politiques-de-xxx',40,1,NULL),(1757,'2018-01-09 06:55:16','0000-00-00 00:00:00','Management intelligent','','smart management',0,1,'M',1,22,1,'management-intelligent',16,1,NULL),(1758,'2018-01-09 06:55:16','0000-00-00 00:00:00','Management par objectifs (mpo)','','management by objectives',0,1,'M',1,30,1,'management-par-objectifs-MPO',24,1,NULL),(1759,'2018-01-09 06:55:16','0000-00-00 00:00:00','Management participatif','','participative/participatory management',0,1,'M',1,23,1,'management-participatif',38,1,NULL),(1760,'2018-01-09 06:55:16','0000-00-00 00:00:00','Management paternaliste','','paternalistic management',0,1,'M',1,23,1,'management-paternaliste',24,1,NULL),(1761,'2018-01-09 06:55:16','0000-00-00 00:00:00','Manageur/manager de transition','','interim manager / transitional manager',0,1,'M',1,30,1,'manageurmanager-de-transition',38,1,NULL),(1762,'2018-01-09 06:55:16','0000-00-00 00:00:00','Mesurer et stocker','','to measure and record',0,1,'M',1,18,1,'mesurer-et-stocker',21,1,NULL),(1763,'2018-01-09 06:55:16','0000-00-00 00:00:00','Méthode basée sur un fait','','fact-based method',0,1,'M',1,27,1,'mthode-base-sur-un-fait',17,1,NULL),(1764,'2018-01-09 06:55:16','0000-00-00 00:00:00','Méthode pour résoudre un problème','','problem-solving method',0,1,'M',1,36,1,'mthode-pour-rsoudre-un-problme',22,1,NULL),(1765,'2018-01-09 06:55:16','0000-00-00 00:00:00','Mettre à jour un document','','to update a document',0,1,'M',1,26,1,'mettre--jour-un-document',20,1,NULL),(1766,'2018-01-09 06:55:16','0000-00-00 00:00:00','Mettre la qualité en priorité à l\'ordre du jour','','to have quality high on the agenda',0,1,'M',1,50,2,'mettre-la-qualit-en-priorit--lordre-du-jour',34,1,NULL),(1767,'2018-01-09 06:55:16','0000-00-00 00:00:00','Ne pas avoir l\'autorité nécessaire','','to lack the necessary authority',0,1,'M',1,36,1,'ne-pas-avoir-lautorit-ncessaire',31,1,NULL),(1768,'2018-01-09 06:55:16','0000-00-00 00:00:00','Ne pas s\'éloigner du but','','to stick to one\'s goal',0,1,'N',1,25,1,'ne-pas-sloigner-du-but',22,1,NULL),(1769,'2018-01-09 06:55:16','0000-00-00 00:00:00','Parvenir à une décision','','to reach a decision',0,1,'P',1,25,1,'parvenir--une-dcision',19,1,NULL),(1770,'2018-01-09 06:55:16','0000-00-00 00:00:00','Peaufiner le texte','','to polish the text',0,1,'P',1,18,1,'peaufiner-le-texte',18,1,NULL),(1771,'2018-01-09 06:55:16','0000-00-00 00:00:00','Philosophie de la gestion de projet','','project management philosophy',0,1,'P',1,35,1,'philosophie-de-la-gestion-de-projet',29,1,NULL),(1772,'2018-01-09 06:55:16','0000-00-00 00:00:00','Plan d\'amélioration','','improvement plan',0,1,'P',1,20,1,'plan-damlioration',16,1,NULL),(1773,'2018-01-09 06:55:16','0000-00-00 00:00:00','Politesse essentielle','','basic politeness',0,1,'P',1,21,1,'politesse-essentielle',16,1,NULL),(1774,'2018-01-09 06:55:16','0000-00-00 00:00:00','Prendre une décision','','to make a decision',0,1,'P',1,21,1,'prendre-une-dcision',18,1,NULL),(1775,'2018-01-09 06:55:16','2018-01-09 08:59:52','Processus d\'amélioration continue','','continuous improvement process',0,1,'P',1,34,1,'processus-damlioration-continue',30,1,NULL),(1776,'2018-01-09 06:55:16','0000-00-00 00:00:00','Processus d\'étude amélioré','','enhanced survey process',0,1,'P',1,29,1,'processus-dtude-amlior',23,1,NULL),(1777,'2018-01-09 06:55:16','0000-00-00 00:00:00','Réagir à un mauvais comportement au travail','','to react to a bad work behaviour',0,1,'R',1,45,2,'ragir--un-mauvais-comportement-au-travail',32,1,NULL),(1778,'2018-01-09 06:55:16','0000-00-00 00:00:00','Recadrer un collègue','','to pull a colleague back into line',0,1,'R',1,21,1,'recadrer-un-collgue',34,1,NULL),